{"id":26059,"date":"2024-01-26T12:47:36","date_gmt":"2024-01-26T17:47:36","guid":{"rendered":""},"modified":"2025-01-14T13:59:42","modified_gmt":"2025-01-14T18:59:42","slug":"tp-link-camara-ip-tapo-c100-full-hd-vis-noct","status":"publish","type":"product","link":"https:\/\/comerciallin.com\/index.php\/producto\/tp-link-camara-ip-tapo-c100-full-hd-vis-noct\/","title":{"rendered":"TP-LINK CAMARA IP TAPO C100 FULL HD VIS-+NOCT"},"content":{"rendered":"<p data-sourcepos=\"16:1-16:259\">La c&aacute;mara de seguridad TP-Link Tapo C100 1080p es una excelente opci&oacute;n para quienes buscan una c&aacute;mara de seguridad asequible y f&aacute;cil de usar. Esta c&aacute;mara ofrece video de alta definici&oacute;n de 1080p, visi&oacute;n nocturna, detecci&oacute;n de movimiento y notificaciones push.<\/p>\n<p data-sourcepos=\"18:1-18:262\">La c&aacute;mara TP-Link Tapo C100 1080p tiene una resoluci&oacute;n de 1920 x 1080 p&iacute;xeles, lo que proporciona im&aacute;genes n&iacute;tidas y detalladas. Tambi&eacute;n tiene una visi&oacute;n nocturna de hasta 30 pies, lo que le permite ver lo que est&aacute; sucediendo en su hogar incluso en la oscuridad.<\/p>\n<p data-sourcepos=\"20:1-20:261\">La c&aacute;mara TP-Link Tapo C100 1080p tiene detecci&oacute;n de movimiento integrada que le env&iacute;a notificaciones push a su tel&eacute;fono inteligente cuando se detecta movimiento. Esto le permite estar al tanto de lo que est&aacute; sucediendo en su hogar, incluso cuando no est&aacute; all&iacute;.<\/p>\n<p data-sourcepos=\"22:1-22:180\">La c&aacute;mara TP-Link Tapo C100 1080p es f&aacute;cil de configurar y usar. Se puede conectar a su red Wi-Fi dom&eacute;stica en minutos y se puede controlar desde su tel&eacute;fono inteligente o tableta.<\/p>\n<p data-sourcepos=\"24:1-24:166\">Si est&aacute; buscando una c&aacute;mara de seguridad asequible y f&aacute;cil de usar que le brinde tranquilidad, la c&aacute;mara de seguridad TP-Link Tapo C100 1080p es una excelente opci&oacute;n.<\/p>\n<p data-sourcepos=\"26:1-26:20\"><strong>Caracter&iacute;sticas:<\/strong><\/p>\n<ul data-sourcepos=\"28:1-32:0\">\n<li data-sourcepos=\"28:1-28:35\">Video de alta definici&oacute;n de 1080p<\/li>\n<li data-sourcepos=\"29:1-29:34\">Visi&oacute;n nocturna de hasta 30 pies<\/li>\n<li data-sourcepos=\"30:1-30:49\">Detecci&oacute;n de movimiento con notificaciones push<\/li>\n<li data-sourcepos=\"31:1-32:0\">F&aacute;cil de configurar y usar<\/li>\n<\/ul>\n<p data-sourcepos=\"33:1-33:13\"><strong>Ventajas:<\/strong><\/p>\n<ul data-sourcepos=\"35:1-41:0\">\n<li data-sourcepos=\"35:1-35:11\">Asequible<\/li>\n<li data-sourcepos=\"36:1-36:15\">F&aacute;cil de usar<\/li>\n<li data-sourcepos=\"37:1-37:26\">Video de alta definici&oacute;n<\/li>\n<li data-sourcepos=\"38:1-38:17\">Visi&oacute;n nocturna<\/li>\n<li data-sourcepos=\"39:1-39:25\">Detecci&oacute;n de movimiento<\/li>\n<li data-sourcepos=\"40:1-41:0\">Notificaciones push<\/li>\n<\/ul>\n<p data-sourcepos=\"42:1-42:16\"><strong>Desventajas:<\/strong><\/p>\n<ul data-sourcepos=\"44:1-44:48\">\n<li data-sourcepos=\"44:1-44:48\">No tiene almacenamiento en la nube incorporado<\/li>\n<\/ul>\n","protected":false},"excerpt":{"rendered":"<p data-sourcepos=\"8:1-8:259\">La c&aacute;mara de seguridad TP-Link Tapo C100 1080p es una excelente opci&oacute;n para quienes buscan una c&aacute;mara de seguridad asequible y f&aacute;cil de usar. Esta c&aacute;mara ofrece video de alta definici&oacute;n de 1080p, visi&oacute;n nocturna, detecci&oacute;n de movimiento y notificaciones push.<\/p>\n","protected":false},"featured_media":26060,"comment_status":"open","ping_status":"closed","template":"","meta":{"spay_email":""},"product_cat":[799],"product_tag":[],"supplier_id":null,"supplier_sku":"","barcode":null,"atum_controlled":true,"out_stock_date":null,"out_stock_threshold":null,"inheritable":false,"inbound_stock":null,"stock_on_hold":0,"sold_today":0,"sales_last_days":0,"reserved_stock":null,"customer_returns":null,"warehouse_damage":null,"lost_in_post":null,"other_logs":null,"out_stock_days":0,"lost_sales":0,"has_location":null,"update_date":"2026-05-01T00:12:27","atum_locations":[],"atum_stock_status":"instock","restock_status":false,"low_stock_amount":"","sales_update_date":"2026-05-01T00:12:27","calc_backorders":null,"acf":[],"yoast_head":"<!-- This site is optimized with the Yoast SEO Premium plugin v17.4 (Yoast SEO v17.4) - https:\/\/yoast.com\/wordpress\/plugins\/seo\/ -->\n<title>TP-LINK CAMARA IP TAPO C100 FULL HD VIS-+NOCT - tienda de electr\u00f3nica y computaci\u00f3n<\/title>\n<meta name=\"robots\" content=\"index, follow, max-snippet:-1, max-image-preview:large, max-video-preview:-1\" \/>\n<link rel=\"canonical\" href=\"https:\/\/comerciallin.com\/index.php\/producto\/tp-link-camara-ip-tapo-c100-full-hd-vis-noct\/\" \/>\n<meta property=\"og:locale\" content=\"es_ES\" \/>\n<meta property=\"og:type\" content=\"article\" \/>\n<meta property=\"og:title\" content=\"TP-LINK CAMARA IP TAPO C100 FULL HD VIS-+NOCT\" \/>\n<meta property=\"og:description\" content=\"La c&aacute;mara de seguridad TP-Link Tapo C100 1080p es una excelente opci&oacute;n para quienes buscan una c&aacute;mara de seguridad asequible y f&aacute;cil de usar. Esta c&aacute;mara ofrece video de alta definici&oacute;n de 1080p, visi&oacute;n nocturna, detecci&oacute;n de movimiento y notificaciones push.\" \/>\n<meta property=\"og:url\" content=\"https:\/\/comerciallin.com\/index.php\/producto\/tp-link-camara-ip-tapo-c100-full-hd-vis-noct\/\" \/>\n<meta property=\"og:site_name\" content=\"tienda de electr\u00f3nica y computaci\u00f3n\" \/>\n<meta property=\"article:modified_time\" content=\"2025-01-14T18:59:42+00:00\" \/>\n<meta property=\"og:image\" content=\"https:\/\/comerciallin.com\/wp-content\/uploads\/2024\/01\/405403010114-1.jpg\" \/>\n\t<meta property=\"og:image:width\" content=\"1080\" \/>\n\t<meta property=\"og:image:height\" content=\"1080\" \/>\n<meta name=\"twitter:card\" content=\"summary_large_image\" \/>\n<meta name=\"twitter:label1\" content=\"Precio\" \/>\n\t<meta name=\"twitter:data1\" content=\"&#36;31,05\" \/>\n\t<meta name=\"twitter:label2\" content=\"Availability\" \/>\n\t<meta name=\"twitter:data2\" content=\"In stock\" \/>\n<script type=\"application\/ld+json\" class=\"yoast-schema-graph\">{\"@context\":\"https:\/\/schema.org\",\"@graph\":[{\"@type\":\"WebSite\",\"@id\":\"https:\/\/comerciallin.com\/#website\",\"url\":\"https:\/\/comerciallin.com\/\",\"name\":\"tienda de electr\\u00f3nica y computaci\\u00f3n\",\"description\":\"Importadora de Electr\\u00f3nica y Computaci\\u00f3n\",\"potentialAction\":[{\"@type\":\"SearchAction\",\"target\":{\"@type\":\"EntryPoint\",\"urlTemplate\":\"https:\/\/comerciallin.com\/?s={search_term_string}\"},\"query-input\":\"required name=search_term_string\"}],\"inLanguage\":\"es\"},{\"@type\":\"ImageObject\",\"@id\":\"https:\/\/comerciallin.com\/index.php\/producto\/tp-link-camara-ip-tapo-c100-full-hd-vis-noct\/#primaryimage\",\"inLanguage\":\"es\",\"url\":\"https:\/\/i0.wp.com\/comerciallin.com\/wp-content\/uploads\/2024\/01\/405403010114-1.jpg?fit=1080%2C1080&ssl=1\",\"contentUrl\":\"https:\/\/i0.wp.com\/comerciallin.com\/wp-content\/uploads\/2024\/01\/405403010114-1.jpg?fit=1080%2C1080&ssl=1\",\"width\":1080,\"height\":1080,\"caption\":\"TP-LINK CAMARA IP TAPO C100 FULL HD VIS-+NOCT\"},{\"@type\":\"WebPage\",\"@id\":\"https:\/\/comerciallin.com\/index.php\/producto\/tp-link-camara-ip-tapo-c100-full-hd-vis-noct\/#webpage\",\"url\":\"https:\/\/comerciallin.com\/index.php\/producto\/tp-link-camara-ip-tapo-c100-full-hd-vis-noct\/\",\"name\":\"TP-LINK CAMARA IP TAPO C100 FULL HD VIS-+NOCT - tienda de electr\\u00f3nica y computaci\\u00f3n\",\"isPartOf\":{\"@id\":\"https:\/\/comerciallin.com\/#website\"},\"primaryImageOfPage\":{\"@id\":\"https:\/\/comerciallin.com\/index.php\/producto\/tp-link-camara-ip-tapo-c100-full-hd-vis-noct\/#primaryimage\"},\"datePublished\":\"2024-01-26T17:47:36+00:00\",\"dateModified\":\"2025-01-14T18:59:42+00:00\",\"breadcrumb\":{\"@id\":\"https:\/\/comerciallin.com\/index.php\/producto\/tp-link-camara-ip-tapo-c100-full-hd-vis-noct\/#breadcrumb\"},\"inLanguage\":\"es\",\"potentialAction\":[{\"@type\":\"ReadAction\",\"target\":[\"https:\/\/comerciallin.com\/index.php\/producto\/tp-link-camara-ip-tapo-c100-full-hd-vis-noct\/\"]}]},{\"@type\":\"BreadcrumbList\",\"@id\":\"https:\/\/comerciallin.com\/index.php\/producto\/tp-link-camara-ip-tapo-c100-full-hd-vis-noct\/#breadcrumb\",\"itemListElement\":[{\"@type\":\"ListItem\",\"position\":1,\"name\":\"Inicio\",\"item\":\"https:\/\/comerciallin.com\/\"},{\"@type\":\"ListItem\",\"position\":2,\"name\":\"Shop\",\"item\":\"https:\/\/comerciallin.com\/?page_id=3853\"},{\"@type\":\"ListItem\",\"position\":3,\"name\":\"TP-LINK CAMARA IP TAPO C100 FULL HD VIS-+NOCT\"}]}]}<\/script>\n<meta property=\"product:price:amount\" content=\"31.05\" \/>\n<meta property=\"product:price:currency\" content=\"USD\" \/>\n<meta property=\"og:availability\" content=\"instock\" \/>\n<meta property=\"product:availability\" content=\"instock\" \/>\n<meta property=\"product:retailer_item_id\" content=\"405403010114\" \/>\n<meta property=\"product:condition\" content=\"new\" \/>\n<!-- \/ Yoast SEO Premium plugin. -->","yoast_head_json":{"title":"TP-LINK CAMARA IP TAPO C100 FULL HD VIS-+NOCT - tienda de electr\u00f3nica y computaci\u00f3n","robots":{"index":"index","follow":"follow","max-snippet":"max-snippet:-1","max-image-preview":"max-image-preview:large","max-video-preview":"max-video-preview:-1"},"canonical":"https:\/\/comerciallin.com\/index.php\/producto\/tp-link-camara-ip-tapo-c100-full-hd-vis-noct\/","og_locale":"es_ES","og_type":"article","og_title":"TP-LINK CAMARA IP TAPO C100 FULL HD VIS-+NOCT","og_description":"La c&aacute;mara de seguridad TP-Link Tapo C100 1080p es una excelente opci&oacute;n para quienes buscan una c&aacute;mara de seguridad asequible y f&aacute;cil de usar. Esta c&aacute;mara ofrece video de alta definici&oacute;n de 1080p, visi&oacute;n nocturna, detecci&oacute;n de movimiento y notificaciones push.","og_url":"https:\/\/comerciallin.com\/index.php\/producto\/tp-link-camara-ip-tapo-c100-full-hd-vis-noct\/","og_site_name":"tienda de electr\u00f3nica y computaci\u00f3n","article_modified_time":"2025-01-14T18:59:42+00:00","og_image":[{"width":1080,"height":1080,"url":"https:\/\/comerciallin.com\/wp-content\/uploads\/2024\/01\/405403010114-1.jpg","type":"image\/jpeg"}],"twitter_card":"summary_large_image","twitter_misc":{"Precio":"&#36;31,05","Availability":"In stock"},"schema":{"@context":"https:\/\/schema.org","@graph":[{"@type":"WebSite","@id":"https:\/\/comerciallin.com\/#website","url":"https:\/\/comerciallin.com\/","name":"tienda de electr\u00f3nica y computaci\u00f3n","description":"Importadora de Electr\u00f3nica y Computaci\u00f3n","potentialAction":[{"@type":"SearchAction","target":{"@type":"EntryPoint","urlTemplate":"https:\/\/comerciallin.com\/?s={search_term_string}"},"query-input":"required name=search_term_string"}],"inLanguage":"es"},{"@type":"ImageObject","@id":"https:\/\/comerciallin.com\/index.php\/producto\/tp-link-camara-ip-tapo-c100-full-hd-vis-noct\/#primaryimage","inLanguage":"es","url":"https:\/\/i0.wp.com\/comerciallin.com\/wp-content\/uploads\/2024\/01\/405403010114-1.jpg?fit=1080%2C1080&ssl=1","contentUrl":"https:\/\/i0.wp.com\/comerciallin.com\/wp-content\/uploads\/2024\/01\/405403010114-1.jpg?fit=1080%2C1080&ssl=1","width":1080,"height":1080,"caption":"TP-LINK CAMARA IP TAPO C100 FULL HD VIS-+NOCT"},{"@type":"WebPage","@id":"https:\/\/comerciallin.com\/index.php\/producto\/tp-link-camara-ip-tapo-c100-full-hd-vis-noct\/#webpage","url":"https:\/\/comerciallin.com\/index.php\/producto\/tp-link-camara-ip-tapo-c100-full-hd-vis-noct\/","name":"TP-LINK CAMARA IP TAPO C100 FULL HD VIS-+NOCT - tienda de electr\u00f3nica y computaci\u00f3n","isPartOf":{"@id":"https:\/\/comerciallin.com\/#website"},"primaryImageOfPage":{"@id":"https:\/\/comerciallin.com\/index.php\/producto\/tp-link-camara-ip-tapo-c100-full-hd-vis-noct\/#primaryimage"},"datePublished":"2024-01-26T17:47:36+00:00","dateModified":"2025-01-14T18:59:42+00:00","breadcrumb":{"@id":"https:\/\/comerciallin.com\/index.php\/producto\/tp-link-camara-ip-tapo-c100-full-hd-vis-noct\/#breadcrumb"},"inLanguage":"es","potentialAction":[{"@type":"ReadAction","target":["https:\/\/comerciallin.com\/index.php\/producto\/tp-link-camara-ip-tapo-c100-full-hd-vis-noct\/"]}]},{"@type":"BreadcrumbList","@id":"https:\/\/comerciallin.com\/index.php\/producto\/tp-link-camara-ip-tapo-c100-full-hd-vis-noct\/#breadcrumb","itemListElement":[{"@type":"ListItem","position":1,"name":"Inicio","item":"https:\/\/comerciallin.com\/"},{"@type":"ListItem","position":2,"name":"Shop","item":"https:\/\/comerciallin.com\/?page_id=3853"},{"@type":"ListItem","position":3,"name":"TP-LINK CAMARA IP TAPO C100 FULL HD VIS-+NOCT"}]}]},"product_price_amount":"31.05","product_price_currency":"USD","og_availability":"instock","product_availability":"instock","product_retailer_item_id":"405403010114","product_condition":"new"},"jetpack-related-posts":[{"id":25837,"url":"https:\/\/comerciallin.com\/index.php\/producto\/tp-link-switch-8puertos-ls1008g-10-100-mbps-2\/","url_meta":{"origin":26059,"position":0},"title":"TP-LINK SWITCH 8PUERTOS LS1008G 10\/100 MBPS","date":"17 de noviembre de 2023","format":false,"excerpt":"\u00a1El switch de red perfecto para tu hogar u oficina! El switch TP-Link LS1008 tiene un dise\u00f1o sencillo y compacto. Cuenta con 8 puertos 10\/100Mbps, lo que te permite conectar hasta 8 dispositivos a tu red. El switch es f\u00e1cil de instalar y configurar. Simplemente con\u00e9ctalo a tu router y\u2026","rel":"","context":"Entrada similar","img":{"alt_text":"","src":"","width":0,"height":0},"classes":[]},{"id":25573,"url":"https:\/\/comerciallin.com\/index.php\/producto\/extensor-de-rango-tp-link-tl-wa855re-n300e\/","url_meta":{"origin":26059,"position":1},"title":"EXTENSOR DE RANGO TP-LINK TL-WA855RE N300E","date":"6 de septiembre de 2023","format":false,"excerpt":"Extensor de rango WiFi de 300 Mbps Dos antenas externas para una mejor recepci\u00f3n F\u00e1cil de configurar y usar","rel":"","context":"Entrada similar","img":{"alt_text":"EXTENSOR DE RANGO TP-LINK TL-WA855RE N300E","src":"https:\/\/i0.wp.com\/comerciallin.com\/wp-content\/uploads\/2023\/11\/305403090801.jpg?fit=1200%2C1200&ssl=1&resize=350%2C200","width":350,"height":200},"classes":[]},{"id":19038,"url":"https:\/\/comerciallin.com\/index.php\/producto\/tp-link-router-archer-c64-ac120wifi5-gigabit\/","url_meta":{"origin":26059,"position":2},"title":"TP-LINK ROUTER ARCHER C64 AC120WIFI5\/GIGABIT","date":"7 de noviembre de 2022","format":false,"excerpt":"Wi-Fi 802.11ac Wave2 Cobertura WiFi mejorada MU-MIMO Beamforming Modo AP Conexi\u00f3n inteligente F\u00e1cil configuraci\u00f3n","rel":"","context":"Entrada similar","img":{"alt_text":"","src":"","width":0,"height":0},"classes":[]},{"id":19211,"url":"https:\/\/comerciallin.com\/index.php\/producto\/tp-link-router-archer-c6u-ac1200-4ant-mu-mimo\/","url_meta":{"origin":26059,"position":3},"title":"TP-LINK ROUTER ARCHER C6U AC1200 4ANT MU-MIMO","date":"7 de noviembre de 2022","format":false,"excerpt":"Wi-Fi de doble banda AC1200 Wi-Fi mejorada Wi-Fi para toda la casa M\u00e1s conexiones simult\u00e1neas Punto de acceso","rel":"","context":"Entrada similar","img":{"alt_text":"","src":"","width":0,"height":0},"classes":[]}],"jetpack_sharing_enabled":true,"jetpack_likes_enabled":true,"_links":{"self":[{"href":"https:\/\/comerciallin.com\/index.php\/wp-json\/wp\/v2\/product\/26059"}],"collection":[{"href":"https:\/\/comerciallin.com\/index.php\/wp-json\/wp\/v2\/product"}],"about":[{"href":"https:\/\/comerciallin.com\/index.php\/wp-json\/wp\/v2\/types\/product"}],"replies":[{"embeddable":true,"href":"https:\/\/comerciallin.com\/index.php\/wp-json\/wp\/v2\/comments?post=26059"}],"wp:featuredmedia":[{"embeddable":true,"href":"https:\/\/comerciallin.com\/index.php\/wp-json\/wp\/v2\/media\/26060"}],"wp:attachment":[{"href":"https:\/\/comerciallin.com\/index.php\/wp-json\/wp\/v2\/media?parent=26059"}],"wp:term":[{"taxonomy":"product_cat","embeddable":true,"href":"https:\/\/comerciallin.com\/index.php\/wp-json\/wp\/v2\/product_cat?post=26059"},{"taxonomy":"product_tag","embeddable":true,"href":"https:\/\/comerciallin.com\/index.php\/wp-json\/wp\/v2\/product_tag?post=26059"}],"curies":[{"name":"wp","href":"https:\/\/api.w.org\/{rel}","templated":true}]}}