{"id":26051,"date":"2024-01-26T12:47:33","date_gmt":"2024-01-26T17:47:33","guid":{"rendered":"https:\/\/comerciallin.com\/index.php\/producto\/mouse-genius-nx7009-azul-wireless\/"},"modified":"2025-12-26T11:47:04","modified_gmt":"2025-12-26T16:47:04","slug":"mouse-genius-nx7009-azul-wireless","status":"publish","type":"product","link":"https:\/\/comerciallin.com\/index.php\/producto\/mouse-genius-nx7009-azul-wireless\/","title":{"rendered":"MOUSE GENIUS NX7009 AZUL WIRELESS"},"content":{"rendered":"<p data-sourcepos=\"16:1-16:346\">El mouse Genius NX7009 Wireless es una excelente opci&oacute;n para quienes buscan un mouse inal&aacute;mbrico silencioso y preciso. Este mouse tiene un dise&ntilde;o ergon&oacute;mico que se adapta perfectamente a la mano, y cuenta con un sensor &oacute;ptico de alta precisi&oacute;n que proporciona un seguimiento suave y preciso. Adem&aacute;s, es silencioso gracias a su tecnolog&iacute;a BlueEye.<\/p>\n<p data-sourcepos=\"18:1-18:203\">El mouse Genius NX7009 Wireless tiene un dise&ntilde;o ergon&oacute;mico que se adapta perfectamente a la mano. Esto lo hace c&oacute;modo de usar durante largos per&iacute;odos de tiempo, incluso si tiene manos grandes o peque&ntilde;as.<\/p>\n<p data-sourcepos=\"20:1-20:211\">El mouse Genius NX7009 Wireless cuenta con un sensor &oacute;ptico de alta precisi&oacute;n que proporciona un seguimiento suave y preciso. Esto lo hace ideal para tareas que requieren precisi&oacute;n, como juegos o dise&ntilde;o gr&aacute;fico.<\/p>\n<p data-sourcepos=\"22:1-22:152\">El mouse Genius NX7009 Wireless es inal&aacute;mbrico, lo que le brinda libertad de movimiento. Puede usarlo en su escritorio, en su sof&aacute; o incluso en su cama.<\/p>\n<p data-sourcepos=\"24:1-24:199\">Adem&aacute;s, el mouse Genius NX7009 Wireless cuenta con la tecnolog&iacute;a BlueEye, que reduce el ruido del clic hasta un 90%. Esto lo hace ideal para usar en entornos silenciosos, como bibliotecas o oficinas.<\/p>\n<p data-sourcepos=\"26:1-26:116\">Si est&aacute; buscando un mouse inal&aacute;mbrico silencioso y preciso, el mouse Genius NX7009 Wireless es una excelente opci&oacute;n.<\/p>\n","protected":false},"excerpt":{"rendered":"<p><span>El mouse Genius NX7009 Wireless es una excelente opci&oacute;n para quienes buscan un mouse inal&aacute;mbrico silencioso y preciso. Este mouse tiene un dise&ntilde;o ergon&oacute;mico que se adapta perfectamente a la mano, y cuenta con un sensor &oacute;ptico de alta precisi&oacute;n que proporciona un seguimiento suave y preciso. Adem&aacute;s, es silencioso gracias a su tecnolog&iacute;a BlueEye.<\/span><\/p>\n","protected":false},"featured_media":26052,"comment_status":"open","ping_status":"closed","template":"","meta":{"spay_email":""},"product_cat":[789],"product_tag":[],"supplier_id":null,"supplier_sku":"","barcode":null,"atum_controlled":true,"out_stock_date":null,"out_stock_threshold":null,"inheritable":false,"inbound_stock":null,"stock_on_hold":0,"sold_today":0,"sales_last_days":0,"reserved_stock":null,"customer_returns":null,"warehouse_damage":null,"lost_in_post":null,"other_logs":null,"out_stock_days":0,"lost_sales":0,"has_location":null,"update_date":"2026-05-01T00:12:27","atum_locations":[],"atum_stock_status":"instock","restock_status":false,"low_stock_amount":"","sales_update_date":"2026-05-01T00:12:27","calc_backorders":null,"acf":[],"yoast_head":"<!-- This site is optimized with the Yoast SEO Premium plugin v17.4 (Yoast SEO v17.4) - https:\/\/yoast.com\/wordpress\/plugins\/seo\/ -->\n<title>MOUSE GENIUS NX7009 AZUL WIRELESS - tienda de electr\u00f3nica y computaci\u00f3n<\/title>\n<meta name=\"robots\" content=\"index, follow, max-snippet:-1, max-image-preview:large, max-video-preview:-1\" \/>\n<link rel=\"canonical\" href=\"https:\/\/comerciallin.com\/index.php\/producto\/mouse-genius-nx7009-azul-wireless\/\" \/>\n<meta property=\"og:locale\" content=\"es_ES\" \/>\n<meta property=\"og:type\" content=\"article\" \/>\n<meta property=\"og:title\" content=\"MOUSE GENIUS NX7009 AZUL WIRELESS\" \/>\n<meta property=\"og:description\" content=\"El mouse Genius NX7009 Wireless es una excelente opci&oacute;n para quienes buscan un mouse inal&aacute;mbrico silencioso y preciso. Este mouse tiene un dise&ntilde;o ergon&oacute;mico que se adapta perfectamente a la mano, y cuenta con un sensor &oacute;ptico de alta precisi&oacute;n que proporciona un seguimiento suave y preciso. Adem&aacute;s, es silencioso gracias a su tecnolog&iacute;a BlueEye.\" \/>\n<meta property=\"og:url\" content=\"https:\/\/comerciallin.com\/index.php\/producto\/mouse-genius-nx7009-azul-wireless\/\" \/>\n<meta property=\"og:site_name\" content=\"tienda de electr\u00f3nica y computaci\u00f3n\" \/>\n<meta property=\"article:modified_time\" content=\"2025-12-26T16:47:04+00:00\" \/>\n<meta property=\"og:image\" content=\"https:\/\/comerciallin.com\/wp-content\/uploads\/2024\/01\/405403010109-1.jpg\" \/>\n\t<meta property=\"og:image:width\" content=\"1080\" \/>\n\t<meta property=\"og:image:height\" content=\"1080\" \/>\n<meta name=\"twitter:card\" content=\"summary_large_image\" \/>\n<meta name=\"twitter:label1\" content=\"Precio\" \/>\n\t<meta name=\"twitter:data1\" content=\"&#36;10,35\" \/>\n\t<meta name=\"twitter:label2\" content=\"Availability\" \/>\n\t<meta name=\"twitter:data2\" content=\"In stock\" \/>\n<script type=\"application\/ld+json\" class=\"yoast-schema-graph\">{\"@context\":\"https:\/\/schema.org\",\"@graph\":[{\"@type\":\"WebSite\",\"@id\":\"https:\/\/comerciallin.com\/#website\",\"url\":\"https:\/\/comerciallin.com\/\",\"name\":\"tienda de electr\\u00f3nica y computaci\\u00f3n\",\"description\":\"Importadora de Electr\\u00f3nica y Computaci\\u00f3n\",\"potentialAction\":[{\"@type\":\"SearchAction\",\"target\":{\"@type\":\"EntryPoint\",\"urlTemplate\":\"https:\/\/comerciallin.com\/?s={search_term_string}\"},\"query-input\":\"required name=search_term_string\"}],\"inLanguage\":\"es\"},{\"@type\":\"ImageObject\",\"@id\":\"https:\/\/comerciallin.com\/index.php\/producto\/mouse-genius-nx7009-azul-wireless\/#primaryimage\",\"inLanguage\":\"es\",\"url\":\"https:\/\/i0.wp.com\/comerciallin.com\/wp-content\/uploads\/2024\/01\/405403010109-1.jpg?fit=1080%2C1080&ssl=1\",\"contentUrl\":\"https:\/\/i0.wp.com\/comerciallin.com\/wp-content\/uploads\/2024\/01\/405403010109-1.jpg?fit=1080%2C1080&ssl=1\",\"width\":1080,\"height\":1080,\"caption\":\"MOUSE GENIUS NX7009 AZUL WIRELESS\"},{\"@type\":\"WebPage\",\"@id\":\"https:\/\/comerciallin.com\/index.php\/producto\/mouse-genius-nx7009-azul-wireless\/#webpage\",\"url\":\"https:\/\/comerciallin.com\/index.php\/producto\/mouse-genius-nx7009-azul-wireless\/\",\"name\":\"MOUSE GENIUS NX7009 AZUL WIRELESS - tienda de electr\\u00f3nica y computaci\\u00f3n\",\"isPartOf\":{\"@id\":\"https:\/\/comerciallin.com\/#website\"},\"primaryImageOfPage\":{\"@id\":\"https:\/\/comerciallin.com\/index.php\/producto\/mouse-genius-nx7009-azul-wireless\/#primaryimage\"},\"datePublished\":\"2024-01-26T17:47:33+00:00\",\"dateModified\":\"2025-12-26T16:47:04+00:00\",\"breadcrumb\":{\"@id\":\"https:\/\/comerciallin.com\/index.php\/producto\/mouse-genius-nx7009-azul-wireless\/#breadcrumb\"},\"inLanguage\":\"es\",\"potentialAction\":[{\"@type\":\"ReadAction\",\"target\":[\"https:\/\/comerciallin.com\/index.php\/producto\/mouse-genius-nx7009-azul-wireless\/\"]}]},{\"@type\":\"BreadcrumbList\",\"@id\":\"https:\/\/comerciallin.com\/index.php\/producto\/mouse-genius-nx7009-azul-wireless\/#breadcrumb\",\"itemListElement\":[{\"@type\":\"ListItem\",\"position\":1,\"name\":\"Inicio\",\"item\":\"https:\/\/comerciallin.com\/\"},{\"@type\":\"ListItem\",\"position\":2,\"name\":\"Shop\",\"item\":\"https:\/\/comerciallin.com\/?page_id=3853\"},{\"@type\":\"ListItem\",\"position\":3,\"name\":\"MOUSE GENIUS NX7009 AZUL WIRELESS\"}]}]}<\/script>\n<meta property=\"product:price:amount\" content=\"10.35\" \/>\n<meta property=\"product:price:currency\" content=\"USD\" \/>\n<meta property=\"og:availability\" content=\"instock\" \/>\n<meta property=\"product:availability\" content=\"instock\" \/>\n<meta property=\"product:retailer_item_id\" content=\"405403010109\" \/>\n<meta property=\"product:condition\" content=\"new\" \/>\n<!-- \/ Yoast SEO Premium plugin. -->","yoast_head_json":{"title":"MOUSE GENIUS NX7009 AZUL WIRELESS - tienda de electr\u00f3nica y computaci\u00f3n","robots":{"index":"index","follow":"follow","max-snippet":"max-snippet:-1","max-image-preview":"max-image-preview:large","max-video-preview":"max-video-preview:-1"},"canonical":"https:\/\/comerciallin.com\/index.php\/producto\/mouse-genius-nx7009-azul-wireless\/","og_locale":"es_ES","og_type":"article","og_title":"MOUSE GENIUS NX7009 AZUL WIRELESS","og_description":"El mouse Genius NX7009 Wireless es una excelente opci&oacute;n para quienes buscan un mouse inal&aacute;mbrico silencioso y preciso. Este mouse tiene un dise&ntilde;o ergon&oacute;mico que se adapta perfectamente a la mano, y cuenta con un sensor &oacute;ptico de alta precisi&oacute;n que proporciona un seguimiento suave y preciso. Adem&aacute;s, es silencioso gracias a su tecnolog&iacute;a BlueEye.","og_url":"https:\/\/comerciallin.com\/index.php\/producto\/mouse-genius-nx7009-azul-wireless\/","og_site_name":"tienda de electr\u00f3nica y computaci\u00f3n","article_modified_time":"2025-12-26T16:47:04+00:00","og_image":[{"width":1080,"height":1080,"url":"https:\/\/comerciallin.com\/wp-content\/uploads\/2024\/01\/405403010109-1.jpg","type":"image\/jpeg"}],"twitter_card":"summary_large_image","twitter_misc":{"Precio":"&#36;10,35","Availability":"In stock"},"schema":{"@context":"https:\/\/schema.org","@graph":[{"@type":"WebSite","@id":"https:\/\/comerciallin.com\/#website","url":"https:\/\/comerciallin.com\/","name":"tienda de electr\u00f3nica y computaci\u00f3n","description":"Importadora de Electr\u00f3nica y Computaci\u00f3n","potentialAction":[{"@type":"SearchAction","target":{"@type":"EntryPoint","urlTemplate":"https:\/\/comerciallin.com\/?s={search_term_string}"},"query-input":"required name=search_term_string"}],"inLanguage":"es"},{"@type":"ImageObject","@id":"https:\/\/comerciallin.com\/index.php\/producto\/mouse-genius-nx7009-azul-wireless\/#primaryimage","inLanguage":"es","url":"https:\/\/i0.wp.com\/comerciallin.com\/wp-content\/uploads\/2024\/01\/405403010109-1.jpg?fit=1080%2C1080&ssl=1","contentUrl":"https:\/\/i0.wp.com\/comerciallin.com\/wp-content\/uploads\/2024\/01\/405403010109-1.jpg?fit=1080%2C1080&ssl=1","width":1080,"height":1080,"caption":"MOUSE GENIUS NX7009 AZUL WIRELESS"},{"@type":"WebPage","@id":"https:\/\/comerciallin.com\/index.php\/producto\/mouse-genius-nx7009-azul-wireless\/#webpage","url":"https:\/\/comerciallin.com\/index.php\/producto\/mouse-genius-nx7009-azul-wireless\/","name":"MOUSE GENIUS NX7009 AZUL WIRELESS - tienda de electr\u00f3nica y computaci\u00f3n","isPartOf":{"@id":"https:\/\/comerciallin.com\/#website"},"primaryImageOfPage":{"@id":"https:\/\/comerciallin.com\/index.php\/producto\/mouse-genius-nx7009-azul-wireless\/#primaryimage"},"datePublished":"2024-01-26T17:47:33+00:00","dateModified":"2025-12-26T16:47:04+00:00","breadcrumb":{"@id":"https:\/\/comerciallin.com\/index.php\/producto\/mouse-genius-nx7009-azul-wireless\/#breadcrumb"},"inLanguage":"es","potentialAction":[{"@type":"ReadAction","target":["https:\/\/comerciallin.com\/index.php\/producto\/mouse-genius-nx7009-azul-wireless\/"]}]},{"@type":"BreadcrumbList","@id":"https:\/\/comerciallin.com\/index.php\/producto\/mouse-genius-nx7009-azul-wireless\/#breadcrumb","itemListElement":[{"@type":"ListItem","position":1,"name":"Inicio","item":"https:\/\/comerciallin.com\/"},{"@type":"ListItem","position":2,"name":"Shop","item":"https:\/\/comerciallin.com\/?page_id=3853"},{"@type":"ListItem","position":3,"name":"MOUSE GENIUS NX7009 AZUL WIRELESS"}]}]},"product_price_amount":"10.35","product_price_currency":"USD","og_availability":"instock","product_availability":"instock","product_retailer_item_id":"405403010109","product_condition":"new"},"jetpack-related-posts":[{"id":25834,"url":"https:\/\/comerciallin.com\/index.php\/producto\/teclado-mouse-genius-km-200-combo-negro\/","url_meta":{"origin":26051,"position":0},"title":"TECLADO + MOUSE GENIUS KM-200 COMBO NEGRO","date":"17 de noviembre de 2023","format":false,"excerpt":"\u00a1El combo perfecto para tu PC o laptop! El teclado Genius KM-200 tiene un dise\u00f1o sencillo y c\u00f3modo. Cuenta con teclas de tama\u00f1o completo y un teclado num\u00e9rico para que puedas escribir y trabajar de manera eficiente. El mouse Genius KM-200 tiene un dise\u00f1o ergon\u00f3mico que se adapta a la\u2026","rel":"","context":"Entrada similar","img":{"alt_text":"","src":"","width":0,"height":0},"classes":[]},{"id":26033,"url":"https:\/\/comerciallin.com\/index.php\/producto\/combo-teclado-mouse-genius-km8101-negro-2\/","url_meta":{"origin":26051,"position":1},"title":"COMBO TECLADO &#8211; MOUSE GENIUS KM8101 NEGRO","date":"26 de enero de 2024","format":false,"excerpt":"El teclado y rat\u00f3n inal\u00e1mbricos Genius KM-8101 son una excelente opci\u00f3n para el uso diario. Son f\u00e1ciles de configurar y usar, y ofrecen un rendimiento s\u00f3lido. El teclado cuenta con teclas de tama\u00f1o completo y un dise\u00f1o ergon\u00f3mico, mientras que el rat\u00f3n tiene un dise\u00f1o ambidiestro y botones de clic\u2026","rel":"","context":"Entrada similar","img":{"alt_text":"COMBO TECLADO - MOUSE GENIUS KM8101 NEGRO","src":"https:\/\/i0.wp.com\/comerciallin.com\/wp-content\/uploads\/2024\/01\/405403010110-1.jpg?fit=1080%2C1080&ssl=1&resize=350%2C200","width":350,"height":200},"classes":[]},{"id":25835,"url":"https:\/\/comerciallin.com\/index.php\/producto\/mouse-genius-dx-110-black-usb-2\/","url_meta":{"origin":26051,"position":2},"title":"MOUSE GENIUS DX-110 BLACK USB","date":"17 de noviembre de 2023","format":false,"excerpt":"\u00a1El mouse perfecto para tu d\u00eda a d\u00eda! \u00bfBuscas un mouse que sea c\u00f3modo, preciso y asequible? \u00a1El mouse Genius DX-110 es la opci\u00f3n perfecta para ti! El mouse es ambidiestro, por lo que puede ser utilizado por personas diestras y zurdas. \u00a1P\u00eddelo hoy mismo y disfruta de una experiencia\u2026","rel":"","context":"Entrada similar","img":{"alt_text":"","src":"","width":0,"height":0},"classes":[]},{"id":25844,"url":"https:\/\/comerciallin.com\/index.php\/producto\/adaptador-5-en-1-hdtvesb3-0pd\/","url_meta":{"origin":26051,"position":3},"title":"ADAPTADOR 5 EN 1 HDTV+ESB3.0+PD","date":"17 de noviembre de 2023","format":false,"excerpt":"\u00a1Conecta todo lo que necesitas a tu dispositivo USB-C! \u00bfTu dispositivo USB-C no tiene suficientes puertos? \u00a1No te preocupes, tenemos la soluci\u00f3n! Nuestro concentrador USB-C es la opci\u00f3n perfecta para ti. Te permite conectar hasta cuatro dispositivos a tu dispositivo USB-C, incluyendo un monitor, un disco duro externo, un teclado\u2026","rel":"","context":"Entrada similar","img":{"alt_text":"","src":"","width":0,"height":0},"classes":[]}],"jetpack_sharing_enabled":true,"jetpack_likes_enabled":true,"_links":{"self":[{"href":"https:\/\/comerciallin.com\/index.php\/wp-json\/wp\/v2\/product\/26051"}],"collection":[{"href":"https:\/\/comerciallin.com\/index.php\/wp-json\/wp\/v2\/product"}],"about":[{"href":"https:\/\/comerciallin.com\/index.php\/wp-json\/wp\/v2\/types\/product"}],"replies":[{"embeddable":true,"href":"https:\/\/comerciallin.com\/index.php\/wp-json\/wp\/v2\/comments?post=26051"}],"wp:featuredmedia":[{"embeddable":true,"href":"https:\/\/comerciallin.com\/index.php\/wp-json\/wp\/v2\/media\/26052"}],"wp:attachment":[{"href":"https:\/\/comerciallin.com\/index.php\/wp-json\/wp\/v2\/media?parent=26051"}],"wp:term":[{"taxonomy":"product_cat","embeddable":true,"href":"https:\/\/comerciallin.com\/index.php\/wp-json\/wp\/v2\/product_cat?post=26051"},{"taxonomy":"product_tag","embeddable":true,"href":"https:\/\/comerciallin.com\/index.php\/wp-json\/wp\/v2\/product_tag?post=26051"}],"curies":[{"name":"wp","href":"https:\/\/api.w.org\/{rel}","templated":true}]}}