{"id":23930,"date":"2023-05-11T13:41:53","date_gmt":"2023-05-11T18:41:53","guid":{"rendered":"https:\/\/comerciallin.com\/index.php\/producto\/pedestal-caja-parlante-mini-rojo\/"},"modified":"2025-01-14T13:57:12","modified_gmt":"2025-01-14T18:57:12","slug":"pedestal-caja-parlante-mini-rojo","status":"publish","type":"product","link":"https:\/\/comerciallin.com\/index.php\/producto\/pedestal-caja-parlante-mini-rojo\/","title":{"rendered":"PEDESTAL CAJA PARLANTE MINI (ROJO)"},"content":{"rendered":"","protected":false},"excerpt":{"rendered":"","protected":false},"featured_media":25093,"comment_status":"open","ping_status":"closed","template":"","meta":{"spay_email":""},"product_cat":[753],"product_tag":[],"supplier_id":null,"supplier_sku":"","barcode":null,"atum_controlled":true,"out_stock_date":null,"out_stock_threshold":null,"inheritable":false,"inbound_stock":null,"stock_on_hold":0,"sold_today":0,"sales_last_days":0,"reserved_stock":null,"customer_returns":null,"warehouse_damage":null,"lost_in_post":null,"other_logs":null,"out_stock_days":0,"lost_sales":0,"has_location":null,"update_date":"2026-04-30T00:11:49","atum_locations":[],"atum_stock_status":"instock","restock_status":false,"low_stock_amount":"","sales_update_date":"2026-04-30T00:11:49","calc_backorders":null,"acf":[],"yoast_head":"<!-- This site is optimized with the Yoast SEO Premium plugin v17.4 (Yoast SEO v17.4) - https:\/\/yoast.com\/wordpress\/plugins\/seo\/ -->\n<title>PEDESTAL CAJA PARLANTE MINI (ROJO) - tienda de electr\u00f3nica y computaci\u00f3n<\/title>\n<meta name=\"robots\" content=\"index, follow, max-snippet:-1, max-image-preview:large, max-video-preview:-1\" \/>\n<link rel=\"canonical\" href=\"https:\/\/comerciallin.com\/index.php\/producto\/pedestal-caja-parlante-mini-rojo\/\" \/>\n<meta property=\"og:locale\" content=\"es_ES\" \/>\n<meta property=\"og:type\" content=\"article\" \/>\n<meta property=\"og:title\" content=\"PEDESTAL CAJA PARLANTE MINI (ROJO)\" \/>\n<meta property=\"og:url\" content=\"https:\/\/comerciallin.com\/index.php\/producto\/pedestal-caja-parlante-mini-rojo\/\" \/>\n<meta property=\"og:site_name\" content=\"tienda de electr\u00f3nica y computaci\u00f3n\" \/>\n<meta property=\"article:modified_time\" content=\"2025-01-14T18:57:12+00:00\" \/>\n<meta name=\"twitter:card\" content=\"summary_large_image\" \/>\n<meta name=\"twitter:image\" content=\"https:\/\/i0.wp.com\/comerciallin.com\/wp-content\/uploads\/2023\/08\/541010101201.jpg?fit=%2C&amp;ssl=1\" \/>\n<meta name=\"twitter:label1\" content=\"Precio\" \/>\n\t<meta name=\"twitter:data1\" content=\"&#36;11,50\" \/>\n\t<meta name=\"twitter:label2\" content=\"Availability\" \/>\n\t<meta name=\"twitter:data2\" content=\"In stock\" \/>\n<script type=\"application\/ld+json\" class=\"yoast-schema-graph\">{\"@context\":\"https:\/\/schema.org\",\"@graph\":[{\"@type\":\"WebSite\",\"@id\":\"https:\/\/comerciallin.com\/#website\",\"url\":\"https:\/\/comerciallin.com\/\",\"name\":\"tienda de electr\\u00f3nica y computaci\\u00f3n\",\"description\":\"Importadora de Electr\\u00f3nica y Computaci\\u00f3n\",\"potentialAction\":[{\"@type\":\"SearchAction\",\"target\":{\"@type\":\"EntryPoint\",\"urlTemplate\":\"https:\/\/comerciallin.com\/?s={search_term_string}\"},\"query-input\":\"required name=search_term_string\"}],\"inLanguage\":\"es\"},{\"@type\":\"ImageObject\",\"@id\":\"https:\/\/comerciallin.com\/index.php\/producto\/pedestal-caja-parlante-mini-rojo\/#primaryimage\",\"inLanguage\":\"es\",\"url\":\"https:\/\/i0.wp.com\/comerciallin.com\/wp-content\/uploads\/2023\/08\/541010101201.jpg?fit=%2C&ssl=1\",\"contentUrl\":\"https:\/\/i0.wp.com\/comerciallin.com\/wp-content\/uploads\/2023\/08\/541010101201.jpg?fit=%2C&ssl=1\",\"caption\":\"PEDESTAL CAJA PARLANTE MINI (ROJO)\"},{\"@type\":\"WebPage\",\"@id\":\"https:\/\/comerciallin.com\/index.php\/producto\/pedestal-caja-parlante-mini-rojo\/#webpage\",\"url\":\"https:\/\/comerciallin.com\/index.php\/producto\/pedestal-caja-parlante-mini-rojo\/\",\"name\":\"PEDESTAL CAJA PARLANTE MINI (ROJO) - tienda de electr\\u00f3nica y computaci\\u00f3n\",\"isPartOf\":{\"@id\":\"https:\/\/comerciallin.com\/#website\"},\"primaryImageOfPage\":{\"@id\":\"https:\/\/comerciallin.com\/index.php\/producto\/pedestal-caja-parlante-mini-rojo\/#primaryimage\"},\"datePublished\":\"2023-05-11T18:41:53+00:00\",\"dateModified\":\"2025-01-14T18:57:12+00:00\",\"breadcrumb\":{\"@id\":\"https:\/\/comerciallin.com\/index.php\/producto\/pedestal-caja-parlante-mini-rojo\/#breadcrumb\"},\"inLanguage\":\"es\",\"potentialAction\":[{\"@type\":\"ReadAction\",\"target\":[\"https:\/\/comerciallin.com\/index.php\/producto\/pedestal-caja-parlante-mini-rojo\/\"]}]},{\"@type\":\"BreadcrumbList\",\"@id\":\"https:\/\/comerciallin.com\/index.php\/producto\/pedestal-caja-parlante-mini-rojo\/#breadcrumb\",\"itemListElement\":[{\"@type\":\"ListItem\",\"position\":1,\"name\":\"Inicio\",\"item\":\"https:\/\/comerciallin.com\/\"},{\"@type\":\"ListItem\",\"position\":2,\"name\":\"Shop\",\"item\":\"https:\/\/comerciallin.com\/?page_id=3853\"},{\"@type\":\"ListItem\",\"position\":3,\"name\":\"PEDESTAL CAJA PARLANTE MINI (ROJO)\"}]}]}<\/script>\n<meta property=\"product:price:amount\" content=\"11.50\" \/>\n<meta property=\"product:price:currency\" content=\"USD\" \/>\n<meta property=\"og:availability\" content=\"instock\" \/>\n<meta property=\"product:availability\" content=\"instock\" \/>\n<meta property=\"product:retailer_item_id\" content=\"541010101201\" \/>\n<meta property=\"product:condition\" content=\"new\" \/>\n<!-- \/ Yoast SEO Premium plugin. -->","yoast_head_json":{"title":"PEDESTAL CAJA PARLANTE MINI (ROJO) - tienda de electr\u00f3nica y computaci\u00f3n","robots":{"index":"index","follow":"follow","max-snippet":"max-snippet:-1","max-image-preview":"max-image-preview:large","max-video-preview":"max-video-preview:-1"},"canonical":"https:\/\/comerciallin.com\/index.php\/producto\/pedestal-caja-parlante-mini-rojo\/","og_locale":"es_ES","og_type":"article","og_title":"PEDESTAL CAJA PARLANTE MINI (ROJO)","og_url":"https:\/\/comerciallin.com\/index.php\/producto\/pedestal-caja-parlante-mini-rojo\/","og_site_name":"tienda de electr\u00f3nica y computaci\u00f3n","article_modified_time":"2025-01-14T18:57:12+00:00","twitter_card":"summary_large_image","twitter_image":"https:\/\/i0.wp.com\/comerciallin.com\/wp-content\/uploads\/2023\/08\/541010101201.jpg?fit=%2C&ssl=1","twitter_misc":{"Precio":"&#36;11,50","Availability":"In stock"},"schema":{"@context":"https:\/\/schema.org","@graph":[{"@type":"WebSite","@id":"https:\/\/comerciallin.com\/#website","url":"https:\/\/comerciallin.com\/","name":"tienda de electr\u00f3nica y computaci\u00f3n","description":"Importadora de Electr\u00f3nica y Computaci\u00f3n","potentialAction":[{"@type":"SearchAction","target":{"@type":"EntryPoint","urlTemplate":"https:\/\/comerciallin.com\/?s={search_term_string}"},"query-input":"required name=search_term_string"}],"inLanguage":"es"},{"@type":"ImageObject","@id":"https:\/\/comerciallin.com\/index.php\/producto\/pedestal-caja-parlante-mini-rojo\/#primaryimage","inLanguage":"es","url":"https:\/\/i0.wp.com\/comerciallin.com\/wp-content\/uploads\/2023\/08\/541010101201.jpg?fit=%2C&ssl=1","contentUrl":"https:\/\/i0.wp.com\/comerciallin.com\/wp-content\/uploads\/2023\/08\/541010101201.jpg?fit=%2C&ssl=1","caption":"PEDESTAL CAJA PARLANTE MINI (ROJO)"},{"@type":"WebPage","@id":"https:\/\/comerciallin.com\/index.php\/producto\/pedestal-caja-parlante-mini-rojo\/#webpage","url":"https:\/\/comerciallin.com\/index.php\/producto\/pedestal-caja-parlante-mini-rojo\/","name":"PEDESTAL CAJA PARLANTE MINI (ROJO) - tienda de electr\u00f3nica y computaci\u00f3n","isPartOf":{"@id":"https:\/\/comerciallin.com\/#website"},"primaryImageOfPage":{"@id":"https:\/\/comerciallin.com\/index.php\/producto\/pedestal-caja-parlante-mini-rojo\/#primaryimage"},"datePublished":"2023-05-11T18:41:53+00:00","dateModified":"2025-01-14T18:57:12+00:00","breadcrumb":{"@id":"https:\/\/comerciallin.com\/index.php\/producto\/pedestal-caja-parlante-mini-rojo\/#breadcrumb"},"inLanguage":"es","potentialAction":[{"@type":"ReadAction","target":["https:\/\/comerciallin.com\/index.php\/producto\/pedestal-caja-parlante-mini-rojo\/"]}]},{"@type":"BreadcrumbList","@id":"https:\/\/comerciallin.com\/index.php\/producto\/pedestal-caja-parlante-mini-rojo\/#breadcrumb","itemListElement":[{"@type":"ListItem","position":1,"name":"Inicio","item":"https:\/\/comerciallin.com\/"},{"@type":"ListItem","position":2,"name":"Shop","item":"https:\/\/comerciallin.com\/?page_id=3853"},{"@type":"ListItem","position":3,"name":"PEDESTAL CAJA PARLANTE MINI (ROJO)"}]}]},"product_price_amount":"11.50","product_price_currency":"USD","og_availability":"instock","product_availability":"instock","product_retailer_item_id":"541010101201","product_condition":"new"},"jetpack-related-posts":[{"id":26124,"url":"https:\/\/comerciallin.com\/index.php\/producto\/pedestal-p-caja-sb-13816\/","url_meta":{"origin":23930,"position":0},"title":"PEDESTAL P. CAJA SB-13816","date":"29 de enero de 2024","format":false,"excerpt":"","rel":"","context":"Entrada similar","img":{"alt_text":"PEDESTAL P. CAJA SB-13816","src":"https:\/\/i0.wp.com\/comerciallin.com\/wp-content\/uploads\/2024\/01\/428001010102-1.jpg?fit=1080%2C1080&ssl=1&resize=350%2C200","width":350,"height":200},"classes":[]},{"id":26122,"url":"https:\/\/comerciallin.com\/index.php\/producto\/pedestal-p-caja-sb-18018\/","url_meta":{"origin":23930,"position":1},"title":"PEDESTAL P. CAJA SB-18018","date":"29 de enero de 2024","format":false,"excerpt":"","rel":"","context":"Entrada similar","img":{"alt_text":"PEDESTAL P. CAJA SB-18018","src":"https:\/\/i0.wp.com\/comerciallin.com\/wp-content\/uploads\/2024\/01\/428001010101-1.jpg?fit=1080%2C1080&ssl=1&resize=350%2C200","width":350,"height":200},"classes":[]},{"id":19715,"url":"https:\/\/comerciallin.com\/index.php\/producto\/parlante-mini-p-compu-q-8\/","url_meta":{"origin":23930,"position":2},"title":"PARLANTE MINI P. COMPU Q-8","date":"8 de noviembre de 2022","format":false,"excerpt":"Altavoz est\u00e1 disponible en varios colores para adaptarse a tus necesidades y darle un hogar colorido.","rel":"","context":"Entrada similar","img":{"alt_text":"PARLANTE MINI P. COMPU Q-8","src":"https:\/\/i0.wp.com\/comerciallin.com\/wp-content\/uploads\/2023\/02\/714030101003.jpg?fit=992%2C744&ssl=1&resize=350%2C200","width":350,"height":200},"classes":[]},{"id":19712,"url":"https:\/\/comerciallin.com\/index.php\/producto\/parlante-mini-p-compu-a-1\/","url_meta":{"origin":23930,"position":3},"title":"PARLANTE MINI P. COMPU A-1","date":"8 de noviembre de 2022","format":false,"excerpt":"Ezeey, 2 uds., A1, Mini altavoz de escritorio, Audio Multimedia, port\u00e1til, Subwoofer USB, altavoz est\u00e9reo compacto, conector de 3,5 MM","rel":"","context":"Entrada similar","img":{"alt_text":"PARLANTE MINI P. COMPU A-1","src":"https:\/\/i0.wp.com\/comerciallin.com\/wp-content\/uploads\/2023\/02\/714030101001.jpg?fit=992%2C744&ssl=1&resize=350%2C200","width":350,"height":200},"classes":[]},{"id":19663,"url":"https:\/\/comerciallin.com\/index.php\/producto\/parlante-mini-p-compu-t-11\/","url_meta":{"origin":23930,"position":4},"title":"PARLANTE MINI P. COMPU T-11","date":"7 de noviembre de 2022","format":false,"excerpt":"Dise\u00f1o Simple T11 USB 2.0 3.5mm Control de Volumen Mini Altavoz de Sonido Est\u00e9reo de Gran Subwoofer para PC, Laptops y otros dispositivos","rel":"","context":"Entrada similar","img":{"alt_text":"","src":"","width":0,"height":0},"classes":[]},{"id":23136,"url":"https:\/\/comerciallin.com\/index.php\/producto\/pedestal-p-piano-ku-220-sencillo\/","url_meta":{"origin":23930,"position":5},"title":"PEDESTAL P. PIANO KU-220 SENCILLO","date":"25 de abril de 2023","format":false,"excerpt":"","rel":"","context":"Entrada similar","img":{"alt_text":"","src":"","width":0,"height":0},"classes":[]}],"jetpack_sharing_enabled":true,"jetpack_likes_enabled":true,"_links":{"self":[{"href":"https:\/\/comerciallin.com\/index.php\/wp-json\/wp\/v2\/product\/23930"}],"collection":[{"href":"https:\/\/comerciallin.com\/index.php\/wp-json\/wp\/v2\/product"}],"about":[{"href":"https:\/\/comerciallin.com\/index.php\/wp-json\/wp\/v2\/types\/product"}],"replies":[{"embeddable":true,"href":"https:\/\/comerciallin.com\/index.php\/wp-json\/wp\/v2\/comments?post=23930"}],"wp:featuredmedia":[{"embeddable":true,"href":"https:\/\/comerciallin.com\/index.php\/wp-json\/wp\/v2\/media\/25093"}],"wp:attachment":[{"href":"https:\/\/comerciallin.com\/index.php\/wp-json\/wp\/v2\/media?parent=23930"}],"wp:term":[{"taxonomy":"product_cat","embeddable":true,"href":"https:\/\/comerciallin.com\/index.php\/wp-json\/wp\/v2\/product_cat?post=23930"},{"taxonomy":"product_tag","embeddable":true,"href":"https:\/\/comerciallin.com\/index.php\/wp-json\/wp\/v2\/product_tag?post=23930"}],"curies":[{"name":"wp","href":"https:\/\/api.w.org\/{rel}","templated":true}]}}

<!-- This site is optimized with the Yoast SEO Premium plugin v17.4 (Yoast SEO v17.4) - https://yoast.com/wordpress/plugins/seo/ -->
<title>PEDESTAL CAJA PARLANTE MINI (ROJO) - tienda de electrónica y computación</title>
<meta name="robots" content="index, follow, max-snippet:-1, max-image-preview:large, max-video-preview:-1" />
<link rel="canonical" href="https://comerciallin.com/index.php/producto/pedestal-caja-parlante-mini-rojo/" />
<meta property="og:locale" content="es_ES" />
<meta property="og:type" content="article" />
<meta property="og:title" content="PEDESTAL CAJA PARLANTE MINI (ROJO)" />
<meta property="og:url" content="https://comerciallin.com/index.php/producto/pedestal-caja-parlante-mini-rojo/" />
<meta property="og:site_name" content="tienda de electrónica y computación" />
<meta property="article:modified_time" content="2025-01-14T18:57:12+00:00" />
<meta name="twitter:card" content="summary_large_image" />
<meta name="twitter:image" content="https://i0.wp.com/comerciallin.com/wp-content/uploads/2023/08/541010101201.jpg?fit=%2C&amp;ssl=1" />
<meta name="twitter:label1" content="Precio" />
	<meta name="twitter:data1" content="&#36;11,50" />
	<meta name="twitter:label2" content="Availability" />
	<meta name="twitter:data2" content="In stock" />
<script type="application/ld+json" class="yoast-schema-graph">{"@context":"https://schema.org","@graph":[{"@type":"WebSite","@id":"https://comerciallin.com/#website","url":"https://comerciallin.com/","name":"tienda de electr\u00f3nica y computaci\u00f3n","description":"Importadora de Electr\u00f3nica y Computaci\u00f3n","potentialAction":[{"@type":"SearchAction","target":{"@type":"EntryPoint","urlTemplate":"https://comerciallin.com/?s={search_term_string}"},"query-input":"required name=search_term_string"}],"inLanguage":"es"},{"@type":"ImageObject","@id":"https://comerciallin.com/index.php/producto/pedestal-caja-parlante-mini-rojo/#primaryimage","inLanguage":"es","url":"https://i0.wp.com/comerciallin.com/wp-content/uploads/2023/08/541010101201.jpg?fit=%2C&ssl=1","contentUrl":"https://i0.wp.com/comerciallin.com/wp-content/uploads/2023/08/541010101201.jpg?fit=%2C&ssl=1","caption":"PEDESTAL CAJA PARLANTE MINI (ROJO)"},{"@type":"WebPage","@id":"https://comerciallin.com/index.php/producto/pedestal-caja-parlante-mini-rojo/#webpage","url":"https://comerciallin.com/index.php/producto/pedestal-caja-parlante-mini-rojo/","name":"PEDESTAL CAJA PARLANTE MINI (ROJO) - tienda de electr\u00f3nica y computaci\u00f3n","isPartOf":{"@id":"https://comerciallin.com/#website"},"primaryImageOfPage":{"@id":"https://comerciallin.com/index.php/producto/pedestal-caja-parlante-mini-rojo/#primaryimage"},"datePublished":"2023-05-11T18:41:53+00:00","dateModified":"2025-01-14T18:57:12+00:00","breadcrumb":{"@id":"https://comerciallin.com/index.php/producto/pedestal-caja-parlante-mini-rojo/#breadcrumb"},"inLanguage":"es","potentialAction":[{"@type":"ReadAction","target":["https://comerciallin.com/index.php/producto/pedestal-caja-parlante-mini-rojo/"]}]},{"@type":"BreadcrumbList","@id":"https://comerciallin.com/index.php/producto/pedestal-caja-parlante-mini-rojo/#breadcrumb","itemListElement":[{"@type":"ListItem","position":1,"name":"Inicio","item":"https://comerciallin.com/"},{"@type":"ListItem","position":2,"name":"Shop","item":"https://comerciallin.com/?page_id=3853"},{"@type":"ListItem","position":3,"name":"PEDESTAL CAJA PARLANTE MINI (ROJO)"}]}]}</script>
<meta property="product:price:amount" content="11.50" />
<meta property="product:price:currency" content="USD" />
<meta property="og:availability" content="instock" />
<meta property="product:availability" content="instock" />
<meta property="product:retailer_item_id" content="541010101201" />
<meta property="product:condition" content="new" />
<!-- / Yoast SEO Premium plugin. -->

PEDESTAL CAJA PARLANTE MINI (ROJO) - tienda de electrónica y computación

tienda de electrónica y computación

Importadora de Electrónica y Computación

Altavoz está disponible en varios colores para adaptarse a tus necesidades y darle un hogar colorido.

Ezeey, 2 uds., A1, Mini altavoz de escritorio, Audio Multimedia, portátil, Subwoofer USB, altavoz estéreo compacto, conector de 3,5 MM

Diseño Simple T11 USB 2.0 3.5mm Control de Volumen Mini Altavoz de Sonido Estéreo de Gran Subwoofer para PC, Laptops y otros dispositivos
