{"id":22794,"date":"2023-04-24T17:54:42","date_gmt":"2023-04-24T22:54:42","guid":{"rendered":"https:\/\/comerciallin.com\/index.php\/producto\/membrana-para-driver-100w-unitex-ut-150200-gr\/"},"modified":"2025-01-14T13:56:50","modified_gmt":"2025-01-14T18:56:50","slug":"membrana-para-driver-100w-unitex-ut-150200-gr","status":"publish","type":"product","link":"https:\/\/comerciallin.com\/index.php\/producto\/membrana-para-driver-100w-unitex-ut-150200-gr\/","title":{"rendered":"MEMBRANA PARA DRIVER 100W UNITEX UT-150200 GR"},"content":{"rendered":"","protected":false},"excerpt":{"rendered":"","protected":false},"featured_media":25023,"comment_status":"open","ping_status":"closed","template":"","meta":{"spay_email":""},"product_cat":[753],"product_tag":[],"supplier_id":null,"supplier_sku":"","barcode":null,"atum_controlled":true,"out_stock_date":null,"out_stock_threshold":null,"inheritable":false,"inbound_stock":null,"stock_on_hold":0,"sold_today":0,"sales_last_days":0,"reserved_stock":null,"customer_returns":null,"warehouse_damage":null,"lost_in_post":null,"other_logs":null,"out_stock_days":0,"lost_sales":0,"has_location":null,"update_date":"2026-05-01T00:12:11","atum_locations":[],"atum_stock_status":"instock","restock_status":false,"low_stock_amount":"","sales_update_date":"2026-05-01T00:12:11","calc_backorders":null,"acf":[],"yoast_head":"<!-- This site is optimized with the Yoast SEO Premium plugin v17.4 (Yoast SEO v17.4) - https:\/\/yoast.com\/wordpress\/plugins\/seo\/ -->\n<title>MEMBRANA PARA DRIVER 100W UNITEX UT-150200 GR - tienda de electr\u00f3nica y computaci\u00f3n<\/title>\n<meta name=\"robots\" content=\"index, follow, max-snippet:-1, max-image-preview:large, max-video-preview:-1\" \/>\n<link rel=\"canonical\" href=\"https:\/\/comerciallin.com\/index.php\/producto\/membrana-para-driver-100w-unitex-ut-150200-gr\/\" \/>\n<meta property=\"og:locale\" content=\"es_ES\" \/>\n<meta property=\"og:type\" content=\"article\" \/>\n<meta property=\"og:title\" content=\"MEMBRANA PARA DRIVER 100W UNITEX UT-150200 GR\" \/>\n<meta property=\"og:url\" content=\"https:\/\/comerciallin.com\/index.php\/producto\/membrana-para-driver-100w-unitex-ut-150200-gr\/\" \/>\n<meta property=\"og:site_name\" content=\"tienda de electr\u00f3nica y computaci\u00f3n\" \/>\n<meta property=\"article:modified_time\" content=\"2025-01-14T18:56:50+00:00\" \/>\n<meta name=\"twitter:card\" content=\"summary_large_image\" \/>\n<meta name=\"twitter:image\" content=\"https:\/\/i0.wp.com\/comerciallin.com\/wp-content\/uploads\/2023\/08\/277010180801.jpg?fit=%2C&amp;ssl=1\" \/>\n<meta name=\"twitter:label1\" content=\"Precio\" \/>\n\t<meta name=\"twitter:data1\" content=\"&#36;4,34\" \/>\n\t<meta name=\"twitter:label2\" content=\"Availability\" \/>\n\t<meta name=\"twitter:data2\" content=\"In stock\" \/>\n<script type=\"application\/ld+json\" class=\"yoast-schema-graph\">{\"@context\":\"https:\/\/schema.org\",\"@graph\":[{\"@type\":\"WebSite\",\"@id\":\"https:\/\/comerciallin.com\/#website\",\"url\":\"https:\/\/comerciallin.com\/\",\"name\":\"tienda de electr\\u00f3nica y computaci\\u00f3n\",\"description\":\"Importadora de Electr\\u00f3nica y Computaci\\u00f3n\",\"potentialAction\":[{\"@type\":\"SearchAction\",\"target\":{\"@type\":\"EntryPoint\",\"urlTemplate\":\"https:\/\/comerciallin.com\/?s={search_term_string}\"},\"query-input\":\"required name=search_term_string\"}],\"inLanguage\":\"es\"},{\"@type\":\"ImageObject\",\"@id\":\"https:\/\/comerciallin.com\/index.php\/producto\/membrana-para-driver-100w-unitex-ut-150200-gr\/#primaryimage\",\"inLanguage\":\"es\",\"url\":\"https:\/\/i0.wp.com\/comerciallin.com\/wp-content\/uploads\/2023\/08\/277010180801.jpg?fit=%2C&ssl=1\",\"contentUrl\":\"https:\/\/i0.wp.com\/comerciallin.com\/wp-content\/uploads\/2023\/08\/277010180801.jpg?fit=%2C&ssl=1\",\"caption\":\"MEMBRANA PARA DRIVER 100W UNITEX UT-150200 GR\"},{\"@type\":\"WebPage\",\"@id\":\"https:\/\/comerciallin.com\/index.php\/producto\/membrana-para-driver-100w-unitex-ut-150200-gr\/#webpage\",\"url\":\"https:\/\/comerciallin.com\/index.php\/producto\/membrana-para-driver-100w-unitex-ut-150200-gr\/\",\"name\":\"MEMBRANA PARA DRIVER 100W UNITEX UT-150200 GR - tienda de electr\\u00f3nica y computaci\\u00f3n\",\"isPartOf\":{\"@id\":\"https:\/\/comerciallin.com\/#website\"},\"primaryImageOfPage\":{\"@id\":\"https:\/\/comerciallin.com\/index.php\/producto\/membrana-para-driver-100w-unitex-ut-150200-gr\/#primaryimage\"},\"datePublished\":\"2023-04-24T22:54:42+00:00\",\"dateModified\":\"2025-01-14T18:56:50+00:00\",\"breadcrumb\":{\"@id\":\"https:\/\/comerciallin.com\/index.php\/producto\/membrana-para-driver-100w-unitex-ut-150200-gr\/#breadcrumb\"},\"inLanguage\":\"es\",\"potentialAction\":[{\"@type\":\"ReadAction\",\"target\":[\"https:\/\/comerciallin.com\/index.php\/producto\/membrana-para-driver-100w-unitex-ut-150200-gr\/\"]}]},{\"@type\":\"BreadcrumbList\",\"@id\":\"https:\/\/comerciallin.com\/index.php\/producto\/membrana-para-driver-100w-unitex-ut-150200-gr\/#breadcrumb\",\"itemListElement\":[{\"@type\":\"ListItem\",\"position\":1,\"name\":\"Inicio\",\"item\":\"https:\/\/comerciallin.com\/\"},{\"@type\":\"ListItem\",\"position\":2,\"name\":\"Shop\",\"item\":\"https:\/\/comerciallin.com\/?page_id=3853\"},{\"@type\":\"ListItem\",\"position\":3,\"name\":\"MEMBRANA PARA DRIVER 100W UNITEX UT-150200 GR\"}]}]}<\/script>\n<meta property=\"product:price:amount\" content=\"4.34\" \/>\n<meta property=\"product:price:currency\" content=\"USD\" \/>\n<meta property=\"og:availability\" content=\"instock\" \/>\n<meta property=\"product:availability\" content=\"instock\" \/>\n<meta property=\"product:retailer_item_id\" content=\"277010180801\" \/>\n<meta property=\"product:condition\" content=\"new\" \/>\n<!-- \/ Yoast SEO Premium plugin. -->","yoast_head_json":{"title":"MEMBRANA PARA DRIVER 100W UNITEX UT-150200 GR - tienda de electr\u00f3nica y computaci\u00f3n","robots":{"index":"index","follow":"follow","max-snippet":"max-snippet:-1","max-image-preview":"max-image-preview:large","max-video-preview":"max-video-preview:-1"},"canonical":"https:\/\/comerciallin.com\/index.php\/producto\/membrana-para-driver-100w-unitex-ut-150200-gr\/","og_locale":"es_ES","og_type":"article","og_title":"MEMBRANA PARA DRIVER 100W UNITEX UT-150200 GR","og_url":"https:\/\/comerciallin.com\/index.php\/producto\/membrana-para-driver-100w-unitex-ut-150200-gr\/","og_site_name":"tienda de electr\u00f3nica y computaci\u00f3n","article_modified_time":"2025-01-14T18:56:50+00:00","twitter_card":"summary_large_image","twitter_image":"https:\/\/i0.wp.com\/comerciallin.com\/wp-content\/uploads\/2023\/08\/277010180801.jpg?fit=%2C&ssl=1","twitter_misc":{"Precio":"&#36;4,34","Availability":"In stock"},"schema":{"@context":"https:\/\/schema.org","@graph":[{"@type":"WebSite","@id":"https:\/\/comerciallin.com\/#website","url":"https:\/\/comerciallin.com\/","name":"tienda de electr\u00f3nica y computaci\u00f3n","description":"Importadora de Electr\u00f3nica y Computaci\u00f3n","potentialAction":[{"@type":"SearchAction","target":{"@type":"EntryPoint","urlTemplate":"https:\/\/comerciallin.com\/?s={search_term_string}"},"query-input":"required name=search_term_string"}],"inLanguage":"es"},{"@type":"ImageObject","@id":"https:\/\/comerciallin.com\/index.php\/producto\/membrana-para-driver-100w-unitex-ut-150200-gr\/#primaryimage","inLanguage":"es","url":"https:\/\/i0.wp.com\/comerciallin.com\/wp-content\/uploads\/2023\/08\/277010180801.jpg?fit=%2C&ssl=1","contentUrl":"https:\/\/i0.wp.com\/comerciallin.com\/wp-content\/uploads\/2023\/08\/277010180801.jpg?fit=%2C&ssl=1","caption":"MEMBRANA PARA DRIVER 100W UNITEX UT-150200 GR"},{"@type":"WebPage","@id":"https:\/\/comerciallin.com\/index.php\/producto\/membrana-para-driver-100w-unitex-ut-150200-gr\/#webpage","url":"https:\/\/comerciallin.com\/index.php\/producto\/membrana-para-driver-100w-unitex-ut-150200-gr\/","name":"MEMBRANA PARA DRIVER 100W UNITEX UT-150200 GR - tienda de electr\u00f3nica y computaci\u00f3n","isPartOf":{"@id":"https:\/\/comerciallin.com\/#website"},"primaryImageOfPage":{"@id":"https:\/\/comerciallin.com\/index.php\/producto\/membrana-para-driver-100w-unitex-ut-150200-gr\/#primaryimage"},"datePublished":"2023-04-24T22:54:42+00:00","dateModified":"2025-01-14T18:56:50+00:00","breadcrumb":{"@id":"https:\/\/comerciallin.com\/index.php\/producto\/membrana-para-driver-100w-unitex-ut-150200-gr\/#breadcrumb"},"inLanguage":"es","potentialAction":[{"@type":"ReadAction","target":["https:\/\/comerciallin.com\/index.php\/producto\/membrana-para-driver-100w-unitex-ut-150200-gr\/"]}]},{"@type":"BreadcrumbList","@id":"https:\/\/comerciallin.com\/index.php\/producto\/membrana-para-driver-100w-unitex-ut-150200-gr\/#breadcrumb","itemListElement":[{"@type":"ListItem","position":1,"name":"Inicio","item":"https:\/\/comerciallin.com\/"},{"@type":"ListItem","position":2,"name":"Shop","item":"https:\/\/comerciallin.com\/?page_id=3853"},{"@type":"ListItem","position":3,"name":"MEMBRANA PARA DRIVER 100W UNITEX UT-150200 GR"}]}]},"product_price_amount":"4.34","product_price_currency":"USD","og_availability":"instock","product_availability":"instock","product_retailer_item_id":"277010180801","product_condition":"new"},"jetpack-related-posts":[{"id":22797,"url":"https:\/\/comerciallin.com\/index.php\/producto\/membrana-para-driver-150w-unitex-ut-150200\/","url_meta":{"origin":22794,"position":0},"title":"MEMBRANA PARA DRIVER 150W UNITEX UT-150200","date":"24 de abril de 2023","format":false,"excerpt":"","rel":"","context":"Entrada similar","img":{"alt_text":"","src":"","width":0,"height":0},"classes":[]},{"id":24473,"url":"https:\/\/comerciallin.com\/index.php\/producto\/pen-drive-kingston-dtx-64gb-datatraveler\/","url_meta":{"origin":22794,"position":1},"title":"PEN DRIVE KINGSTON DTX\/64GB DATATRAVELER","date":"3 de julio de 2023","format":false,"excerpt":"Pen Drive Kingston DTX 64GB Datatraveler: Almacena y transporta tus datos de manera segura con este pen drive de alta capacidad. Con 64GB de almacenamiento, el Kingston DTX Datatraveler te permite llevar contigo todos tus archivos importantes en un dispositivo compacto y confiable.","rel":"","context":"Entrada similar","img":{"alt_text":"","src":"","width":0,"height":0},"classes":[]},{"id":23732,"url":"https:\/\/comerciallin.com\/index.php\/producto\/driver-para-campana-600w-ks-600w\/","url_meta":{"origin":22794,"position":2},"title":"DRIVER PARA CAMPANA 600W KS-600W","date":"3 de mayo de 2023","format":false,"excerpt":"","rel":"","context":"Entrada similar","img":{"alt_text":"","src":"","width":0,"height":0},"classes":[]},{"id":23934,"url":"https:\/\/comerciallin.com\/index.php\/producto\/pen-drive-4gb-metalico-plateado\/","url_meta":{"origin":22794,"position":3},"title":"PEN DRIVE 4GB METALICO PLATEADO","date":"11 de mayo de 2023","format":false,"excerpt":"","rel":"","context":"Entrada similar","img":{"alt_text":"","src":"","width":0,"height":0},"classes":[]},{"id":22788,"url":"https:\/\/comerciallin.com\/index.php\/producto\/bobina-para-driver-sb-51077-150w\/","url_meta":{"origin":22794,"position":4},"title":"BOBINA PARA DRIVER SB-51077 150W","date":"24 de abril de 2023","format":false,"excerpt":"","rel":"","context":"Entrada similar","img":{"alt_text":"","src":"","width":0,"height":0},"classes":[]},{"id":22791,"url":"https:\/\/comerciallin.com\/index.php\/producto\/bobina-para-driver-sb-44051-80w\/","url_meta":{"origin":22794,"position":5},"title":"BOBINA PARA DRIVER SB-44051 80W","date":"24 de abril de 2023","format":false,"excerpt":"","rel":"","context":"Entrada similar","img":{"alt_text":"","src":"","width":0,"height":0},"classes":[]}],"jetpack_sharing_enabled":true,"jetpack_likes_enabled":true,"_links":{"self":[{"href":"https:\/\/comerciallin.com\/index.php\/wp-json\/wp\/v2\/product\/22794"}],"collection":[{"href":"https:\/\/comerciallin.com\/index.php\/wp-json\/wp\/v2\/product"}],"about":[{"href":"https:\/\/comerciallin.com\/index.php\/wp-json\/wp\/v2\/types\/product"}],"replies":[{"embeddable":true,"href":"https:\/\/comerciallin.com\/index.php\/wp-json\/wp\/v2\/comments?post=22794"}],"wp:featuredmedia":[{"embeddable":true,"href":"https:\/\/comerciallin.com\/index.php\/wp-json\/wp\/v2\/media\/25023"}],"wp:attachment":[{"href":"https:\/\/comerciallin.com\/index.php\/wp-json\/wp\/v2\/media?parent=22794"}],"wp:term":[{"taxonomy":"product_cat","embeddable":true,"href":"https:\/\/comerciallin.com\/index.php\/wp-json\/wp\/v2\/product_cat?post=22794"},{"taxonomy":"product_tag","embeddable":true,"href":"https:\/\/comerciallin.com\/index.php\/wp-json\/wp\/v2\/product_tag?post=22794"}],"curies":[{"name":"wp","href":"https:\/\/api.w.org\/{rel}","templated":true}]}}