{"id":22523,"date":"2023-04-19T12:07:29","date_gmt":"2023-04-19T17:07:29","guid":{"rendered":"https:\/\/comerciallin.com\/index.php\/producto\/bateria-comp-dell-n4020\/"},"modified":"2025-01-14T13:54:27","modified_gmt":"2025-01-14T18:54:27","slug":"bateria-comp-dell-n4020","status":"publish","type":"product","link":"https:\/\/comerciallin.com\/index.php\/producto\/bateria-comp-dell-n4020\/","title":{"rendered":"BATERIA COMP DELL N4020"},"content":{"rendered":"<ul class=\"a-unordered-list a-vertical a-spacing-mini\">\n<li><span class=\"a-list-item\"><strong>Compatible P\/N:<\/strong> J1KND 0JXFRP 04YRJH 9T48V 0GK2X6 07XFJJ TKV2V 0W7H3N 8NH55 JXFRP 4YRJH YXVK2 08NH55 W7H3N 4T7JN 06P6PN 383CW. TCXNNNNNNMHC10 312-1205 312-1201 312-0234 312-0233 451-11510.<\/span><\/li>\n<li><span class=\"a-list-item\"><strong>Modelo compatible:<\/strong> para Dell Vostro 1440 1450 1540 1550 3450 3550 3555 3750 Series, Dell Inspiron 13R N3010 N3010D N3010R N3110 Series, 14R N4010 N4010. N40D NN40Serie 10R N4110 N4040 N4050 M4040 M411R, 15R N5010 N5010D N5010R N5011 N5011R N5020 N5030D N5030R N504N50 N50 Serie 50 N5110 M501 M501R M501D M5010 M5010D M5010R M5110 M5020 M5030D M5030R M5040, Dell Inspiron 17R N7010 N7010D N7 N7Serie 010R N7011 N7110, Dell Inspiron 3520 3420.<\/span><\/li>\n<\/ul>\n","protected":false},"excerpt":{"rendered":"<p>J1KND &#8211; Bater\u00eda para port\u00e1til Dell Inspiron N7110, N5010, N5110, 3420, 3520, N4050, 9T48V, N5030, N5050, N5040, 4T7JN, N4010, M5040, 13r, 14r y 15r 4110 N3010 M5110 M4110 M501 M503 17R 1540 5200 mAh<\/p>\n","protected":false},"featured_media":24778,"comment_status":"open","ping_status":"closed","template":"","meta":{"spay_email":""},"product_cat":[791],"product_tag":[],"supplier_id":null,"supplier_sku":"","barcode":null,"atum_controlled":true,"out_stock_date":null,"out_stock_threshold":null,"inheritable":false,"inbound_stock":null,"stock_on_hold":0,"sold_today":0,"sales_last_days":0,"reserved_stock":null,"customer_returns":null,"warehouse_damage":null,"lost_in_post":null,"other_logs":null,"out_stock_days":0,"lost_sales":0,"has_location":null,"update_date":"2026-04-03T23:40:20","atum_locations":[],"atum_stock_status":"instock","restock_status":false,"low_stock_amount":"","sales_update_date":"2026-04-03T23:40:20","calc_backorders":null,"acf":[],"yoast_head":"<!-- This site is optimized with the Yoast SEO Premium plugin v17.4 (Yoast SEO v17.4) - https:\/\/yoast.com\/wordpress\/plugins\/seo\/ -->\n<title>BATERIA COMP DELL N4020 - tienda de electr\u00f3nica y computaci\u00f3n<\/title>\n<meta name=\"robots\" content=\"index, follow, max-snippet:-1, max-image-preview:large, max-video-preview:-1\" \/>\n<link rel=\"canonical\" href=\"https:\/\/comerciallin.com\/index.php\/producto\/bateria-comp-dell-n4020\/\" \/>\n<meta property=\"og:locale\" content=\"es_ES\" \/>\n<meta property=\"og:type\" content=\"article\" \/>\n<meta property=\"og:title\" content=\"BATERIA COMP DELL N4020\" \/>\n<meta property=\"og:description\" content=\"J1KND - Bater\u00eda para port\u00e1til Dell Inspiron N7110, N5010, N5110, 3420, 3520, N4050, 9T48V, N5030, N5050, N5040, 4T7JN, N4010, M5040, 13r, 14r y 15r 4110 N3010 M5110 M4110 M501 M503 17R 1540 5200 mAh\" \/>\n<meta property=\"og:url\" content=\"https:\/\/comerciallin.com\/index.php\/producto\/bateria-comp-dell-n4020\/\" \/>\n<meta property=\"og:site_name\" content=\"tienda de electr\u00f3nica y computaci\u00f3n\" \/>\n<meta property=\"article:modified_time\" content=\"2025-01-14T18:54:27+00:00\" \/>\n<meta name=\"twitter:card\" content=\"summary_large_image\" \/>\n<meta name=\"twitter:image\" content=\"https:\/\/i0.wp.com\/comerciallin.com\/wp-content\/uploads\/2023\/08\/537030180811.png?fit=%2C&amp;ssl=1\" \/>\n<meta name=\"twitter:label1\" content=\"Precio\" \/>\n\t<meta name=\"twitter:data1\" content=\"&#36;43,70\" \/>\n\t<meta name=\"twitter:label2\" content=\"Availability\" \/>\n\t<meta name=\"twitter:data2\" content=\"In stock\" \/>\n<script type=\"application\/ld+json\" class=\"yoast-schema-graph\">{\"@context\":\"https:\/\/schema.org\",\"@graph\":[{\"@type\":\"WebSite\",\"@id\":\"https:\/\/comerciallin.com\/#website\",\"url\":\"https:\/\/comerciallin.com\/\",\"name\":\"tienda de electr\\u00f3nica y computaci\\u00f3n\",\"description\":\"Importadora de Electr\\u00f3nica y Computaci\\u00f3n\",\"potentialAction\":[{\"@type\":\"SearchAction\",\"target\":{\"@type\":\"EntryPoint\",\"urlTemplate\":\"https:\/\/comerciallin.com\/?s={search_term_string}\"},\"query-input\":\"required name=search_term_string\"}],\"inLanguage\":\"es\"},{\"@type\":\"ImageObject\",\"@id\":\"https:\/\/comerciallin.com\/index.php\/producto\/bateria-comp-dell-n4020\/#primaryimage\",\"inLanguage\":\"es\",\"url\":\"https:\/\/i0.wp.com\/comerciallin.com\/wp-content\/uploads\/2023\/08\/537030180811.png?fit=%2C&ssl=1\",\"contentUrl\":\"https:\/\/i0.wp.com\/comerciallin.com\/wp-content\/uploads\/2023\/08\/537030180811.png?fit=%2C&ssl=1\",\"caption\":\"BATERIA COMP DELL N4020\"},{\"@type\":\"WebPage\",\"@id\":\"https:\/\/comerciallin.com\/index.php\/producto\/bateria-comp-dell-n4020\/#webpage\",\"url\":\"https:\/\/comerciallin.com\/index.php\/producto\/bateria-comp-dell-n4020\/\",\"name\":\"BATERIA COMP DELL N4020 - tienda de electr\\u00f3nica y computaci\\u00f3n\",\"isPartOf\":{\"@id\":\"https:\/\/comerciallin.com\/#website\"},\"primaryImageOfPage\":{\"@id\":\"https:\/\/comerciallin.com\/index.php\/producto\/bateria-comp-dell-n4020\/#primaryimage\"},\"datePublished\":\"2023-04-19T17:07:29+00:00\",\"dateModified\":\"2025-01-14T18:54:27+00:00\",\"breadcrumb\":{\"@id\":\"https:\/\/comerciallin.com\/index.php\/producto\/bateria-comp-dell-n4020\/#breadcrumb\"},\"inLanguage\":\"es\",\"potentialAction\":[{\"@type\":\"ReadAction\",\"target\":[\"https:\/\/comerciallin.com\/index.php\/producto\/bateria-comp-dell-n4020\/\"]}]},{\"@type\":\"BreadcrumbList\",\"@id\":\"https:\/\/comerciallin.com\/index.php\/producto\/bateria-comp-dell-n4020\/#breadcrumb\",\"itemListElement\":[{\"@type\":\"ListItem\",\"position\":1,\"name\":\"Inicio\",\"item\":\"https:\/\/comerciallin.com\/\"},{\"@type\":\"ListItem\",\"position\":2,\"name\":\"Shop\",\"item\":\"https:\/\/comerciallin.com\/?page_id=3853\"},{\"@type\":\"ListItem\",\"position\":3,\"name\":\"BATERIA COMP DELL N4020\"}]}]}<\/script>\n<meta property=\"product:price:amount\" content=\"43.70\" \/>\n<meta property=\"product:price:currency\" content=\"USD\" \/>\n<meta property=\"og:availability\" content=\"instock\" \/>\n<meta property=\"product:availability\" content=\"instock\" \/>\n<meta property=\"product:retailer_item_id\" content=\"537030180811\" \/>\n<meta property=\"product:condition\" content=\"new\" \/>\n<!-- \/ Yoast SEO Premium plugin. -->","yoast_head_json":{"title":"BATERIA COMP DELL N4020 - tienda de electr\u00f3nica y computaci\u00f3n","robots":{"index":"index","follow":"follow","max-snippet":"max-snippet:-1","max-image-preview":"max-image-preview:large","max-video-preview":"max-video-preview:-1"},"canonical":"https:\/\/comerciallin.com\/index.php\/producto\/bateria-comp-dell-n4020\/","og_locale":"es_ES","og_type":"article","og_title":"BATERIA COMP DELL N4020","og_description":"J1KND - Bater\u00eda para port\u00e1til Dell Inspiron N7110, N5010, N5110, 3420, 3520, N4050, 9T48V, N5030, N5050, N5040, 4T7JN, N4010, M5040, 13r, 14r y 15r 4110 N3010 M5110 M4110 M501 M503 17R 1540 5200 mAh","og_url":"https:\/\/comerciallin.com\/index.php\/producto\/bateria-comp-dell-n4020\/","og_site_name":"tienda de electr\u00f3nica y computaci\u00f3n","article_modified_time":"2025-01-14T18:54:27+00:00","twitter_card":"summary_large_image","twitter_image":"https:\/\/i0.wp.com\/comerciallin.com\/wp-content\/uploads\/2023\/08\/537030180811.png?fit=%2C&ssl=1","twitter_misc":{"Precio":"&#36;43,70","Availability":"In stock"},"schema":{"@context":"https:\/\/schema.org","@graph":[{"@type":"WebSite","@id":"https:\/\/comerciallin.com\/#website","url":"https:\/\/comerciallin.com\/","name":"tienda de electr\u00f3nica y computaci\u00f3n","description":"Importadora de Electr\u00f3nica y Computaci\u00f3n","potentialAction":[{"@type":"SearchAction","target":{"@type":"EntryPoint","urlTemplate":"https:\/\/comerciallin.com\/?s={search_term_string}"},"query-input":"required name=search_term_string"}],"inLanguage":"es"},{"@type":"ImageObject","@id":"https:\/\/comerciallin.com\/index.php\/producto\/bateria-comp-dell-n4020\/#primaryimage","inLanguage":"es","url":"https:\/\/i0.wp.com\/comerciallin.com\/wp-content\/uploads\/2023\/08\/537030180811.png?fit=%2C&ssl=1","contentUrl":"https:\/\/i0.wp.com\/comerciallin.com\/wp-content\/uploads\/2023\/08\/537030180811.png?fit=%2C&ssl=1","caption":"BATERIA COMP DELL N4020"},{"@type":"WebPage","@id":"https:\/\/comerciallin.com\/index.php\/producto\/bateria-comp-dell-n4020\/#webpage","url":"https:\/\/comerciallin.com\/index.php\/producto\/bateria-comp-dell-n4020\/","name":"BATERIA COMP DELL N4020 - tienda de electr\u00f3nica y computaci\u00f3n","isPartOf":{"@id":"https:\/\/comerciallin.com\/#website"},"primaryImageOfPage":{"@id":"https:\/\/comerciallin.com\/index.php\/producto\/bateria-comp-dell-n4020\/#primaryimage"},"datePublished":"2023-04-19T17:07:29+00:00","dateModified":"2025-01-14T18:54:27+00:00","breadcrumb":{"@id":"https:\/\/comerciallin.com\/index.php\/producto\/bateria-comp-dell-n4020\/#breadcrumb"},"inLanguage":"es","potentialAction":[{"@type":"ReadAction","target":["https:\/\/comerciallin.com\/index.php\/producto\/bateria-comp-dell-n4020\/"]}]},{"@type":"BreadcrumbList","@id":"https:\/\/comerciallin.com\/index.php\/producto\/bateria-comp-dell-n4020\/#breadcrumb","itemListElement":[{"@type":"ListItem","position":1,"name":"Inicio","item":"https:\/\/comerciallin.com\/"},{"@type":"ListItem","position":2,"name":"Shop","item":"https:\/\/comerciallin.com\/?page_id=3853"},{"@type":"ListItem","position":3,"name":"BATERIA COMP DELL N4020"}]}]},"product_price_amount":"43.70","product_price_currency":"USD","og_availability":"instock","product_availability":"instock","product_retailer_item_id":"537030180811","product_condition":"new"},"jetpack-related-posts":[{"id":19189,"url":"https:\/\/comerciallin.com\/index.php\/producto\/bateria-comp-dell-demr90y-3521\/","url_meta":{"origin":22523,"position":0},"title":"BATERIA COMP DELL DEMR90Y\/3521","date":"7 de noviembre de 2022","format":false,"excerpt":"Voltaje 11.1 Voltios Peso de la Bater\u00eda 340 Gramos Compatible Devices Laptop","rel":"","context":"Entrada similar","img":{"alt_text":"BATERIA COMP DELL DEMR90Y\/3521","src":"https:\/\/i0.wp.com\/comerciallin.com\/wp-content\/uploads\/2023\/02\/537030100813.jpg?fit=992%2C744&ssl=1&resize=350%2C200","width":350,"height":200},"classes":[]},{"id":19727,"url":"https:\/\/comerciallin.com\/index.php\/producto\/bateria-comp-dell-xcmrd-3521-38wh\/","url_meta":{"origin":22523,"position":1},"title":"BATERIA COMP DELL XCMRD\/3521 38WH","date":"8 de noviembre de 2022","format":false,"excerpt":"Bater\u00eda para Dell Inspiron 14 3421 \/ 14r 5421 3437 N3421 N5421 \/ 15 3521 \/ 15r 3537 5521 5537 N3521 N5521 N5537 \/ 17 3721 \/ 17r 5737 N3721 N3737 N5721 N5737 5721 MR90Y","rel":"","context":"Entrada similar","img":{"alt_text":"","src":"","width":0,"height":0},"classes":[]},{"id":19185,"url":"https:\/\/comerciallin.com\/index.php\/producto\/bateria-comp-dell-15r-n4010\/","url_meta":{"origin":22523,"position":2},"title":"BATERIA COMP DELL 15R\/N4010","date":"7 de noviembre de 2022","format":false,"excerpt":"Voltaje :\u00a011,1V Capacidad (mAh)] 4400 Celdas: 6. tipo Li-ion Color: negro","rel":"","context":"Entrada similar","img":{"alt_text":"","src":"","width":0,"height":0},"classes":[]},{"id":23854,"url":"https:\/\/comerciallin.com\/index.php\/producto\/teclado-p-lapto-comp-dell-3421\/","url_meta":{"origin":22523,"position":3},"title":"TECLADO P. LAPTO COMP DELL 3421","date":"3 de mayo de 2023","format":false,"excerpt":"Teclado laptop Dell 3421 es X38K3, Dell Inspiron 14 (3421), Dell Inspiron 14R (5421), Dell Inspiron 15 (3521), Dell Inspiron 15R (5521), Dell Vostro 2421","rel":"","context":"Entrada similar","img":{"alt_text":"","src":"","width":0,"height":0},"classes":[]},{"id":19070,"url":"https:\/\/comerciallin.com\/index.php\/producto\/bateria-comp-dell-mr90y-111v-65wh-3421-377\/","url_meta":{"origin":22523,"position":4},"title":"BATERIA COMP DELL MR90Y 11,1V-65WH\/ 3421\/377","date":"7 de noviembre de 2022","format":false,"excerpt":"Voltaje 11.1 Voltios Compatible Devices Laptop Tipo de celda de bater\u00eda Litio Ion","rel":"","context":"Entrada similar","img":{"alt_text":"BATERIA COMP DELL MR90Y 11,1V-65WH\/ 3421\/377","src":"https:\/\/i0.wp.com\/comerciallin.com\/wp-content\/uploads\/2023\/02\/4451606033.jpg?fit=992%2C744&ssl=1&resize=350%2C200","width":350,"height":200},"classes":[]},{"id":19092,"url":"https:\/\/comerciallin.com\/index.php\/producto\/bateria-comp-dell-13z-n311z-14z-n411z-n2dn5-1\/","url_meta":{"origin":22523,"position":5},"title":"BATERIA COMP DELL 13Z-N311Z\/14Z N411Z\/N2DN5\/1","date":"7 de noviembre de 2022","format":false,"excerpt":"Tipo de bater\u00eda: Li-ion c\u00e9lulas: 6\u00a0celdas Capacidad: 4400\u00a0mAh Voltaje: 11.1\u00a0V.","rel":"","context":"Entrada similar","img":{"alt_text":"","src":"","width":0,"height":0},"classes":[]}],"jetpack_sharing_enabled":true,"jetpack_likes_enabled":true,"_links":{"self":[{"href":"https:\/\/comerciallin.com\/index.php\/wp-json\/wp\/v2\/product\/22523"}],"collection":[{"href":"https:\/\/comerciallin.com\/index.php\/wp-json\/wp\/v2\/product"}],"about":[{"href":"https:\/\/comerciallin.com\/index.php\/wp-json\/wp\/v2\/types\/product"}],"replies":[{"embeddable":true,"href":"https:\/\/comerciallin.com\/index.php\/wp-json\/wp\/v2\/comments?post=22523"}],"wp:featuredmedia":[{"embeddable":true,"href":"https:\/\/comerciallin.com\/index.php\/wp-json\/wp\/v2\/media\/24778"}],"wp:attachment":[{"href":"https:\/\/comerciallin.com\/index.php\/wp-json\/wp\/v2\/media?parent=22523"}],"wp:term":[{"taxonomy":"product_cat","embeddable":true,"href":"https:\/\/comerciallin.com\/index.php\/wp-json\/wp\/v2\/product_cat?post=22523"},{"taxonomy":"product_tag","embeddable":true,"href":"https:\/\/comerciallin.com\/index.php\/wp-json\/wp\/v2\/product_tag?post=22523"}],"curies":[{"name":"wp","href":"https:\/\/api.w.org\/{rel}","templated":true}]}}