{"id":22497,"date":"2023-04-19T12:07:11","date_gmt":"2023-04-19T17:07:11","guid":{"rendered":"https:\/\/comerciallin.com\/index.php\/producto\/capo-para-guitarra-6-cuerdas-b4\/"},"modified":"2025-01-14T13:54:59","modified_gmt":"2025-01-14T18:54:59","slug":"capo-para-guitarra-6-cuerdas-b4","status":"publish","type":"product","link":"https:\/\/comerciallin.com\/index.php\/producto\/capo-para-guitarra-6-cuerdas-b4\/","title":{"rendered":"CAPO PARA GUITARRA 6 CUERDAS B4 NEGRO"},"content":{"rendered":"","protected":false},"excerpt":{"rendered":"","protected":false},"featured_media":24831,"comment_status":"open","ping_status":"closed","template":"","meta":{"spay_email":""},"product_cat":[760],"product_tag":[],"supplier_id":null,"supplier_sku":"","barcode":null,"atum_controlled":true,"out_stock_date":null,"out_stock_threshold":null,"inheritable":false,"inbound_stock":null,"stock_on_hold":0,"sold_today":0,"sales_last_days":0,"reserved_stock":null,"customer_returns":null,"warehouse_damage":null,"lost_in_post":null,"other_logs":null,"out_stock_days":0,"lost_sales":0,"has_location":null,"update_date":"2026-04-28T00:11:13","atum_locations":[],"atum_stock_status":"instock","restock_status":false,"low_stock_amount":"","sales_update_date":"2026-04-28T00:11:13","calc_backorders":null,"acf":[],"yoast_head":"<!-- This site is optimized with the Yoast SEO Premium plugin v17.4 (Yoast SEO v17.4) - https:\/\/yoast.com\/wordpress\/plugins\/seo\/ -->\n<title>CAPO PARA GUITARRA 6 CUERDAS B4 NEGRO - tienda de electr\u00f3nica y computaci\u00f3n<\/title>\n<meta name=\"robots\" content=\"index, follow, max-snippet:-1, max-image-preview:large, max-video-preview:-1\" \/>\n<link rel=\"canonical\" href=\"https:\/\/comerciallin.com\/index.php\/producto\/capo-para-guitarra-6-cuerdas-b4\/\" \/>\n<meta property=\"og:locale\" content=\"es_ES\" \/>\n<meta property=\"og:type\" content=\"article\" \/>\n<meta property=\"og:title\" content=\"CAPO PARA GUITARRA 6 CUERDAS B4 NEGRO\" \/>\n<meta property=\"og:url\" content=\"https:\/\/comerciallin.com\/index.php\/producto\/capo-para-guitarra-6-cuerdas-b4\/\" \/>\n<meta property=\"og:site_name\" content=\"tienda de electr\u00f3nica y computaci\u00f3n\" \/>\n<meta property=\"article:modified_time\" content=\"2025-01-14T18:54:59+00:00\" \/>\n<meta name=\"twitter:card\" content=\"summary_large_image\" \/>\n<meta name=\"twitter:image\" content=\"https:\/\/i0.wp.com\/comerciallin.com\/wp-content\/uploads\/2023\/08\/462010110501.png?fit=%2C&amp;ssl=1\" \/>\n<meta name=\"twitter:label1\" content=\"Precio\" \/>\n\t<meta name=\"twitter:data1\" content=\"&#36;3,45\" \/>\n\t<meta name=\"twitter:label2\" content=\"Availability\" \/>\n\t<meta name=\"twitter:data2\" content=\"In stock\" \/>\n<script type=\"application\/ld+json\" class=\"yoast-schema-graph\">{\"@context\":\"https:\/\/schema.org\",\"@graph\":[{\"@type\":\"WebSite\",\"@id\":\"https:\/\/comerciallin.com\/#website\",\"url\":\"https:\/\/comerciallin.com\/\",\"name\":\"tienda de electr\\u00f3nica y computaci\\u00f3n\",\"description\":\"Importadora de Electr\\u00f3nica y Computaci\\u00f3n\",\"potentialAction\":[{\"@type\":\"SearchAction\",\"target\":{\"@type\":\"EntryPoint\",\"urlTemplate\":\"https:\/\/comerciallin.com\/?s={search_term_string}\"},\"query-input\":\"required name=search_term_string\"}],\"inLanguage\":\"es\"},{\"@type\":\"ImageObject\",\"@id\":\"https:\/\/comerciallin.com\/index.php\/producto\/capo-para-guitarra-6-cuerdas-b4\/#primaryimage\",\"inLanguage\":\"es\",\"url\":\"https:\/\/i0.wp.com\/comerciallin.com\/wp-content\/uploads\/2023\/08\/462010110501.png?fit=%2C&ssl=1\",\"contentUrl\":\"https:\/\/i0.wp.com\/comerciallin.com\/wp-content\/uploads\/2023\/08\/462010110501.png?fit=%2C&ssl=1\",\"caption\":\"CAPO PARA GUITARRA 6 CUERDAS B4\"},{\"@type\":\"WebPage\",\"@id\":\"https:\/\/comerciallin.com\/index.php\/producto\/capo-para-guitarra-6-cuerdas-b4\/#webpage\",\"url\":\"https:\/\/comerciallin.com\/index.php\/producto\/capo-para-guitarra-6-cuerdas-b4\/\",\"name\":\"CAPO PARA GUITARRA 6 CUERDAS B4 NEGRO - tienda de electr\\u00f3nica y computaci\\u00f3n\",\"isPartOf\":{\"@id\":\"https:\/\/comerciallin.com\/#website\"},\"primaryImageOfPage\":{\"@id\":\"https:\/\/comerciallin.com\/index.php\/producto\/capo-para-guitarra-6-cuerdas-b4\/#primaryimage\"},\"datePublished\":\"2023-04-19T17:07:11+00:00\",\"dateModified\":\"2025-01-14T18:54:59+00:00\",\"breadcrumb\":{\"@id\":\"https:\/\/comerciallin.com\/index.php\/producto\/capo-para-guitarra-6-cuerdas-b4\/#breadcrumb\"},\"inLanguage\":\"es\",\"potentialAction\":[{\"@type\":\"ReadAction\",\"target\":[\"https:\/\/comerciallin.com\/index.php\/producto\/capo-para-guitarra-6-cuerdas-b4\/\"]}]},{\"@type\":\"BreadcrumbList\",\"@id\":\"https:\/\/comerciallin.com\/index.php\/producto\/capo-para-guitarra-6-cuerdas-b4\/#breadcrumb\",\"itemListElement\":[{\"@type\":\"ListItem\",\"position\":1,\"name\":\"Inicio\",\"item\":\"https:\/\/comerciallin.com\/\"},{\"@type\":\"ListItem\",\"position\":2,\"name\":\"Shop\",\"item\":\"https:\/\/comerciallin.com\/?page_id=3853\"},{\"@type\":\"ListItem\",\"position\":3,\"name\":\"CAPO PARA GUITARRA 6 CUERDAS B4 NEGRO\"}]}]}<\/script>\n<meta property=\"product:price:amount\" content=\"3.45\" \/>\n<meta property=\"product:price:currency\" content=\"USD\" \/>\n<meta property=\"og:availability\" content=\"instock\" \/>\n<meta property=\"product:availability\" content=\"instock\" \/>\n<meta property=\"product:retailer_item_id\" content=\"462010110501\" \/>\n<meta property=\"product:condition\" content=\"new\" \/>\n<!-- \/ Yoast SEO Premium plugin. -->","yoast_head_json":{"title":"CAPO PARA GUITARRA 6 CUERDAS B4 NEGRO - tienda de electr\u00f3nica y computaci\u00f3n","robots":{"index":"index","follow":"follow","max-snippet":"max-snippet:-1","max-image-preview":"max-image-preview:large","max-video-preview":"max-video-preview:-1"},"canonical":"https:\/\/comerciallin.com\/index.php\/producto\/capo-para-guitarra-6-cuerdas-b4\/","og_locale":"es_ES","og_type":"article","og_title":"CAPO PARA GUITARRA 6 CUERDAS B4 NEGRO","og_url":"https:\/\/comerciallin.com\/index.php\/producto\/capo-para-guitarra-6-cuerdas-b4\/","og_site_name":"tienda de electr\u00f3nica y computaci\u00f3n","article_modified_time":"2025-01-14T18:54:59+00:00","twitter_card":"summary_large_image","twitter_image":"https:\/\/i0.wp.com\/comerciallin.com\/wp-content\/uploads\/2023\/08\/462010110501.png?fit=%2C&ssl=1","twitter_misc":{"Precio":"&#36;3,45","Availability":"In stock"},"schema":{"@context":"https:\/\/schema.org","@graph":[{"@type":"WebSite","@id":"https:\/\/comerciallin.com\/#website","url":"https:\/\/comerciallin.com\/","name":"tienda de electr\u00f3nica y computaci\u00f3n","description":"Importadora de Electr\u00f3nica y Computaci\u00f3n","potentialAction":[{"@type":"SearchAction","target":{"@type":"EntryPoint","urlTemplate":"https:\/\/comerciallin.com\/?s={search_term_string}"},"query-input":"required name=search_term_string"}],"inLanguage":"es"},{"@type":"ImageObject","@id":"https:\/\/comerciallin.com\/index.php\/producto\/capo-para-guitarra-6-cuerdas-b4\/#primaryimage","inLanguage":"es","url":"https:\/\/i0.wp.com\/comerciallin.com\/wp-content\/uploads\/2023\/08\/462010110501.png?fit=%2C&ssl=1","contentUrl":"https:\/\/i0.wp.com\/comerciallin.com\/wp-content\/uploads\/2023\/08\/462010110501.png?fit=%2C&ssl=1","caption":"CAPO PARA GUITARRA 6 CUERDAS B4"},{"@type":"WebPage","@id":"https:\/\/comerciallin.com\/index.php\/producto\/capo-para-guitarra-6-cuerdas-b4\/#webpage","url":"https:\/\/comerciallin.com\/index.php\/producto\/capo-para-guitarra-6-cuerdas-b4\/","name":"CAPO PARA GUITARRA 6 CUERDAS B4 NEGRO - tienda de electr\u00f3nica y computaci\u00f3n","isPartOf":{"@id":"https:\/\/comerciallin.com\/#website"},"primaryImageOfPage":{"@id":"https:\/\/comerciallin.com\/index.php\/producto\/capo-para-guitarra-6-cuerdas-b4\/#primaryimage"},"datePublished":"2023-04-19T17:07:11+00:00","dateModified":"2025-01-14T18:54:59+00:00","breadcrumb":{"@id":"https:\/\/comerciallin.com\/index.php\/producto\/capo-para-guitarra-6-cuerdas-b4\/#breadcrumb"},"inLanguage":"es","potentialAction":[{"@type":"ReadAction","target":["https:\/\/comerciallin.com\/index.php\/producto\/capo-para-guitarra-6-cuerdas-b4\/"]}]},{"@type":"BreadcrumbList","@id":"https:\/\/comerciallin.com\/index.php\/producto\/capo-para-guitarra-6-cuerdas-b4\/#breadcrumb","itemListElement":[{"@type":"ListItem","position":1,"name":"Inicio","item":"https:\/\/comerciallin.com\/"},{"@type":"ListItem","position":2,"name":"Shop","item":"https:\/\/comerciallin.com\/?page_id=3853"},{"@type":"ListItem","position":3,"name":"CAPO PARA GUITARRA 6 CUERDAS B4 NEGRO"}]}]},"product_price_amount":"3.45","product_price_currency":"USD","og_availability":"instock","product_availability":"instock","product_retailer_item_id":"462010110501","product_condition":"new"},"jetpack-related-posts":[{"id":25351,"url":"https:\/\/comerciallin.com\/index.php\/producto\/cuerda-guit-bajo-eb-2836-5-cuerda-ernie-ball\/","url_meta":{"origin":22497,"position":0},"title":"CUERDA BAJO 5 CUERDAS EB-2836","date":"31 de agosto de 2023","format":false,"excerpt":"","rel":"","context":"Entrada similar","img":{"alt_text":"","src":"","width":0,"height":0},"classes":[]},{"id":22433,"url":"https:\/\/comerciallin.com\/index.php\/producto\/cuerda-violin-juego\/","url_meta":{"origin":22497,"position":1},"title":"CUERDA VIOLIN (JUEGO)","date":"19 de abril de 2023","format":false,"excerpt":"","rel":"","context":"Entrada similar","img":{"alt_text":"","src":"","width":0,"height":0},"classes":[]},{"id":23751,"url":"https:\/\/comerciallin.com\/index.php\/producto\/guitarra-40-madera-40n\/","url_meta":{"origin":22497,"position":2},"title":"GUITARRA 40&#8243; MADERA 40N","date":"3 de mayo de 2023","format":false,"excerpt":"","rel":"","context":"Entrada similar","img":{"alt_text":"","src":"","width":0,"height":0},"classes":[]},{"id":23396,"url":"https:\/\/comerciallin.com\/index.php\/producto\/guitarra-41-madera-sb-737\/","url_meta":{"origin":22497,"position":3},"title":"GUITARRA 41&#8243; MADERA SB-737","date":"27 de abril de 2023","format":false,"excerpt":"","rel":"","context":"Entrada similar","img":{"alt_text":"","src":"","width":0,"height":0},"classes":[]},{"id":23398,"url":"https:\/\/comerciallin.com\/index.php\/producto\/guitarra-41-madera-sb-747\/","url_meta":{"origin":22497,"position":4},"title":"GUITARRA 41&#8243; MADERA SB-747","date":"27 de abril de 2023","format":false,"excerpt":"","rel":"","context":"Entrada similar","img":{"alt_text":"","src":"","width":0,"height":0},"classes":[]},{"id":23749,"url":"https:\/\/comerciallin.com\/index.php\/producto\/guitarra-40-4010-fr01-fanatic\/","url_meta":{"origin":22497,"position":5},"title":"GUITARRA 40&#8243; 4010 FR01 FANATIC","date":"3 de mayo de 2023","format":false,"excerpt":"","rel":"","context":"Entrada similar","img":{"alt_text":"","src":"","width":0,"height":0},"classes":[]}],"jetpack_sharing_enabled":true,"jetpack_likes_enabled":true,"_links":{"self":[{"href":"https:\/\/comerciallin.com\/index.php\/wp-json\/wp\/v2\/product\/22497"}],"collection":[{"href":"https:\/\/comerciallin.com\/index.php\/wp-json\/wp\/v2\/product"}],"about":[{"href":"https:\/\/comerciallin.com\/index.php\/wp-json\/wp\/v2\/types\/product"}],"replies":[{"embeddable":true,"href":"https:\/\/comerciallin.com\/index.php\/wp-json\/wp\/v2\/comments?post=22497"}],"wp:featuredmedia":[{"embeddable":true,"href":"https:\/\/comerciallin.com\/index.php\/wp-json\/wp\/v2\/media\/24831"}],"wp:attachment":[{"href":"https:\/\/comerciallin.com\/index.php\/wp-json\/wp\/v2\/media?parent=22497"}],"wp:term":[{"taxonomy":"product_cat","embeddable":true,"href":"https:\/\/comerciallin.com\/index.php\/wp-json\/wp\/v2\/product_cat?post=22497"},{"taxonomy":"product_tag","embeddable":true,"href":"https:\/\/comerciallin.com\/index.php\/wp-json\/wp\/v2\/product_tag?post=22497"}],"curies":[{"name":"wp","href":"https:\/\/api.w.org\/{rel}","templated":true}]}}

<!-- This site is optimized with the Yoast SEO Premium plugin v17.4 (Yoast SEO v17.4) - https://yoast.com/wordpress/plugins/seo/ -->
<title>CAPO PARA GUITARRA 6 CUERDAS B4 NEGRO - tienda de electrónica y computación</title>
<meta name="robots" content="index, follow, max-snippet:-1, max-image-preview:large, max-video-preview:-1" />
<link rel="canonical" href="https://comerciallin.com/index.php/producto/capo-para-guitarra-6-cuerdas-b4/" />
<meta property="og:locale" content="es_ES" />
<meta property="og:type" content="article" />
<meta property="og:title" content="CAPO PARA GUITARRA 6 CUERDAS B4 NEGRO" />
<meta property="og:url" content="https://comerciallin.com/index.php/producto/capo-para-guitarra-6-cuerdas-b4/" />
<meta property="og:site_name" content="tienda de electrónica y computación" />
<meta property="article:modified_time" content="2025-01-14T18:54:59+00:00" />
<meta name="twitter:card" content="summary_large_image" />
<meta name="twitter:image" content="https://i0.wp.com/comerciallin.com/wp-content/uploads/2023/08/462010110501.png?fit=%2C&amp;ssl=1" />
<meta name="twitter:label1" content="Precio" />
	<meta name="twitter:data1" content="&#36;3,45" />
	<meta name="twitter:label2" content="Availability" />
	<meta name="twitter:data2" content="In stock" />
<script type="application/ld+json" class="yoast-schema-graph">{"@context":"https://schema.org","@graph":[{"@type":"WebSite","@id":"https://comerciallin.com/#website","url":"https://comerciallin.com/","name":"tienda de electr\u00f3nica y computaci\u00f3n","description":"Importadora de Electr\u00f3nica y Computaci\u00f3n","potentialAction":[{"@type":"SearchAction","target":{"@type":"EntryPoint","urlTemplate":"https://comerciallin.com/?s={search_term_string}"},"query-input":"required name=search_term_string"}],"inLanguage":"es"},{"@type":"ImageObject","@id":"https://comerciallin.com/index.php/producto/capo-para-guitarra-6-cuerdas-b4/#primaryimage","inLanguage":"es","url":"https://i0.wp.com/comerciallin.com/wp-content/uploads/2023/08/462010110501.png?fit=%2C&ssl=1","contentUrl":"https://i0.wp.com/comerciallin.com/wp-content/uploads/2023/08/462010110501.png?fit=%2C&ssl=1","caption":"CAPO PARA GUITARRA 6 CUERDAS B4"},{"@type":"WebPage","@id":"https://comerciallin.com/index.php/producto/capo-para-guitarra-6-cuerdas-b4/#webpage","url":"https://comerciallin.com/index.php/producto/capo-para-guitarra-6-cuerdas-b4/","name":"CAPO PARA GUITARRA 6 CUERDAS B4 NEGRO - tienda de electr\u00f3nica y computaci\u00f3n","isPartOf":{"@id":"https://comerciallin.com/#website"},"primaryImageOfPage":{"@id":"https://comerciallin.com/index.php/producto/capo-para-guitarra-6-cuerdas-b4/#primaryimage"},"datePublished":"2023-04-19T17:07:11+00:00","dateModified":"2025-01-14T18:54:59+00:00","breadcrumb":{"@id":"https://comerciallin.com/index.php/producto/capo-para-guitarra-6-cuerdas-b4/#breadcrumb"},"inLanguage":"es","potentialAction":[{"@type":"ReadAction","target":["https://comerciallin.com/index.php/producto/capo-para-guitarra-6-cuerdas-b4/"]}]},{"@type":"BreadcrumbList","@id":"https://comerciallin.com/index.php/producto/capo-para-guitarra-6-cuerdas-b4/#breadcrumb","itemListElement":[{"@type":"ListItem","position":1,"name":"Inicio","item":"https://comerciallin.com/"},{"@type":"ListItem","position":2,"name":"Shop","item":"https://comerciallin.com/?page_id=3853"},{"@type":"ListItem","position":3,"name":"CAPO PARA GUITARRA 6 CUERDAS B4 NEGRO"}]}]}</script>
<meta property="product:price:amount" content="3.45" />
<meta property="product:price:currency" content="USD" />
<meta property="og:availability" content="instock" />
<meta property="product:availability" content="instock" />
<meta property="product:retailer_item_id" content="462010110501" />
<meta property="product:condition" content="new" />
<!-- / Yoast SEO Premium plugin. -->

CAPO PARA GUITARRA 6 CUERDAS B4 NEGRO - tienda de electrónica y computación

tienda de electrónica y computación

Importadora de Electrónica y Computación
