{"id":22485,"date":"2023-04-19T12:07:09","date_gmt":"2023-04-19T17:07:09","guid":{"rendered":"https:\/\/comerciallin.com\/index.php\/producto\/union-hdmi-hdmi-hembra\/"},"modified":"2025-01-14T13:58:59","modified_gmt":"2025-01-14T18:58:59","slug":"union-hdmi-hdmi-hembra","status":"publish","type":"product","link":"https:\/\/comerciallin.com\/index.php\/producto\/union-hdmi-hdmi-hembra\/","title":{"rendered":"UNION HDMI &#8211; HDMI HEMBRA"},"content":{"rendered":"<p>El acoplador HDMI, conecta 2 cables de Alta Definici&oacute;n para un obtener un cable m&aacute;s largo. Transmite se&ntilde;ales de video de alta definici&oacute;n 1080P.<\/p>\n","protected":false},"excerpt":{"rendered":"<p>El acoplador HDMI, conecta 2 cables de Alta Definici&oacute;n para un obtener un cable m&aacute;s largo. Transmite se&ntilde;ales de video de alta definici&oacute;n 1080P.<\/p>\n","protected":false},"featured_media":25910,"comment_status":"open","ping_status":"closed","template":"","meta":{"spay_email":""},"product_cat":[881],"product_tag":[],"supplier_id":null,"supplier_sku":"","barcode":null,"atum_controlled":true,"out_stock_date":null,"out_stock_threshold":null,"inheritable":false,"inbound_stock":null,"stock_on_hold":0,"sold_today":0,"sales_last_days":0,"reserved_stock":null,"customer_returns":null,"warehouse_damage":null,"lost_in_post":null,"other_logs":null,"out_stock_days":0,"lost_sales":0,"has_location":null,"update_date":"2026-04-13T23:53:15","atum_locations":[],"atum_stock_status":"instock","restock_status":false,"low_stock_amount":"","sales_update_date":"2026-04-13T23:53:15","calc_backorders":null,"acf":[],"yoast_head":"<!-- This site is optimized with the Yoast SEO Premium plugin v17.4 (Yoast SEO v17.4) - https:\/\/yoast.com\/wordpress\/plugins\/seo\/ -->\n<title>UNION HDMI - HDMI HEMBRA - tienda de electr\u00f3nica y computaci\u00f3n<\/title>\n<meta name=\"robots\" content=\"index, follow, max-snippet:-1, max-image-preview:large, max-video-preview:-1\" \/>\n<link rel=\"canonical\" href=\"https:\/\/comerciallin.com\/index.php\/producto\/union-hdmi-hdmi-hembra\/\" \/>\n<meta property=\"og:locale\" content=\"es_ES\" \/>\n<meta property=\"og:type\" content=\"article\" \/>\n<meta property=\"og:title\" content=\"UNION HDMI - HDMI HEMBRA\" \/>\n<meta property=\"og:description\" content=\"El acoplador HDMI, conecta 2 cables de Alta Definici&oacute;n para un obtener un cable m&aacute;s largo. Transmite se&ntilde;ales de video de alta definici&oacute;n 1080P.\" \/>\n<meta property=\"og:url\" content=\"https:\/\/comerciallin.com\/index.php\/producto\/union-hdmi-hdmi-hembra\/\" \/>\n<meta property=\"og:site_name\" content=\"tienda de electr\u00f3nica y computaci\u00f3n\" \/>\n<meta property=\"article:modified_time\" content=\"2025-01-14T18:58:59+00:00\" \/>\n<meta property=\"og:image\" content=\"https:\/\/comerciallin.com\/wp-content\/uploads\/2023\/11\/373030130201.jpg\" \/>\n\t<meta property=\"og:image:width\" content=\"1512\" \/>\n\t<meta property=\"og:image:height\" content=\"1512\" \/>\n<meta name=\"twitter:card\" content=\"summary_large_image\" \/>\n<meta name=\"twitter:label1\" content=\"Precio\" \/>\n\t<meta name=\"twitter:data1\" content=\"&#36;2,30\" \/>\n\t<meta name=\"twitter:label2\" content=\"Availability\" \/>\n\t<meta name=\"twitter:data2\" content=\"In stock\" \/>\n<script type=\"application\/ld+json\" class=\"yoast-schema-graph\">{\"@context\":\"https:\/\/schema.org\",\"@graph\":[{\"@type\":\"WebSite\",\"@id\":\"https:\/\/comerciallin.com\/#website\",\"url\":\"https:\/\/comerciallin.com\/\",\"name\":\"tienda de electr\\u00f3nica y computaci\\u00f3n\",\"description\":\"Importadora de Electr\\u00f3nica y Computaci\\u00f3n\",\"potentialAction\":[{\"@type\":\"SearchAction\",\"target\":{\"@type\":\"EntryPoint\",\"urlTemplate\":\"https:\/\/comerciallin.com\/?s={search_term_string}\"},\"query-input\":\"required name=search_term_string\"}],\"inLanguage\":\"es\"},{\"@type\":\"ImageObject\",\"@id\":\"https:\/\/comerciallin.com\/index.php\/producto\/union-hdmi-hdmi-hembra\/#primaryimage\",\"inLanguage\":\"es\",\"url\":\"https:\/\/i0.wp.com\/comerciallin.com\/wp-content\/uploads\/2023\/11\/373030130201.jpg?fit=1512%2C1512&ssl=1\",\"contentUrl\":\"https:\/\/i0.wp.com\/comerciallin.com\/wp-content\/uploads\/2023\/11\/373030130201.jpg?fit=1512%2C1512&ssl=1\",\"width\":1512,\"height\":1512,\"caption\":\"UNION HDMI - HDMI HEMBRA\"},{\"@type\":\"WebPage\",\"@id\":\"https:\/\/comerciallin.com\/index.php\/producto\/union-hdmi-hdmi-hembra\/#webpage\",\"url\":\"https:\/\/comerciallin.com\/index.php\/producto\/union-hdmi-hdmi-hembra\/\",\"name\":\"UNION HDMI - HDMI HEMBRA - tienda de electr\\u00f3nica y computaci\\u00f3n\",\"isPartOf\":{\"@id\":\"https:\/\/comerciallin.com\/#website\"},\"primaryImageOfPage\":{\"@id\":\"https:\/\/comerciallin.com\/index.php\/producto\/union-hdmi-hdmi-hembra\/#primaryimage\"},\"datePublished\":\"2023-04-19T17:07:09+00:00\",\"dateModified\":\"2025-01-14T18:58:59+00:00\",\"breadcrumb\":{\"@id\":\"https:\/\/comerciallin.com\/index.php\/producto\/union-hdmi-hdmi-hembra\/#breadcrumb\"},\"inLanguage\":\"es\",\"potentialAction\":[{\"@type\":\"ReadAction\",\"target\":[\"https:\/\/comerciallin.com\/index.php\/producto\/union-hdmi-hdmi-hembra\/\"]}]},{\"@type\":\"BreadcrumbList\",\"@id\":\"https:\/\/comerciallin.com\/index.php\/producto\/union-hdmi-hdmi-hembra\/#breadcrumb\",\"itemListElement\":[{\"@type\":\"ListItem\",\"position\":1,\"name\":\"Inicio\",\"item\":\"https:\/\/comerciallin.com\/\"},{\"@type\":\"ListItem\",\"position\":2,\"name\":\"Shop\",\"item\":\"https:\/\/comerciallin.com\/?page_id=3853\"},{\"@type\":\"ListItem\",\"position\":3,\"name\":\"UNION HDMI &#8211; HDMI HEMBRA\"}]}]}<\/script>\n<meta property=\"product:price:amount\" content=\"2.30\" \/>\n<meta property=\"product:price:currency\" content=\"USD\" \/>\n<meta property=\"og:availability\" content=\"instock\" \/>\n<meta property=\"product:availability\" content=\"instock\" \/>\n<meta property=\"product:retailer_item_id\" content=\"373030130201\" \/>\n<meta property=\"product:condition\" content=\"new\" \/>\n<!-- \/ Yoast SEO Premium plugin. -->","yoast_head_json":{"title":"UNION HDMI - HDMI HEMBRA - tienda de electr\u00f3nica y computaci\u00f3n","robots":{"index":"index","follow":"follow","max-snippet":"max-snippet:-1","max-image-preview":"max-image-preview:large","max-video-preview":"max-video-preview:-1"},"canonical":"https:\/\/comerciallin.com\/index.php\/producto\/union-hdmi-hdmi-hembra\/","og_locale":"es_ES","og_type":"article","og_title":"UNION HDMI - HDMI HEMBRA","og_description":"El acoplador HDMI, conecta 2 cables de Alta Definici&oacute;n para un obtener un cable m&aacute;s largo. Transmite se&ntilde;ales de video de alta definici&oacute;n 1080P.","og_url":"https:\/\/comerciallin.com\/index.php\/producto\/union-hdmi-hdmi-hembra\/","og_site_name":"tienda de electr\u00f3nica y computaci\u00f3n","article_modified_time":"2025-01-14T18:58:59+00:00","og_image":[{"width":1512,"height":1512,"url":"https:\/\/comerciallin.com\/wp-content\/uploads\/2023\/11\/373030130201.jpg","type":"image\/jpeg"}],"twitter_card":"summary_large_image","twitter_misc":{"Precio":"&#36;2,30","Availability":"In stock"},"schema":{"@context":"https:\/\/schema.org","@graph":[{"@type":"WebSite","@id":"https:\/\/comerciallin.com\/#website","url":"https:\/\/comerciallin.com\/","name":"tienda de electr\u00f3nica y computaci\u00f3n","description":"Importadora de Electr\u00f3nica y Computaci\u00f3n","potentialAction":[{"@type":"SearchAction","target":{"@type":"EntryPoint","urlTemplate":"https:\/\/comerciallin.com\/?s={search_term_string}"},"query-input":"required name=search_term_string"}],"inLanguage":"es"},{"@type":"ImageObject","@id":"https:\/\/comerciallin.com\/index.php\/producto\/union-hdmi-hdmi-hembra\/#primaryimage","inLanguage":"es","url":"https:\/\/i0.wp.com\/comerciallin.com\/wp-content\/uploads\/2023\/11\/373030130201.jpg?fit=1512%2C1512&ssl=1","contentUrl":"https:\/\/i0.wp.com\/comerciallin.com\/wp-content\/uploads\/2023\/11\/373030130201.jpg?fit=1512%2C1512&ssl=1","width":1512,"height":1512,"caption":"UNION HDMI - HDMI HEMBRA"},{"@type":"WebPage","@id":"https:\/\/comerciallin.com\/index.php\/producto\/union-hdmi-hdmi-hembra\/#webpage","url":"https:\/\/comerciallin.com\/index.php\/producto\/union-hdmi-hdmi-hembra\/","name":"UNION HDMI - HDMI HEMBRA - tienda de electr\u00f3nica y computaci\u00f3n","isPartOf":{"@id":"https:\/\/comerciallin.com\/#website"},"primaryImageOfPage":{"@id":"https:\/\/comerciallin.com\/index.php\/producto\/union-hdmi-hdmi-hembra\/#primaryimage"},"datePublished":"2023-04-19T17:07:09+00:00","dateModified":"2025-01-14T18:58:59+00:00","breadcrumb":{"@id":"https:\/\/comerciallin.com\/index.php\/producto\/union-hdmi-hdmi-hembra\/#breadcrumb"},"inLanguage":"es","potentialAction":[{"@type":"ReadAction","target":["https:\/\/comerciallin.com\/index.php\/producto\/union-hdmi-hdmi-hembra\/"]}]},{"@type":"BreadcrumbList","@id":"https:\/\/comerciallin.com\/index.php\/producto\/union-hdmi-hdmi-hembra\/#breadcrumb","itemListElement":[{"@type":"ListItem","position":1,"name":"Inicio","item":"https:\/\/comerciallin.com\/"},{"@type":"ListItem","position":2,"name":"Shop","item":"https:\/\/comerciallin.com\/?page_id=3853"},{"@type":"ListItem","position":3,"name":"UNION HDMI &#8211; HDMI HEMBRA"}]}]},"product_price_amount":"2.30","product_price_currency":"USD","og_availability":"instock","product_availability":"instock","product_retailer_item_id":"373030130201","product_condition":"new"},"jetpack-related-posts":[{"id":25848,"url":"https:\/\/comerciallin.com\/index.php\/producto\/cable-hdmi-20mt\/","url_meta":{"origin":22485,"position":0},"title":"CABLE HDMI &#8211; 20MT","date":"17 de noviembre de 2023","format":false,"excerpt":"Disfruta de una imagen n\u00edtida y clara con nuestros cables HDMI! Nuestros cables HDMI est\u00e1n dise\u00f1ados para ofrecer una imagen n\u00edtida y clara, incluso en resoluciones 4K y 8K. Est\u00e1n fabricados con materiales de alta calidad y est\u00e1n cubiertos con un revestimiento resistente al desgaste. \u00a1P\u00eddelos hoy mismo y disfruta\u2026","rel":"","context":"Entrada similar","img":{"alt_text":"","src":"","width":0,"height":0},"classes":[]},{"id":25847,"url":"https:\/\/comerciallin.com\/index.php\/producto\/cable-hdmi-15mt-2\/","url_meta":{"origin":22485,"position":1},"title":"CABLE HDMI &#8211; 15MT","date":"17 de noviembre de 2023","format":false,"excerpt":"Disfruta de una imagen n\u00edtida y clara con nuestros cables HDMI! Nuestros cables HDMI est\u00e1n dise\u00f1ados para ofrecer una imagen n\u00edtida y clara, incluso en resoluciones 4K y 8K. Est\u00e1n fabricados con materiales de alta calidad y est\u00e1n cubiertos con un revestimiento resistente al desgaste. \u00a1P\u00eddelos hoy mismo y disfruta\u2026","rel":"","context":"Entrada similar","img":{"alt_text":"","src":"","width":0,"height":0},"classes":[]},{"id":19649,"url":"https:\/\/comerciallin.com\/index.php\/producto\/cable-hdmi-5mt\/","url_meta":{"origin":22485,"position":2},"title":"CABLE HDMI &#8211; 5MT","date":"7 de noviembre de 2022","format":false,"excerpt":"Cable Hdmi 5 Metros","rel":"","context":"Entrada similar","img":{"alt_text":"","src":"","width":0,"height":0},"classes":[]},{"id":19651,"url":"https:\/\/comerciallin.com\/index.php\/producto\/cable-hdmi-30mt\/","url_meta":{"origin":22485,"position":3},"title":"CABLE HDMI &#8211; 30MT","date":"7 de noviembre de 2022","format":false,"excerpt":"Cable Hdmi 30 Metros","rel":"","context":"Entrada similar","img":{"alt_text":"","src":"","width":0,"height":0},"classes":[]},{"id":19653,"url":"https:\/\/comerciallin.com\/index.php\/producto\/cable-hdmi-10mt\/","url_meta":{"origin":22485,"position":4},"title":"CABLE HDMI &#8211; 10MT","date":"7 de noviembre de 2022","format":false,"excerpt":"Cable Hdmi 10 Metros","rel":"","context":"Entrada similar","img":{"alt_text":"","src":"","width":0,"height":0},"classes":[]},{"id":19721,"url":"https:\/\/comerciallin.com\/index.php\/producto\/cable-hdmi-15mt\/","url_meta":{"origin":22485,"position":5},"title":"CABLE HDMI &#8211; 15MT","date":"8 de noviembre de 2022","format":false,"excerpt":"Cable HDMi reforzado de 15 metros","rel":"","context":"Entrada similar","img":{"alt_text":"","src":"","width":0,"height":0},"classes":[]}],"jetpack_sharing_enabled":true,"jetpack_likes_enabled":true,"_links":{"self":[{"href":"https:\/\/comerciallin.com\/index.php\/wp-json\/wp\/v2\/product\/22485"}],"collection":[{"href":"https:\/\/comerciallin.com\/index.php\/wp-json\/wp\/v2\/product"}],"about":[{"href":"https:\/\/comerciallin.com\/index.php\/wp-json\/wp\/v2\/types\/product"}],"replies":[{"embeddable":true,"href":"https:\/\/comerciallin.com\/index.php\/wp-json\/wp\/v2\/comments?post=22485"}],"wp:featuredmedia":[{"embeddable":true,"href":"https:\/\/comerciallin.com\/index.php\/wp-json\/wp\/v2\/media\/25910"}],"wp:attachment":[{"href":"https:\/\/comerciallin.com\/index.php\/wp-json\/wp\/v2\/media?parent=22485"}],"wp:term":[{"taxonomy":"product_cat","embeddable":true,"href":"https:\/\/comerciallin.com\/index.php\/wp-json\/wp\/v2\/product_cat?post=22485"},{"taxonomy":"product_tag","embeddable":true,"href":"https:\/\/comerciallin.com\/index.php\/wp-json\/wp\/v2\/product_tag?post=22485"}],"curies":[{"name":"wp","href":"https:\/\/api.w.org\/{rel}","templated":true}]}}