{"id":22479,"date":"2023-04-19T12:07:08","date_gmt":"2023-04-19T17:07:08","guid":{"rendered":"https:\/\/comerciallin.com\/index.php\/producto\/hdd-all-in-one-double-dock\/"},"modified":"2025-01-14T13:56:24","modified_gmt":"2025-01-14T18:56:24","slug":"hdd-all-in-one-double-dock","status":"publish","type":"product","link":"https:\/\/comerciallin.com\/index.php\/producto\/hdd-all-in-one-double-dock\/","title":{"rendered":"HDD ALL IN ONE DOUBLE DOCK"},"content":{"rendered":"","protected":false},"excerpt":{"rendered":"<ul>\n<li>Sin herramientas, plug and play<\/li>\n<li>USB3.0, transferencia de datos m&aacute;s r&aacute;pida, velocidad de transmisi&oacute;n de 6 Gbps<\/li>\n<li>Admite 2,5\/3,5 pulgadas SATA\/IDE HDD\/SSD, la expansi&oacute;n del almacenamiento es m&aacute;s<\/li>\n<li>conveniente y conveniente<\/li>\n<li>Tarjeta TF\/SD<\/li>\n<li>Con una fuente de alimentaci&oacute;n de 12V \/ 2A<\/li>\n<\/ul>\n","protected":false},"featured_media":24957,"comment_status":"open","ping_status":"closed","template":"","meta":{"spay_email":""},"product_cat":[789],"product_tag":[],"supplier_id":null,"supplier_sku":"","barcode":null,"atum_controlled":true,"out_stock_date":null,"out_stock_threshold":null,"inheritable":false,"inbound_stock":null,"stock_on_hold":0,"sold_today":0,"sales_last_days":0,"reserved_stock":null,"customer_returns":null,"warehouse_damage":null,"lost_in_post":null,"other_logs":null,"out_stock_days":0,"lost_sales":0,"has_location":null,"update_date":"2026-05-01T00:12:11","atum_locations":[],"atum_stock_status":"instock","restock_status":false,"low_stock_amount":"","sales_update_date":"2026-05-01T00:12:11","calc_backorders":null,"acf":[],"yoast_head":"<!-- This site is optimized with the Yoast SEO Premium plugin v17.4 (Yoast SEO v17.4) - https:\/\/yoast.com\/wordpress\/plugins\/seo\/ -->\n<title>HDD ALL IN ONE DOUBLE DOCK - tienda de electr\u00f3nica y computaci\u00f3n<\/title>\n<meta name=\"robots\" content=\"index, follow, max-snippet:-1, max-image-preview:large, max-video-preview:-1\" \/>\n<link rel=\"canonical\" href=\"https:\/\/comerciallin.com\/index.php\/producto\/hdd-all-in-one-double-dock\/\" \/>\n<meta property=\"og:locale\" content=\"es_ES\" \/>\n<meta property=\"og:type\" content=\"article\" \/>\n<meta property=\"og:title\" content=\"HDD ALL IN ONE DOUBLE DOCK\" \/>\n<meta property=\"og:description\" content=\"Sin herramientas, plug and play USB3.0, transferencia de datos m&aacute;s r&aacute;pida, velocidad de transmisi&oacute;n de 6 Gbps Admite 2,5\/3,5 pulgadas SATA\/IDE HDD\/SSD, la expansi&oacute;n del almacenamiento es m&aacute;s conveniente y conveniente Tarjeta TF\/SD Con una fuente de alimentaci&oacute;n de 12V \/ 2A\" \/>\n<meta property=\"og:url\" content=\"https:\/\/comerciallin.com\/index.php\/producto\/hdd-all-in-one-double-dock\/\" \/>\n<meta property=\"og:site_name\" content=\"tienda de electr\u00f3nica y computaci\u00f3n\" \/>\n<meta property=\"article:modified_time\" content=\"2025-01-14T18:56:24+00:00\" \/>\n<meta name=\"twitter:card\" content=\"summary_large_image\" \/>\n<meta name=\"twitter:image\" content=\"https:\/\/i0.wp.com\/comerciallin.com\/wp-content\/uploads\/2023\/08\/214030130201.png?fit=%2C&amp;ssl=1\" \/>\n<meta name=\"twitter:label1\" content=\"Precio\" \/>\n\t<meta name=\"twitter:data1\" content=\"&#36;32,20\" \/>\n\t<meta name=\"twitter:label2\" content=\"Availability\" \/>\n\t<meta name=\"twitter:data2\" content=\"In stock\" \/>\n<script type=\"application\/ld+json\" class=\"yoast-schema-graph\">{\"@context\":\"https:\/\/schema.org\",\"@graph\":[{\"@type\":\"WebSite\",\"@id\":\"https:\/\/comerciallin.com\/#website\",\"url\":\"https:\/\/comerciallin.com\/\",\"name\":\"tienda de electr\\u00f3nica y computaci\\u00f3n\",\"description\":\"Importadora de Electr\\u00f3nica y Computaci\\u00f3n\",\"potentialAction\":[{\"@type\":\"SearchAction\",\"target\":{\"@type\":\"EntryPoint\",\"urlTemplate\":\"https:\/\/comerciallin.com\/?s={search_term_string}\"},\"query-input\":\"required name=search_term_string\"}],\"inLanguage\":\"es\"},{\"@type\":\"ImageObject\",\"@id\":\"https:\/\/comerciallin.com\/index.php\/producto\/hdd-all-in-one-double-dock\/#primaryimage\",\"inLanguage\":\"es\",\"url\":\"https:\/\/i0.wp.com\/comerciallin.com\/wp-content\/uploads\/2023\/08\/214030130201.png?fit=%2C&ssl=1\",\"contentUrl\":\"https:\/\/i0.wp.com\/comerciallin.com\/wp-content\/uploads\/2023\/08\/214030130201.png?fit=%2C&ssl=1\",\"caption\":\"HDD ALL IN ONE DOUBLE DOCK\"},{\"@type\":\"WebPage\",\"@id\":\"https:\/\/comerciallin.com\/index.php\/producto\/hdd-all-in-one-double-dock\/#webpage\",\"url\":\"https:\/\/comerciallin.com\/index.php\/producto\/hdd-all-in-one-double-dock\/\",\"name\":\"HDD ALL IN ONE DOUBLE DOCK - tienda de electr\\u00f3nica y computaci\\u00f3n\",\"isPartOf\":{\"@id\":\"https:\/\/comerciallin.com\/#website\"},\"primaryImageOfPage\":{\"@id\":\"https:\/\/comerciallin.com\/index.php\/producto\/hdd-all-in-one-double-dock\/#primaryimage\"},\"datePublished\":\"2023-04-19T17:07:08+00:00\",\"dateModified\":\"2025-01-14T18:56:24+00:00\",\"breadcrumb\":{\"@id\":\"https:\/\/comerciallin.com\/index.php\/producto\/hdd-all-in-one-double-dock\/#breadcrumb\"},\"inLanguage\":\"es\",\"potentialAction\":[{\"@type\":\"ReadAction\",\"target\":[\"https:\/\/comerciallin.com\/index.php\/producto\/hdd-all-in-one-double-dock\/\"]}]},{\"@type\":\"BreadcrumbList\",\"@id\":\"https:\/\/comerciallin.com\/index.php\/producto\/hdd-all-in-one-double-dock\/#breadcrumb\",\"itemListElement\":[{\"@type\":\"ListItem\",\"position\":1,\"name\":\"Inicio\",\"item\":\"https:\/\/comerciallin.com\/\"},{\"@type\":\"ListItem\",\"position\":2,\"name\":\"Shop\",\"item\":\"https:\/\/comerciallin.com\/?page_id=3853\"},{\"@type\":\"ListItem\",\"position\":3,\"name\":\"HDD ALL IN ONE DOUBLE DOCK\"}]}]}<\/script>\n<meta property=\"product:price:amount\" content=\"32.20\" \/>\n<meta property=\"product:price:currency\" content=\"USD\" \/>\n<meta property=\"og:availability\" content=\"instock\" \/>\n<meta property=\"product:availability\" content=\"instock\" \/>\n<meta property=\"product:retailer_item_id\" content=\"214030130201\" \/>\n<meta property=\"product:condition\" content=\"new\" \/>\n<!-- \/ Yoast SEO Premium plugin. -->","yoast_head_json":{"title":"HDD ALL IN ONE DOUBLE DOCK - tienda de electr\u00f3nica y computaci\u00f3n","robots":{"index":"index","follow":"follow","max-snippet":"max-snippet:-1","max-image-preview":"max-image-preview:large","max-video-preview":"max-video-preview:-1"},"canonical":"https:\/\/comerciallin.com\/index.php\/producto\/hdd-all-in-one-double-dock\/","og_locale":"es_ES","og_type":"article","og_title":"HDD ALL IN ONE DOUBLE DOCK","og_description":"Sin herramientas, plug and play USB3.0, transferencia de datos m&aacute;s r&aacute;pida, velocidad de transmisi&oacute;n de 6 Gbps Admite 2,5\/3,5 pulgadas SATA\/IDE HDD\/SSD, la expansi&oacute;n del almacenamiento es m&aacute;s conveniente y conveniente Tarjeta TF\/SD Con una fuente de alimentaci&oacute;n de 12V \/ 2A","og_url":"https:\/\/comerciallin.com\/index.php\/producto\/hdd-all-in-one-double-dock\/","og_site_name":"tienda de electr\u00f3nica y computaci\u00f3n","article_modified_time":"2025-01-14T18:56:24+00:00","twitter_card":"summary_large_image","twitter_image":"https:\/\/i0.wp.com\/comerciallin.com\/wp-content\/uploads\/2023\/08\/214030130201.png?fit=%2C&ssl=1","twitter_misc":{"Precio":"&#36;32,20","Availability":"In stock"},"schema":{"@context":"https:\/\/schema.org","@graph":[{"@type":"WebSite","@id":"https:\/\/comerciallin.com\/#website","url":"https:\/\/comerciallin.com\/","name":"tienda de electr\u00f3nica y computaci\u00f3n","description":"Importadora de Electr\u00f3nica y Computaci\u00f3n","potentialAction":[{"@type":"SearchAction","target":{"@type":"EntryPoint","urlTemplate":"https:\/\/comerciallin.com\/?s={search_term_string}"},"query-input":"required name=search_term_string"}],"inLanguage":"es"},{"@type":"ImageObject","@id":"https:\/\/comerciallin.com\/index.php\/producto\/hdd-all-in-one-double-dock\/#primaryimage","inLanguage":"es","url":"https:\/\/i0.wp.com\/comerciallin.com\/wp-content\/uploads\/2023\/08\/214030130201.png?fit=%2C&ssl=1","contentUrl":"https:\/\/i0.wp.com\/comerciallin.com\/wp-content\/uploads\/2023\/08\/214030130201.png?fit=%2C&ssl=1","caption":"HDD ALL IN ONE DOUBLE DOCK"},{"@type":"WebPage","@id":"https:\/\/comerciallin.com\/index.php\/producto\/hdd-all-in-one-double-dock\/#webpage","url":"https:\/\/comerciallin.com\/index.php\/producto\/hdd-all-in-one-double-dock\/","name":"HDD ALL IN ONE DOUBLE DOCK - tienda de electr\u00f3nica y computaci\u00f3n","isPartOf":{"@id":"https:\/\/comerciallin.com\/#website"},"primaryImageOfPage":{"@id":"https:\/\/comerciallin.com\/index.php\/producto\/hdd-all-in-one-double-dock\/#primaryimage"},"datePublished":"2023-04-19T17:07:08+00:00","dateModified":"2025-01-14T18:56:24+00:00","breadcrumb":{"@id":"https:\/\/comerciallin.com\/index.php\/producto\/hdd-all-in-one-double-dock\/#breadcrumb"},"inLanguage":"es","potentialAction":[{"@type":"ReadAction","target":["https:\/\/comerciallin.com\/index.php\/producto\/hdd-all-in-one-double-dock\/"]}]},{"@type":"BreadcrumbList","@id":"https:\/\/comerciallin.com\/index.php\/producto\/hdd-all-in-one-double-dock\/#breadcrumb","itemListElement":[{"@type":"ListItem","position":1,"name":"Inicio","item":"https:\/\/comerciallin.com\/"},{"@type":"ListItem","position":2,"name":"Shop","item":"https:\/\/comerciallin.com\/?page_id=3853"},{"@type":"ListItem","position":3,"name":"HDD ALL IN ONE DOUBLE DOCK"}]}]},"product_price_amount":"32.20","product_price_currency":"USD","og_availability":"instock","product_availability":"instock","product_retailer_item_id":"214030130201","product_condition":"new"},"jetpack-related-posts":[{"id":18892,"url":"https:\/\/comerciallin.com\/index.php\/producto\/enclousure-2-5-usb-3-0-4tb-suport-trans\/","url_meta":{"origin":22479,"position":0},"title":"ENCLOUSURE 2.5&#8243; USB 3.0 4TB SUPORT TRANS","date":"7 de noviembre de 2022","format":false,"excerpt":"Enclouser 2,5 pulgadas carcasa de disco azul transparente, puede transferir 2.5 SATA SSD \/ HDD a la interfaz USB 3.0, una buena opci\u00f3n para la transferencia de datos y la copia de seguridad.","rel":"","context":"Entrada similar","img":{"alt_text":"","src":"","width":0,"height":0},"classes":[]},{"id":22495,"url":"https:\/\/comerciallin.com\/index.php\/producto\/enclosure-2-5-usb-3-0\/","url_meta":{"origin":22479,"position":1},"title":"ENCLOSURE 2.5&#8243; USB 3.0","date":"19 de abril de 2023","format":false,"excerpt":"Modelo: carcasa HDD externa Interfaz de salida: TYPE-A USB 3,0 Interfaz interior: 2,5 SATA Colores: plata, negro Garant\u00eda: Garant\u00eda de 1 a\u00f1o Apoyo:Disco duro SATA HDD 2,5","rel":"","context":"Entrada similar","img":{"alt_text":"","src":"","width":0,"height":0},"classes":[]},{"id":18715,"url":"https:\/\/comerciallin.com\/index.php\/producto\/base-disco-duro-2-5-a-3-5-rack\/","url_meta":{"origin":22479,"position":2},"title":"BASE DISCO DURO 2.5 A 3.5 RACK","date":"7 de noviembre de 2022","format":false,"excerpt":"Hasta 2 x 2,5\u2033 los SSD o discos duros en un solo est\u00e1ndar de 3.5\u2033 Compatible con discos SSD \/ HDD de 3.5\u2033 PC Bay. Hecho de pl\u00e1stico durable Negro Incluye tornillos de montaje","rel":"","context":"Entrada similar","img":{"alt_text":"BASE DISCO DURO 2.5 A 3.5 RACK","src":"https:\/\/i0.wp.com\/comerciallin.com\/wp-content\/uploads\/2023\/02\/729030120601.jpg?fit=992%2C744&ssl=1&resize=350%2C200","width":350,"height":200},"classes":[]},{"id":18779,"url":"https:\/\/comerciallin.com\/index.php\/producto\/charger-doctor\/","url_meta":{"origin":22479,"position":3},"title":"CHARGER DOCTOR","date":"7 de noviembre de 2022","format":false,"excerpt":"Verifique la potencia de salida de su puerto USB al dispositivo final y lea la corriente y el voltaje directamente en tiempo real. Nuestro AZDelivery USB Charger Doctor admite 0,0 A - 3,0 A \/ 3,5 V - 7,0 V con una precisi\u00f3n de 0,01 A y 0,01 V. Adquieres\u2026","rel":"","context":"Entrada similar","img":{"alt_text":"","src":"","width":0,"height":0},"classes":[]},{"id":19351,"url":"https:\/\/comerciallin.com\/index.php\/producto\/impresora-multifuncion-epson-l3210\/","url_meta":{"origin":22479,"position":4},"title":"IMPRESORA MULTIFUNCION EPSON L3210","date":"7 de noviembre de 2022","format":false,"excerpt":"Impresora EcoTank L3210 Botellas de tinta de inicializaci\u00f3n Cable de corriente AC Cable USB CD con drivers (Windows) Documentaci\u00f3n y garant\u00eda","rel":"","context":"Entrada similar","img":{"alt_text":"","src":"","width":0,"height":0},"classes":[]}],"jetpack_sharing_enabled":true,"jetpack_likes_enabled":true,"_links":{"self":[{"href":"https:\/\/comerciallin.com\/index.php\/wp-json\/wp\/v2\/product\/22479"}],"collection":[{"href":"https:\/\/comerciallin.com\/index.php\/wp-json\/wp\/v2\/product"}],"about":[{"href":"https:\/\/comerciallin.com\/index.php\/wp-json\/wp\/v2\/types\/product"}],"replies":[{"embeddable":true,"href":"https:\/\/comerciallin.com\/index.php\/wp-json\/wp\/v2\/comments?post=22479"}],"wp:featuredmedia":[{"embeddable":true,"href":"https:\/\/comerciallin.com\/index.php\/wp-json\/wp\/v2\/media\/24957"}],"wp:attachment":[{"href":"https:\/\/comerciallin.com\/index.php\/wp-json\/wp\/v2\/media?parent=22479"}],"wp:term":[{"taxonomy":"product_cat","embeddable":true,"href":"https:\/\/comerciallin.com\/index.php\/wp-json\/wp\/v2\/product_cat?post=22479"},{"taxonomy":"product_tag","embeddable":true,"href":"https:\/\/comerciallin.com\/index.php\/wp-json\/wp\/v2\/product_tag?post=22479"}],"curies":[{"name":"wp","href":"https:\/\/api.w.org\/{rel}","templated":true}]}}