{"id":20713,"date":"2022-11-09T15:05:36","date_gmt":"2022-11-09T20:05:36","guid":{"rendered":"https:\/\/comerciallin.com\/index.php\/producto\/silla-gamer-kl-8190-azul\/"},"modified":"2025-01-14T13:57:34","modified_gmt":"2025-01-14T18:57:34","slug":"silla-gamer-kl-8190-azul","status":"publish","type":"product","link":"https:\/\/comerciallin.com\/index.php\/producto\/silla-gamer-kl-8190-azul\/","title":{"rendered":"SILLA GAMER KL-8190 AZUL"},"content":{"rendered":"<ul>\n<li>Espaldar y asiento tapizado en cuerina<\/li>\n<li>Color Azul<\/li>\n<li>Espaldar reclinable hasta 180&deg;<\/li>\n<li>Brazos en PU regulables en altura y angulo<\/li>\n<li>Rueda PU con color 50 mm<\/li>\n<li>Apoya pies retractil<\/li>\n<li>F&aacute;cil de armar y usar<\/li>\n<\/ul>\n","protected":false},"excerpt":{"rendered":"<ul>\n<li>Espaldar y asiento tapizado en cuerina<\/li>\n<li>Color Azul<\/li>\n<li>Espaldar reclinable hasta 180&deg;<\/li>\n<li>Brazos en PU regulables en altura y angulo<\/li>\n<li>Rueda PU con color 50 mm<\/li>\n<li>Apoya pies retractil<\/li>\n<li>F&aacute;cil de armar y usar<\/li>\n<\/ul>\n","protected":false},"featured_media":21992,"comment_status":"open","ping_status":"closed","template":"","meta":{"spay_email":""},"product_cat":[827],"product_tag":[],"supplier_id":null,"supplier_sku":"","barcode":null,"atum_controlled":true,"out_stock_date":null,"out_stock_threshold":null,"inheritable":false,"inbound_stock":null,"stock_on_hold":0,"sold_today":0,"sales_last_days":0,"reserved_stock":null,"customer_returns":null,"warehouse_damage":null,"lost_in_post":null,"other_logs":null,"out_stock_days":0,"lost_sales":0,"has_location":null,"update_date":"2026-04-28T00:11:07","atum_locations":[],"atum_stock_status":"instock","restock_status":false,"low_stock_amount":"","sales_update_date":"2026-04-28T00:11:07","calc_backorders":null,"acf":[],"yoast_head":"<!-- This site is optimized with the Yoast SEO Premium plugin v17.4 (Yoast SEO v17.4) - https:\/\/yoast.com\/wordpress\/plugins\/seo\/ -->\n<title>SILLA GAMER KL-8190 AZUL - tienda de electr\u00f3nica y computaci\u00f3n<\/title>\n<meta name=\"robots\" content=\"index, follow, max-snippet:-1, max-image-preview:large, max-video-preview:-1\" \/>\n<link rel=\"canonical\" href=\"https:\/\/comerciallin.com\/index.php\/producto\/silla-gamer-kl-8190-azul\/\" \/>\n<meta property=\"og:locale\" content=\"es_ES\" \/>\n<meta property=\"og:type\" content=\"article\" \/>\n<meta property=\"og:title\" content=\"SILLA GAMER KL-8190 AZUL\" \/>\n<meta property=\"og:description\" content=\"Espaldar y asiento tapizado en cuerina Color Azul Espaldar reclinable hasta 180&deg; Brazos en PU regulables en altura y angulo Rueda PU con color 50 mm Apoya pies retractil F&aacute;cil de armar y usar\" \/>\n<meta property=\"og:url\" content=\"https:\/\/comerciallin.com\/index.php\/producto\/silla-gamer-kl-8190-azul\/\" \/>\n<meta property=\"og:site_name\" content=\"tienda de electr\u00f3nica y computaci\u00f3n\" \/>\n<meta property=\"article:modified_time\" content=\"2025-01-14T18:57:34+00:00\" \/>\n<meta name=\"twitter:card\" content=\"summary_large_image\" \/>\n<meta name=\"twitter:image\" content=\"https:\/\/i0.wp.com\/comerciallin.com\/wp-content\/uploads\/2023\/02\/706140110101.jpg?fit=%2C&amp;ssl=1\" \/>\n<meta name=\"twitter:label1\" content=\"Precio\" \/>\n\t<meta name=\"twitter:data1\" content=\"&#36;97,75\" \/>\n\t<meta name=\"twitter:label2\" content=\"Availability\" \/>\n\t<meta name=\"twitter:data2\" content=\"In stock\" \/>\n<script type=\"application\/ld+json\" class=\"yoast-schema-graph\">{\"@context\":\"https:\/\/schema.org\",\"@graph\":[{\"@type\":\"WebSite\",\"@id\":\"https:\/\/comerciallin.com\/#website\",\"url\":\"https:\/\/comerciallin.com\/\",\"name\":\"tienda de electr\\u00f3nica y computaci\\u00f3n\",\"description\":\"Importadora de Electr\\u00f3nica y Computaci\\u00f3n\",\"potentialAction\":[{\"@type\":\"SearchAction\",\"target\":{\"@type\":\"EntryPoint\",\"urlTemplate\":\"https:\/\/comerciallin.com\/?s={search_term_string}\"},\"query-input\":\"required name=search_term_string\"}],\"inLanguage\":\"es\"},{\"@type\":\"ImageObject\",\"@id\":\"https:\/\/comerciallin.com\/index.php\/producto\/silla-gamer-kl-8190-azul\/#primaryimage\",\"inLanguage\":\"es\",\"url\":\"https:\/\/i0.wp.com\/comerciallin.com\/wp-content\/uploads\/2023\/02\/706140110101.jpg?fit=%2C&ssl=1\",\"contentUrl\":\"https:\/\/i0.wp.com\/comerciallin.com\/wp-content\/uploads\/2023\/02\/706140110101.jpg?fit=%2C&ssl=1\",\"caption\":\"SILLA GAMER KL-8190 AZUL\"},{\"@type\":\"WebPage\",\"@id\":\"https:\/\/comerciallin.com\/index.php\/producto\/silla-gamer-kl-8190-azul\/#webpage\",\"url\":\"https:\/\/comerciallin.com\/index.php\/producto\/silla-gamer-kl-8190-azul\/\",\"name\":\"SILLA GAMER KL-8190 AZUL - tienda de electr\\u00f3nica y computaci\\u00f3n\",\"isPartOf\":{\"@id\":\"https:\/\/comerciallin.com\/#website\"},\"primaryImageOfPage\":{\"@id\":\"https:\/\/comerciallin.com\/index.php\/producto\/silla-gamer-kl-8190-azul\/#primaryimage\"},\"datePublished\":\"2022-11-09T20:05:36+00:00\",\"dateModified\":\"2025-01-14T18:57:34+00:00\",\"breadcrumb\":{\"@id\":\"https:\/\/comerciallin.com\/index.php\/producto\/silla-gamer-kl-8190-azul\/#breadcrumb\"},\"inLanguage\":\"es\",\"potentialAction\":[{\"@type\":\"ReadAction\",\"target\":[\"https:\/\/comerciallin.com\/index.php\/producto\/silla-gamer-kl-8190-azul\/\"]}]},{\"@type\":\"BreadcrumbList\",\"@id\":\"https:\/\/comerciallin.com\/index.php\/producto\/silla-gamer-kl-8190-azul\/#breadcrumb\",\"itemListElement\":[{\"@type\":\"ListItem\",\"position\":1,\"name\":\"Inicio\",\"item\":\"https:\/\/comerciallin.com\/\"},{\"@type\":\"ListItem\",\"position\":2,\"name\":\"Shop\",\"item\":\"https:\/\/comerciallin.com\/?page_id=3853\"},{\"@type\":\"ListItem\",\"position\":3,\"name\":\"SILLA GAMER KL-8190 AZUL\"}]}]}<\/script>\n<meta property=\"product:price:amount\" content=\"97.75\" \/>\n<meta property=\"product:price:currency\" content=\"USD\" \/>\n<meta property=\"og:availability\" content=\"instock\" \/>\n<meta property=\"product:availability\" content=\"instock\" \/>\n<meta property=\"product:retailer_item_id\" content=\"706140110101\" \/>\n<meta property=\"product:condition\" content=\"new\" \/>\n<!-- \/ Yoast SEO Premium plugin. -->","yoast_head_json":{"title":"SILLA GAMER KL-8190 AZUL - tienda de electr\u00f3nica y computaci\u00f3n","robots":{"index":"index","follow":"follow","max-snippet":"max-snippet:-1","max-image-preview":"max-image-preview:large","max-video-preview":"max-video-preview:-1"},"canonical":"https:\/\/comerciallin.com\/index.php\/producto\/silla-gamer-kl-8190-azul\/","og_locale":"es_ES","og_type":"article","og_title":"SILLA GAMER KL-8190 AZUL","og_description":"Espaldar y asiento tapizado en cuerina Color Azul Espaldar reclinable hasta 180&deg; Brazos en PU regulables en altura y angulo Rueda PU con color 50 mm Apoya pies retractil F&aacute;cil de armar y usar","og_url":"https:\/\/comerciallin.com\/index.php\/producto\/silla-gamer-kl-8190-azul\/","og_site_name":"tienda de electr\u00f3nica y computaci\u00f3n","article_modified_time":"2025-01-14T18:57:34+00:00","twitter_card":"summary_large_image","twitter_image":"https:\/\/i0.wp.com\/comerciallin.com\/wp-content\/uploads\/2023\/02\/706140110101.jpg?fit=%2C&ssl=1","twitter_misc":{"Precio":"&#36;97,75","Availability":"In stock"},"schema":{"@context":"https:\/\/schema.org","@graph":[{"@type":"WebSite","@id":"https:\/\/comerciallin.com\/#website","url":"https:\/\/comerciallin.com\/","name":"tienda de electr\u00f3nica y computaci\u00f3n","description":"Importadora de Electr\u00f3nica y Computaci\u00f3n","potentialAction":[{"@type":"SearchAction","target":{"@type":"EntryPoint","urlTemplate":"https:\/\/comerciallin.com\/?s={search_term_string}"},"query-input":"required name=search_term_string"}],"inLanguage":"es"},{"@type":"ImageObject","@id":"https:\/\/comerciallin.com\/index.php\/producto\/silla-gamer-kl-8190-azul\/#primaryimage","inLanguage":"es","url":"https:\/\/i0.wp.com\/comerciallin.com\/wp-content\/uploads\/2023\/02\/706140110101.jpg?fit=%2C&ssl=1","contentUrl":"https:\/\/i0.wp.com\/comerciallin.com\/wp-content\/uploads\/2023\/02\/706140110101.jpg?fit=%2C&ssl=1","caption":"SILLA GAMER KL-8190 AZUL"},{"@type":"WebPage","@id":"https:\/\/comerciallin.com\/index.php\/producto\/silla-gamer-kl-8190-azul\/#webpage","url":"https:\/\/comerciallin.com\/index.php\/producto\/silla-gamer-kl-8190-azul\/","name":"SILLA GAMER KL-8190 AZUL - tienda de electr\u00f3nica y computaci\u00f3n","isPartOf":{"@id":"https:\/\/comerciallin.com\/#website"},"primaryImageOfPage":{"@id":"https:\/\/comerciallin.com\/index.php\/producto\/silla-gamer-kl-8190-azul\/#primaryimage"},"datePublished":"2022-11-09T20:05:36+00:00","dateModified":"2025-01-14T18:57:34+00:00","breadcrumb":{"@id":"https:\/\/comerciallin.com\/index.php\/producto\/silla-gamer-kl-8190-azul\/#breadcrumb"},"inLanguage":"es","potentialAction":[{"@type":"ReadAction","target":["https:\/\/comerciallin.com\/index.php\/producto\/silla-gamer-kl-8190-azul\/"]}]},{"@type":"BreadcrumbList","@id":"https:\/\/comerciallin.com\/index.php\/producto\/silla-gamer-kl-8190-azul\/#breadcrumb","itemListElement":[{"@type":"ListItem","position":1,"name":"Inicio","item":"https:\/\/comerciallin.com\/"},{"@type":"ListItem","position":2,"name":"Shop","item":"https:\/\/comerciallin.com\/?page_id=3853"},{"@type":"ListItem","position":3,"name":"SILLA GAMER KL-8190 AZUL"}]}]},"product_price_amount":"97.75","product_price_currency":"USD","og_availability":"instock","product_availability":"instock","product_retailer_item_id":"706140110101","product_condition":"new"},"jetpack-related-posts":[{"id":20764,"url":"https:\/\/comerciallin.com\/index.php\/producto\/silla-gamer-ku-8225-azul\/","url_meta":{"origin":20713,"position":0},"title":"SILLA GAMER KU-8225 AZUL","date":"9 de noviembre de 2022","format":false,"excerpt":"Espaldar y asiento tapizado en cuerina Espaldar reclinable hasta 180\u00b0 Brazos en PU regulables en altura y angulo Rueda PU con color 50 mm Apoya pies retractil F\u00e1cil de armar y usar","rel":"","context":"Entrada similar","img":{"alt_text":"","src":"","width":0,"height":0},"classes":[]},{"id":20762,"url":"https:\/\/comerciallin.com\/index.php\/producto\/silla-gamer-ku-8225-roja\/","url_meta":{"origin":20713,"position":1},"title":"SILLA GAMER KU-8225 ROJA","date":"9 de noviembre de 2022","format":false,"excerpt":"Espaldar y asiento tapizado en cuerina Espaldar reclinable hasta 180\u00b0 Brazos en PU regulables en altura y angulo Rueda PU con color 50 mm Apoya pies retractil F\u00e1cil de armar y usar","rel":"","context":"Entrada similar","img":{"alt_text":"","src":"","width":0,"height":0},"classes":[]},{"id":20766,"url":"https:\/\/comerciallin.com\/index.php\/producto\/silla-gamer-ku-8225-golden\/","url_meta":{"origin":20713,"position":2},"title":"SILLA GAMER KU-8225 GOLDEN","date":"9 de noviembre de 2022","format":false,"excerpt":"Espaldar y asiento tapizado en cuerina Espaldar reclinable hasta 180\u00b0 Brazos en PU regulables en altura y angulo Rueda PU con color 50 mm Apoya pies retractil F\u00e1cil de armar y usar","rel":"","context":"Entrada similar","img":{"alt_text":"","src":"","width":0,"height":0},"classes":[]},{"id":20710,"url":"https:\/\/comerciallin.com\/index.php\/producto\/silla-gamer-kl-8190-negra\/","url_meta":{"origin":20713,"position":3},"title":"SILLA GAMER KL-8190 NEGRA","date":"9 de noviembre de 2022","format":false,"excerpt":"Espaldar y asiento tapizado en cuerina Color Negro Espaldar reclinable hasta 180\u00b0 Brazos en PU regulables en altura y angulo Rueda PU con color 50 mm Apoya pies retractil F\u00e1cil de armar y usar","rel":"","context":"Entrada similar","img":{"alt_text":"","src":"","width":0,"height":0},"classes":[]}],"jetpack_sharing_enabled":true,"jetpack_likes_enabled":true,"_links":{"self":[{"href":"https:\/\/comerciallin.com\/index.php\/wp-json\/wp\/v2\/product\/20713"}],"collection":[{"href":"https:\/\/comerciallin.com\/index.php\/wp-json\/wp\/v2\/product"}],"about":[{"href":"https:\/\/comerciallin.com\/index.php\/wp-json\/wp\/v2\/types\/product"}],"replies":[{"embeddable":true,"href":"https:\/\/comerciallin.com\/index.php\/wp-json\/wp\/v2\/comments?post=20713"}],"wp:featuredmedia":[{"embeddable":true,"href":"https:\/\/comerciallin.com\/index.php\/wp-json\/wp\/v2\/media\/21992"}],"wp:attachment":[{"href":"https:\/\/comerciallin.com\/index.php\/wp-json\/wp\/v2\/media?parent=20713"}],"wp:term":[{"taxonomy":"product_cat","embeddable":true,"href":"https:\/\/comerciallin.com\/index.php\/wp-json\/wp\/v2\/product_cat?post=20713"},{"taxonomy":"product_tag","embeddable":true,"href":"https:\/\/comerciallin.com\/index.php\/wp-json\/wp\/v2\/product_tag?post=20713"}],"curies":[{"name":"wp","href":"https:\/\/api.w.org\/{rel}","templated":true}]}}