{"id":19679,"date":"2022-11-07T13:30:39","date_gmt":"2022-11-07T18:30:39","guid":{"rendered":"https:\/\/comerciallin.com\/index.php\/producto\/notebook-cooling-pad-v5\/"},"modified":"2025-01-14T13:57:03","modified_gmt":"2025-01-14T18:57:03","slug":"notebook-cooling-pad-v5","status":"publish","type":"product","link":"https:\/\/comerciallin.com\/index.php\/producto\/notebook-cooling-pad-v5\/","title":{"rendered":"NOTEBOOK COOLING PAD V5"},"content":{"rendered":"<p>Base ajustable con cinco ventiladores silenciosos de 80 mm con LED azul<br \/>\n Dise\u00f1o estilizado ideal para usarlo en casa o en la oficina<br \/>\n Dos puertos USB integrados para conectar m\u00e1s dispositivos<br \/>\n Superficie de malla met\u00e1lica<br \/>\n Especificaciones<br \/>\n Tipo de producto: Base con ventilador para laptops<br \/>\n Tama\u00f1os compatibles de laptops: Hasta 17 pulgadas<br \/>\n Entrada de CC: USB de 5V<br \/>\n N\u00famero de ventiladores: 5<br \/>\n Tama\u00f1o de cada ventilador: 80x80x10mm<br \/>\n Velocidad de cada ventilador: 1800-2000RPM<br \/>\n Voltaje de funcionamiento de cada ventilador: 5 VCC<br \/>\n Conectividad: 2 puertos USB<br \/>\n Efectos de iluminaci\u00f3n: S\u00ed, LED azul<br \/>\n Altura ajustable: 3 posiciones<br \/>\n Color : Negro<br \/>\n Dimensiones del producto: 39,8x30x29cm<br \/>\n Peso: 1kg<\/p>\n","protected":false},"excerpt":{"rendered":"<p>Notebook cooling pad v5<\/p>\n","protected":false},"featured_media":21958,"comment_status":"open","ping_status":"closed","template":"","meta":{"spay_email":""},"product_cat":[825],"product_tag":[],"supplier_id":null,"supplier_sku":"","barcode":null,"atum_controlled":true,"out_stock_date":null,"out_stock_threshold":null,"inheritable":false,"inbound_stock":null,"stock_on_hold":0,"sold_today":0,"sales_last_days":0,"reserved_stock":null,"customer_returns":null,"warehouse_damage":null,"lost_in_post":null,"other_logs":null,"out_stock_days":0,"lost_sales":0,"has_location":null,"update_date":"2026-04-04T23:41:13","atum_locations":[],"atum_stock_status":"instock","restock_status":false,"low_stock_amount":"","sales_update_date":"2026-04-04T23:41:13","calc_backorders":null,"acf":[],"yoast_head":"<!-- This site is optimized with the Yoast SEO Premium plugin v17.4 (Yoast SEO v17.4) - https:\/\/yoast.com\/wordpress\/plugins\/seo\/ -->\n<title>NOTEBOOK COOLING PAD V5 - tienda de electr\u00f3nica y computaci\u00f3n<\/title>\n<meta name=\"robots\" content=\"index, follow, max-snippet:-1, max-image-preview:large, max-video-preview:-1\" \/>\n<link rel=\"canonical\" href=\"https:\/\/comerciallin.com\/index.php\/producto\/notebook-cooling-pad-v5\/\" \/>\n<meta property=\"og:locale\" content=\"es_ES\" \/>\n<meta property=\"og:type\" content=\"article\" \/>\n<meta property=\"og:title\" content=\"NOTEBOOK COOLING PAD V5\" \/>\n<meta property=\"og:description\" content=\"Notebook cooling pad v5\" \/>\n<meta property=\"og:url\" content=\"https:\/\/comerciallin.com\/index.php\/producto\/notebook-cooling-pad-v5\/\" \/>\n<meta property=\"og:site_name\" content=\"tienda de electr\u00f3nica y computaci\u00f3n\" \/>\n<meta property=\"article:modified_time\" content=\"2025-01-14T18:57:03+00:00\" \/>\n<meta name=\"twitter:card\" content=\"summary_large_image\" \/>\n<meta name=\"twitter:image\" content=\"https:\/\/i0.wp.com\/comerciallin.com\/wp-content\/uploads\/2023\/02\/722030110807.jpg?fit=%2C&amp;ssl=1\" \/>\n<meta name=\"twitter:label1\" content=\"Precio\" \/>\n\t<meta name=\"twitter:data1\" content=\"&#36;18,40\" \/>\n\t<meta name=\"twitter:label2\" content=\"Availability\" \/>\n\t<meta name=\"twitter:data2\" content=\"In stock\" \/>\n<script type=\"application\/ld+json\" class=\"yoast-schema-graph\">{\"@context\":\"https:\/\/schema.org\",\"@graph\":[{\"@type\":\"WebSite\",\"@id\":\"https:\/\/comerciallin.com\/#website\",\"url\":\"https:\/\/comerciallin.com\/\",\"name\":\"tienda de electr\\u00f3nica y computaci\\u00f3n\",\"description\":\"Importadora de Electr\\u00f3nica y Computaci\\u00f3n\",\"potentialAction\":[{\"@type\":\"SearchAction\",\"target\":{\"@type\":\"EntryPoint\",\"urlTemplate\":\"https:\/\/comerciallin.com\/?s={search_term_string}\"},\"query-input\":\"required name=search_term_string\"}],\"inLanguage\":\"es\"},{\"@type\":\"ImageObject\",\"@id\":\"https:\/\/comerciallin.com\/index.php\/producto\/notebook-cooling-pad-v5\/#primaryimage\",\"inLanguage\":\"es\",\"url\":\"https:\/\/i0.wp.com\/comerciallin.com\/wp-content\/uploads\/2023\/02\/722030110807.jpg?fit=%2C&ssl=1\",\"contentUrl\":\"https:\/\/i0.wp.com\/comerciallin.com\/wp-content\/uploads\/2023\/02\/722030110807.jpg?fit=%2C&ssl=1\",\"caption\":\"NOTEBOOK COOLING PAD V5\"},{\"@type\":\"WebPage\",\"@id\":\"https:\/\/comerciallin.com\/index.php\/producto\/notebook-cooling-pad-v5\/#webpage\",\"url\":\"https:\/\/comerciallin.com\/index.php\/producto\/notebook-cooling-pad-v5\/\",\"name\":\"NOTEBOOK COOLING PAD V5 - tienda de electr\\u00f3nica y computaci\\u00f3n\",\"isPartOf\":{\"@id\":\"https:\/\/comerciallin.com\/#website\"},\"primaryImageOfPage\":{\"@id\":\"https:\/\/comerciallin.com\/index.php\/producto\/notebook-cooling-pad-v5\/#primaryimage\"},\"datePublished\":\"2022-11-07T18:30:39+00:00\",\"dateModified\":\"2025-01-14T18:57:03+00:00\",\"breadcrumb\":{\"@id\":\"https:\/\/comerciallin.com\/index.php\/producto\/notebook-cooling-pad-v5\/#breadcrumb\"},\"inLanguage\":\"es\",\"potentialAction\":[{\"@type\":\"ReadAction\",\"target\":[\"https:\/\/comerciallin.com\/index.php\/producto\/notebook-cooling-pad-v5\/\"]}]},{\"@type\":\"BreadcrumbList\",\"@id\":\"https:\/\/comerciallin.com\/index.php\/producto\/notebook-cooling-pad-v5\/#breadcrumb\",\"itemListElement\":[{\"@type\":\"ListItem\",\"position\":1,\"name\":\"Inicio\",\"item\":\"https:\/\/comerciallin.com\/\"},{\"@type\":\"ListItem\",\"position\":2,\"name\":\"Shop\",\"item\":\"https:\/\/comerciallin.com\/?page_id=3853\"},{\"@type\":\"ListItem\",\"position\":3,\"name\":\"NOTEBOOK COOLING PAD V5\"}]}]}<\/script>\n<meta property=\"product:price:amount\" content=\"18.40\" \/>\n<meta property=\"product:price:currency\" content=\"USD\" \/>\n<meta property=\"og:availability\" content=\"instock\" \/>\n<meta property=\"product:availability\" content=\"instock\" \/>\n<meta property=\"product:retailer_item_id\" content=\"722030110807\" \/>\n<meta property=\"product:condition\" content=\"new\" \/>\n<!-- \/ Yoast SEO Premium plugin. -->","yoast_head_json":{"title":"NOTEBOOK COOLING PAD V5 - tienda de electr\u00f3nica y computaci\u00f3n","robots":{"index":"index","follow":"follow","max-snippet":"max-snippet:-1","max-image-preview":"max-image-preview:large","max-video-preview":"max-video-preview:-1"},"canonical":"https:\/\/comerciallin.com\/index.php\/producto\/notebook-cooling-pad-v5\/","og_locale":"es_ES","og_type":"article","og_title":"NOTEBOOK COOLING PAD V5","og_description":"Notebook cooling pad v5","og_url":"https:\/\/comerciallin.com\/index.php\/producto\/notebook-cooling-pad-v5\/","og_site_name":"tienda de electr\u00f3nica y computaci\u00f3n","article_modified_time":"2025-01-14T18:57:03+00:00","twitter_card":"summary_large_image","twitter_image":"https:\/\/i0.wp.com\/comerciallin.com\/wp-content\/uploads\/2023\/02\/722030110807.jpg?fit=%2C&ssl=1","twitter_misc":{"Precio":"&#36;18,40","Availability":"In stock"},"schema":{"@context":"https:\/\/schema.org","@graph":[{"@type":"WebSite","@id":"https:\/\/comerciallin.com\/#website","url":"https:\/\/comerciallin.com\/","name":"tienda de electr\u00f3nica y computaci\u00f3n","description":"Importadora de Electr\u00f3nica y Computaci\u00f3n","potentialAction":[{"@type":"SearchAction","target":{"@type":"EntryPoint","urlTemplate":"https:\/\/comerciallin.com\/?s={search_term_string}"},"query-input":"required name=search_term_string"}],"inLanguage":"es"},{"@type":"ImageObject","@id":"https:\/\/comerciallin.com\/index.php\/producto\/notebook-cooling-pad-v5\/#primaryimage","inLanguage":"es","url":"https:\/\/i0.wp.com\/comerciallin.com\/wp-content\/uploads\/2023\/02\/722030110807.jpg?fit=%2C&ssl=1","contentUrl":"https:\/\/i0.wp.com\/comerciallin.com\/wp-content\/uploads\/2023\/02\/722030110807.jpg?fit=%2C&ssl=1","caption":"NOTEBOOK COOLING PAD V5"},{"@type":"WebPage","@id":"https:\/\/comerciallin.com\/index.php\/producto\/notebook-cooling-pad-v5\/#webpage","url":"https:\/\/comerciallin.com\/index.php\/producto\/notebook-cooling-pad-v5\/","name":"NOTEBOOK COOLING PAD V5 - tienda de electr\u00f3nica y computaci\u00f3n","isPartOf":{"@id":"https:\/\/comerciallin.com\/#website"},"primaryImageOfPage":{"@id":"https:\/\/comerciallin.com\/index.php\/producto\/notebook-cooling-pad-v5\/#primaryimage"},"datePublished":"2022-11-07T18:30:39+00:00","dateModified":"2025-01-14T18:57:03+00:00","breadcrumb":{"@id":"https:\/\/comerciallin.com\/index.php\/producto\/notebook-cooling-pad-v5\/#breadcrumb"},"inLanguage":"es","potentialAction":[{"@type":"ReadAction","target":["https:\/\/comerciallin.com\/index.php\/producto\/notebook-cooling-pad-v5\/"]}]},{"@type":"BreadcrumbList","@id":"https:\/\/comerciallin.com\/index.php\/producto\/notebook-cooling-pad-v5\/#breadcrumb","itemListElement":[{"@type":"ListItem","position":1,"name":"Inicio","item":"https:\/\/comerciallin.com\/"},{"@type":"ListItem","position":2,"name":"Shop","item":"https:\/\/comerciallin.com\/?page_id=3853"},{"@type":"ListItem","position":3,"name":"NOTEBOOK COOLING PAD V5"}]}]},"product_price_amount":"18.40","product_price_currency":"USD","og_availability":"instock","product_availability":"instock","product_retailer_item_id":"722030110807","product_condition":"new"},"jetpack-related-posts":[{"id":19681,"url":"https:\/\/comerciallin.com\/index.php\/producto\/notebook-cooling-pad-v4\/","url_meta":{"origin":19679,"position":0},"title":"NOTEBOOK COOLING PAD V4","date":"7 de noviembre de 2022","format":false,"excerpt":"Notebook cooling pad v4","rel":"","context":"Entrada similar","img":{"alt_text":"","src":"","width":0,"height":0},"classes":[]},{"id":19683,"url":"https:\/\/comerciallin.com\/index.php\/producto\/notebook-cooling-pad-c5\/","url_meta":{"origin":19679,"position":1},"title":"NOTEBOOK COOLING PAD C5","date":"7 de noviembre de 2022","format":false,"excerpt":"Notebook Cooling Pad Sy-C5 | Ventilador Para Notebook Sy-C5 5fan","rel":"","context":"Entrada similar","img":{"alt_text":"","src":"","width":0,"height":0},"classes":[]},{"id":19675,"url":"https:\/\/comerciallin.com\/index.php\/producto\/notebook-cooling-pad-n99\/","url_meta":{"origin":19679,"position":2},"title":"NOTEBOOK COOLING PAD N99","date":"7 de noviembre de 2022","format":false,"excerpt":"Netbook Cooling Pad N99 Ventilador Laptop 2 Ventiladores Altura Regulable Netbook Cooling Pad N99 Ventilador Laptop 2 Ventiladores Altura Regulable Netbook Cooling Pad N99 Ventilador Laptop 2 Ventiladores Altura Regulable Netbook Cooling Pad N99 Ventilador Laptop 2 Ventiladores Altura Regulable Netbook Cooling Pad N99 Ventilador Laptop 2 Ventiladores Altura Regulable\u2026","rel":"","context":"Entrada similar","img":{"alt_text":"","src":"","width":0,"height":0},"classes":[]},{"id":19673,"url":"https:\/\/comerciallin.com\/index.php\/producto\/notebook-cooling-pad-s18\/","url_meta":{"origin":19679,"position":3},"title":"NOTEBOOK COOLING PAD S18","date":"7 de noviembre de 2022","format":false,"excerpt":"Notebook cooling pad S18","rel":"","context":"Entrada similar","img":{"alt_text":"","src":"","width":0,"height":0},"classes":[]},{"id":19669,"url":"https:\/\/comerciallin.com\/index.php\/producto\/notebook-cooling-pad-x1-s1\/","url_meta":{"origin":19679,"position":4},"title":"NOTEBOOK COOLING PAD X1-S1","date":"7 de noviembre de 2022","format":false,"excerpt":"Notebook cooling pad S18","rel":"","context":"Entrada similar","img":{"alt_text":"","src":"","width":0,"height":0},"classes":[]}],"jetpack_sharing_enabled":true,"jetpack_likes_enabled":true,"_links":{"self":[{"href":"https:\/\/comerciallin.com\/index.php\/wp-json\/wp\/v2\/product\/19679"}],"collection":[{"href":"https:\/\/comerciallin.com\/index.php\/wp-json\/wp\/v2\/product"}],"about":[{"href":"https:\/\/comerciallin.com\/index.php\/wp-json\/wp\/v2\/types\/product"}],"replies":[{"embeddable":true,"href":"https:\/\/comerciallin.com\/index.php\/wp-json\/wp\/v2\/comments?post=19679"}],"wp:featuredmedia":[{"embeddable":true,"href":"https:\/\/comerciallin.com\/index.php\/wp-json\/wp\/v2\/media\/21958"}],"wp:attachment":[{"href":"https:\/\/comerciallin.com\/index.php\/wp-json\/wp\/v2\/media?parent=19679"}],"wp:term":[{"taxonomy":"product_cat","embeddable":true,"href":"https:\/\/comerciallin.com\/index.php\/wp-json\/wp\/v2\/product_cat?post=19679"},{"taxonomy":"product_tag","embeddable":true,"href":"https:\/\/comerciallin.com\/index.php\/wp-json\/wp\/v2\/product_tag?post=19679"}],"curies":[{"name":"wp","href":"https:\/\/api.w.org\/{rel}","templated":true}]}}