{"id":19623,"date":"2022-11-07T13:30:14","date_gmt":"2022-11-07T18:30:14","guid":{"rendered":"https:\/\/comerciallin.com\/index.php\/producto\/bateria-p-lapto-comp-toshiba-pa5024u-1brs\/"},"modified":"2025-01-14T13:54:43","modified_gmt":"2025-01-14T18:54:43","slug":"bateria-p-lapto-comp-toshiba-pa5024u-1brs","status":"publish","type":"product","link":"https:\/\/comerciallin.com\/index.php\/producto\/bateria-p-lapto-comp-toshiba-pa5024u-1brs\/","title":{"rendered":"BATERIA P. LAPTO COMP TOSHIBA PA5024U-1BRS"},"content":{"rendered":"<p>Bater&iacute;a PA5024U-1BRS Original para Toshiba Satellite PABAS260 C850 C855 C855D C55 PA5025U-1BRS PA5026U-1BRS PA5110U-1BRS<\/p>\n<p>Descripci&oacute;n del producto :<br \/>Tipo de bater&iacute;a: Li-ion<br \/>Estado de la bater&iacute;a: nuevo, genuino<\/p>\n<p>Modelo: PA5024U-1BRS<br \/>Voltaje: 10,8 V<br \/>Capacidad: 48WH<br \/>Cantidad de celdas: 6 celdas<br \/>De color negro<br \/>DISPOSITIVOS COMPATIBLES POPULARES:<br \/>PA5023U-1BRS, PA5024U-1BRS, PA5025U-1BRS, PA5026U-1BRS, PA5027U-1BRS,PABAS259, PABAS260, PABAS261, PABAS262, PABAS263<\/p>\n<p>Toshiba Dynabook Satellite T642 \/ WTMGW,<\/p>\n<p>Toshiba Satellite C70-A, Toshiba Dynabook Qosmio T752 Series,<\/p>\n<p>Dynabook Qosmio T752, Dynabook Qosmio T752 \/ T4F, Dynabook Qosmio T752 \/ T8F, Toshiba Dynabook Serie Qosmio T852, Dynabook Qosmio T852, Dynabook Qosmio T852 \/ 8F, Toshiba Dynabook Satellite B352352Fobook Satellite B352Fook2F Satellite B352 \/ W2CG, Dynabook Satellite B352 \/ W2JF, Dynabook Satellite B352 \/ W2JG, Dynabook Satellite B352 \/ W2MF, Dynabook Satellite B352 \/ W2MG, Dynabook Satellite B352 \/ W2MGW, Toshiba Dynabook Satellite Serie T572, Dynabook Satellite T572 \/ Dynabook Satellite T572 \/ Dynabook Satellite T572 Dynabook Satellite T572 \/ W3MG, Dynabook Satellite T572 \/ W3TF, Dynabook Satellite T572 \/ W4TG<\/p>\n<p>Toshiba Dynabook Satellite Serie T652<br \/>Dynabook Satellite T652, Dynabook Satellite T652 \/ W4UGB,<br \/>Dynabook Satellite T652 \/ W4VGB, Dynabook Satellite T652 \/ W5UFB,<br \/>Dynabook Satellite T652 \/ W5UGB, Dynabook Satellite T652 \/ W5VFB,<br \/>Dynabook Satellite T652 \/ W6VGB, Toshiba Dynabook Satellite Serie T752,Dynabook Satellite T752, Dynabook Satellite T752 \/ WTCFB, Dynabook Satellite T752 \/ WTTFB, Dynabook Satellite T752 \/ WVTGB, Toshiba Dynabook Satellite Serie T772, Dynabook Satellite T772, Dynabook Satellite T772 \/ W4TG, Dynabook Satellite T772 \/ W5TF, Dynabook Satellite T772 \/ W5TG, Dynabook Satellite T772 \/ W6TG, Toshiba Dynabook T552 Series,<\/p>\n<p>Dynabook T552, Dynabook T552 \/ 36F, Dynabook T552 \/ 47F,<\/p>\n<p>Dynabook T552 \/ 58F<\/p>\n<p>Toshiba Satellite Serie C50<\/p>\n<p>Sat&eacute;lite C50-ABT2N11, Sat&eacute;lite C50-ABT2N12, Sat&eacute;lite C50-ASMBNX1,<\/p>\n<p>Sat&eacute;lite C50-ASMBNX2, Sat&eacute;lite C50-ASMBNX3, Sat&eacute;lite C50-AST2NX1,<\/p>\n<p>Sat&eacute;lite C50-AST2NX2, Sat&eacute;lite C50-AST2NX3, Sat&eacute;lite C50D-ABT2N11,<\/p>\n<p>Sat&eacute;lite C50D-AST2NX1<\/p>\n<p>Toshiba Satellite C800 Series<\/p>\n<p>Satellite C800, Satellite C800D<\/p>\n<p>Toshiba Satellite C805 Series<\/p>\n<p>Sat&eacute;lite C805, Sat&eacute;lite C805-C10B, Sat&eacute;lite C805-T01B,<\/p>\n<p>Sat&eacute;lite C805-T03B, Sat&eacute;lite C805-T06B, Sat&eacute;lite C805-T07B,<\/p>\n<p>Sat&eacute;lite C805-T23R, sat&eacute;lite C805D, sat&eacute;lite C805D-T08B,<\/p>\n<p>Sat&eacute;lite C805D-T09B<\/p>\n<p>Toshiba Satellite C840 Series<\/p>\n<p>Satellite C840, Satellite C840D<\/p>\n<p>Toshiba Satellite C845 Series<\/p>\n<p>Satellite C845, Satellite C845-S4230, Satellite C845D<\/p>\n<p>Toshiba Satellite C850 Series<\/p>\n<p>Sat&eacute;lite C850, sat&eacute;lite C850-058, sat&eacute;lite C850-05C,<\/p>\n<p>Sat&eacute;lite C850-08F, sat&eacute;lite C850-08G, sat&eacute;lite C850-08J,<\/p>\n<p>Sat&eacute;lite C850-101, sat&eacute;lite C850-108, sat&eacute;lite C850-10C,<\/p>\n<p>Sat&eacute;lite C850-10F, sat&eacute;lite C850-119, sat&eacute;lite C850-11C,<\/p>\n<p>Sat&eacute;lite C850-11V, sat&eacute;lite C850-12M, sat&eacute;lite C850-12V,<\/p>\n<p>Sat&eacute;lite C850-131, sat&eacute;lite C850-132, sat&eacute;lite C850-13C,<\/p>\n<p>Sat&eacute;lite C850-13D, sat&eacute;lite C850-13E, sat&eacute;lite C850-13X,<\/p>\n<p>Sat&eacute;lite C850-161, sat&eacute;lite C850-168, sat&eacute;lite C850-175,<\/p>\n<p>Sat&eacute;lite C850-19D, sat&eacute;lite C850-19Z, sat&eacute;lite C850-1C0,<\/p>\n<p>Sat&eacute;lite C850-1C1, sat&eacute;lite C850-1C2, sat&eacute;lite C850-1C4,<\/p>\n<p>Sat&eacute;lite C850-1C9, sat&eacute;lite C850-1D2, sat&eacute;lite C850-ST2N01,<\/p>\n<p>Sat&eacute;lite C850-ST2N02, Sat&eacute;lite C850-ST2N03, Sat&eacute;lite C850-ST2NX1,<\/p>\n<p>Sat&eacute;lite C850-ST2NX2, Sat&eacute;lite C850-ST2NX3, Sat&eacute;lite C850-ST3N01,<\/p>\n<p>Sat&eacute;lite C850-ST3N02, Sat&eacute;lite C850-ST3N03, Sat&eacute;lite C850-ST3NX1,<\/p>\n<p>Sat&eacute;lite C850-ST3NX2, Sat&eacute;lite C850-ST3NX3, Sat&eacute;lite C850-T03B,<\/p>\n<p>Sat&eacute;lite C850-T05B, Sat&eacute;lite C850 \/ 00M, Sat&eacute;lite C850 \/ 02D,<\/p>\n<p>Sat&eacute;lite C850 \/ 04G, sat&eacute;lite C850 \/ 04Q, sat&eacute;lite C850 \/ 05D,<\/p>\n<p>Sat&eacute;lite C850 \/ 05E, sat&eacute;lite C850 \/ 073, sat&eacute;lite C850 \/ 074,<\/p>\n<p>Sat&eacute;lite C850 \/ 08K, sat&eacute;lite C850 \/ 09V, sat&eacute;lite C850 \/ 0F3,<\/p>\n<p>Sat&eacute;lite C850D, sat&eacute;lite C850D-008, sat&eacute;lite C850D-011,<\/p>\n<p>Sat&eacute;lite C850D-01J, sat&eacute;lite C850D-100, sat&eacute;lite C850D-107,<\/p>\n<p>Sat&eacute;lite C850D-109, Sat&eacute;lite C850D-10T, Sat&eacute;lite C850D-11Q,<\/p>\n<p>Sat&eacute;lite C850D-ST3N01, Sat&eacute;lite C850D-ST3NX1, Sat&eacute;lite C850D-T11B,<\/p>\n<p>Sat&eacute;lite C850D \/ 00X, Sat&eacute;lite C850D \/ 010, Sat&eacute;lite C850D \/ 01X<\/p>\n<p>Toshiba Satellite C855 Series<\/p>\n<p>Sat&eacute;lite C855, sat&eacute;lite C855-10G, sat&eacute;lite C855-10K,<\/p>\n<p>Sat&eacute;lite C855-10M, sat&eacute;lite C855-10T, sat&eacute;lite C855-10X,<\/p>\n<p>Sat&eacute;lite C855-10Z, sat&eacute;lite C855-111, sat&eacute;lite C855-11F,<\/p>\n<p>Sat&eacute;lite C855-11G, sat&eacute;lite C855-127, sat&eacute;lite C855-128,<\/p>\n<p>Sat&eacute;lite C855-129, sat&eacute;lite C855-12C, sat&eacute;lite C855-12F,<\/p>\n<p>Sat&eacute;lite C855-12G, sat&eacute;lite C855-12R, sat&eacute;lite C855-13F,<\/p>\n<p>Sat&eacute;lite C855-13T, sat&eacute;lite C855-14R, sat&eacute;lite C855-14T,<\/p>\n<p>Sat&eacute;lite C855-14U, sat&eacute;lite C855-15Q, sat&eacute;lite C855-15U,<\/p>\n<p>Sat&eacute;lite C855-16M, sat&eacute;lite C855-177, sat&eacute;lite C855-17C,<\/p>\n<p>Sat&eacute;lite C855-17M, sat&eacute;lite C855-17N, sat&eacute;lite C855-17Q,<\/p>\n<p>Sat&eacute;lite C855-17R, sat&eacute;lite C855-17T, sat&eacute;lite C855-17X,<\/p>\n<p>Sat&eacute;lite C855-17Z, sat&eacute;lite C855-18J, sat&eacute;lite C855-18L,<\/p>\n<p>Sat&eacute;lite C855-18N, sat&eacute;lite C855-18P, sat&eacute;lite C855-18R,<\/p>\n<p>Sat&eacute;lite C855-18U, sat&eacute;lite C855-18V, sat&eacute;lite C855-18Z,<\/p>\n<p>Sat&eacute;lite C855-190, sat&eacute;lite C855-192, sat&eacute;lite C855-1E7,<\/p>\n<p>Sat&eacute;lite C855-1EE, sat&eacute;lite C855-1EF, sat&eacute;lite C855-1GN,<\/p>\n<p>Sat&eacute;lite C855-1GP, sat&eacute;lite C855-1GQ, sat&eacute;lite C855-1GR,<\/p>\n<p>Sat&eacute;lite C855-1H8, sat&eacute;lite C855-1HK, sat&eacute;lite C855-1HL,<\/p>\n<p>Sat&eacute;lite C855-1HM, sat&eacute;lite C855-1J0, sat&eacute;lite C855-1J1,<\/p>\n<p>Sat&eacute;lite C855-1J2, sat&eacute;lite C855-1M1, sat&eacute;lite C855-1MD,<\/p>\n<p>Sat&eacute;lite C855-1ME, sat&eacute;lite C855-1RL, sat&eacute;lite C855-1RM,<\/p>\n<p>Sat&eacute;lite C855-1RN, sat&eacute;lite C855-1RP, sat&eacute;lite C855-1RT,<\/p>\n<p>Sat&eacute;lite C855-1RU, sat&eacute;lite C855-1RV, sat&eacute;lite C855-1RX,<\/p>\n<p>Sat&eacute;lite C855-1TC, sat&eacute;lite C855-1TD, sat&eacute;lite C855-1TE,<\/p>\n<p>Sat&eacute;lite C855-1TF, sat&eacute;lite C855-1TV, sat&eacute;lite C855-1VN,<\/p>\n<p>Sat&eacute;lite C855-1VT, sat&eacute;lite C855-1W3, sat&eacute;lite C855-1W4,<\/p>\n<p>Sat&eacute;lite C855-1W7, Sat&eacute;lite C855-1W9, Sat&eacute;lite C855-1WC,<\/p>\n<p>Sat&eacute;lite C855-1WM, sat&eacute;lite C855-1WP, sat&eacute;lite C855-1WQ,<\/p>\n<p>Sat&eacute;lite C855-1WR, sat&eacute;lite C855-1WT, sat&eacute;lite C855-1WU,<\/p>\n<p>Sat&eacute;lite C855-S5206, Sat&eacute;lite C855-S5214, Sat&eacute;lite C855-S5231,<\/p>\n<p>Sat&eacute;lite C855-S5233, Sat&eacute;lite C855-S5234, Sat&eacute;lite C855-S5236,<\/p>\n<p>Sat&eacute;lite C855-S5239, Sat&eacute;lite C855-S5239P, Sat&eacute;lite C855-S5241,<\/p>\n<p>Sat&eacute;lite C855-S5245, Sat&eacute;lite C855-S5247, Sat&eacute;lite C855-S5306,<\/p>\n<p>Sat&eacute;lite C855-S5308, Sat&eacute;lite C855-S5343, Sat&eacute;lite C855-S5345,<\/p>\n<p>Sat&eacute;lite C855-S5346, Sat&eacute;lite C855-S5347, Sat&eacute;lite C855-S5348,<\/p>\n<p>Sat&eacute;lite C855-S5349, Sat&eacute;lite C855-S5349N, Sat&eacute;lite C855-S5350,<\/p>\n<p>Sat&eacute;lite C855-S5350N, Sat&eacute;lite C855-S5352, Sat&eacute;lite C855-S5355,<\/p>\n<p>Sat&eacute;lite C855-S5356, Sat&eacute;lite C855-S5358, Sat&eacute;lite C855D,<\/p>\n<p>Sat&eacute;lite C855D-102, sat&eacute;lite C855D-137, sat&eacute;lite C855D-S5202,<\/p>\n<p>Sat&eacute;lite C855D-S5203, Sat&eacute;lite C855D-S5205, Sat&eacute;lite C855D-S5209,<\/p>\n<p>Sat&eacute;lite C855D-S5229, Sat&eacute;lite C855D-S5230, Sat&eacute;lite C855D-S5235,<\/p>\n<p>Sat&eacute;lite C855D-S5237<\/p>\n","protected":false},"excerpt":{"rendered":"<p>BATER\u00cdA ORIGINAL PA5024U-1BRS PARA TOSHIBA SATELLITE PABAS260 C850 C855 C855D C55<\/p>\n","protected":false},"featured_media":21702,"comment_status":"open","ping_status":"closed","template":"","meta":{"spay_email":""},"product_cat":[797],"product_tag":[],"supplier_id":null,"supplier_sku":"","barcode":null,"atum_controlled":true,"out_stock_date":null,"out_stock_threshold":null,"inheritable":false,"inbound_stock":null,"stock_on_hold":0,"sold_today":0,"sales_last_days":0,"reserved_stock":null,"customer_returns":null,"warehouse_damage":null,"lost_in_post":null,"other_logs":null,"out_stock_days":0,"lost_sales":0,"has_location":null,"update_date":"2026-05-17T00:31:04","atum_locations":[],"atum_stock_status":"instock","restock_status":false,"low_stock_amount":"","sales_update_date":"2026-05-17T00:31:04","calc_backorders":null,"acf":[],"yoast_head":"<!-- This site is optimized with the Yoast SEO Premium plugin v17.4 (Yoast SEO v17.4) - https:\/\/yoast.com\/wordpress\/plugins\/seo\/ -->\n<title>BATERIA P. LAPTO COMP TOSHIBA PA5024U-1BRS - tienda de electr\u00f3nica y computaci\u00f3n<\/title>\n<meta name=\"robots\" content=\"index, follow, max-snippet:-1, max-image-preview:large, max-video-preview:-1\" \/>\n<link rel=\"canonical\" href=\"https:\/\/comerciallin.com\/index.php\/producto\/bateria-p-lapto-comp-toshiba-pa5024u-1brs\/\" \/>\n<meta property=\"og:locale\" content=\"es_ES\" \/>\n<meta property=\"og:type\" content=\"article\" \/>\n<meta property=\"og:title\" content=\"BATERIA P. LAPTO COMP TOSHIBA PA5024U-1BRS\" \/>\n<meta property=\"og:description\" content=\"BATER\u00cdA ORIGINAL PA5024U-1BRS PARA TOSHIBA SATELLITE PABAS260 C850 C855 C855D C55\" \/>\n<meta property=\"og:url\" content=\"https:\/\/comerciallin.com\/index.php\/producto\/bateria-p-lapto-comp-toshiba-pa5024u-1brs\/\" \/>\n<meta property=\"og:site_name\" content=\"tienda de electr\u00f3nica y computaci\u00f3n\" \/>\n<meta property=\"article:modified_time\" content=\"2025-01-14T18:54:43+00:00\" \/>\n<meta name=\"twitter:card\" content=\"summary_large_image\" \/>\n<meta name=\"twitter:image\" content=\"https:\/\/i0.wp.com\/comerciallin.com\/wp-content\/uploads\/2023\/02\/537030180302.jpg?fit=%2C&amp;ssl=1\" \/>\n<meta name=\"twitter:label1\" content=\"Precio\" \/>\n\t<meta name=\"twitter:data1\" content=\"&#36;51,75\" \/>\n\t<meta name=\"twitter:label2\" content=\"Availability\" \/>\n\t<meta name=\"twitter:data2\" content=\"In stock\" \/>\n<script type=\"application\/ld+json\" class=\"yoast-schema-graph\">{\"@context\":\"https:\/\/schema.org\",\"@graph\":[{\"@type\":\"WebSite\",\"@id\":\"https:\/\/comerciallin.com\/#website\",\"url\":\"https:\/\/comerciallin.com\/\",\"name\":\"tienda de electr\\u00f3nica y computaci\\u00f3n\",\"description\":\"Importadora de Electr\\u00f3nica y Computaci\\u00f3n\",\"potentialAction\":[{\"@type\":\"SearchAction\",\"target\":{\"@type\":\"EntryPoint\",\"urlTemplate\":\"https:\/\/comerciallin.com\/?s={search_term_string}\"},\"query-input\":\"required name=search_term_string\"}],\"inLanguage\":\"es\"},{\"@type\":\"ImageObject\",\"@id\":\"https:\/\/comerciallin.com\/index.php\/producto\/bateria-p-lapto-comp-toshiba-pa5024u-1brs\/#primaryimage\",\"inLanguage\":\"es\",\"url\":\"https:\/\/i0.wp.com\/comerciallin.com\/wp-content\/uploads\/2023\/02\/537030180302.jpg?fit=%2C&ssl=1\",\"contentUrl\":\"https:\/\/i0.wp.com\/comerciallin.com\/wp-content\/uploads\/2023\/02\/537030180302.jpg?fit=%2C&ssl=1\",\"caption\":\"BATERIA P. LAPTO COMP TOSHIBA PA5024U-1BRS\"},{\"@type\":\"WebPage\",\"@id\":\"https:\/\/comerciallin.com\/index.php\/producto\/bateria-p-lapto-comp-toshiba-pa5024u-1brs\/#webpage\",\"url\":\"https:\/\/comerciallin.com\/index.php\/producto\/bateria-p-lapto-comp-toshiba-pa5024u-1brs\/\",\"name\":\"BATERIA P. LAPTO COMP TOSHIBA PA5024U-1BRS - tienda de electr\\u00f3nica y computaci\\u00f3n\",\"isPartOf\":{\"@id\":\"https:\/\/comerciallin.com\/#website\"},\"primaryImageOfPage\":{\"@id\":\"https:\/\/comerciallin.com\/index.php\/producto\/bateria-p-lapto-comp-toshiba-pa5024u-1brs\/#primaryimage\"},\"datePublished\":\"2022-11-07T18:30:14+00:00\",\"dateModified\":\"2025-01-14T18:54:43+00:00\",\"breadcrumb\":{\"@id\":\"https:\/\/comerciallin.com\/index.php\/producto\/bateria-p-lapto-comp-toshiba-pa5024u-1brs\/#breadcrumb\"},\"inLanguage\":\"es\",\"potentialAction\":[{\"@type\":\"ReadAction\",\"target\":[\"https:\/\/comerciallin.com\/index.php\/producto\/bateria-p-lapto-comp-toshiba-pa5024u-1brs\/\"]}]},{\"@type\":\"BreadcrumbList\",\"@id\":\"https:\/\/comerciallin.com\/index.php\/producto\/bateria-p-lapto-comp-toshiba-pa5024u-1brs\/#breadcrumb\",\"itemListElement\":[{\"@type\":\"ListItem\",\"position\":1,\"name\":\"Inicio\",\"item\":\"https:\/\/comerciallin.com\/\"},{\"@type\":\"ListItem\",\"position\":2,\"name\":\"Shop\",\"item\":\"https:\/\/comerciallin.com\/?page_id=3853\"},{\"@type\":\"ListItem\",\"position\":3,\"name\":\"BATERIA P. LAPTO COMP TOSHIBA PA5024U-1BRS\"}]}]}<\/script>\n<meta property=\"product:price:amount\" content=\"51.75\" \/>\n<meta property=\"product:price:currency\" content=\"USD\" \/>\n<meta property=\"og:availability\" content=\"instock\" \/>\n<meta property=\"product:availability\" content=\"instock\" \/>\n<meta property=\"product:retailer_item_id\" content=\"537030180302\" \/>\n<meta property=\"product:condition\" content=\"new\" \/>\n<!-- \/ Yoast SEO Premium plugin. -->","yoast_head_json":{"title":"BATERIA P. LAPTO COMP TOSHIBA PA5024U-1BRS - tienda de electr\u00f3nica y computaci\u00f3n","robots":{"index":"index","follow":"follow","max-snippet":"max-snippet:-1","max-image-preview":"max-image-preview:large","max-video-preview":"max-video-preview:-1"},"canonical":"https:\/\/comerciallin.com\/index.php\/producto\/bateria-p-lapto-comp-toshiba-pa5024u-1brs\/","og_locale":"es_ES","og_type":"article","og_title":"BATERIA P. LAPTO COMP TOSHIBA PA5024U-1BRS","og_description":"BATER\u00cdA ORIGINAL PA5024U-1BRS PARA TOSHIBA SATELLITE PABAS260 C850 C855 C855D C55","og_url":"https:\/\/comerciallin.com\/index.php\/producto\/bateria-p-lapto-comp-toshiba-pa5024u-1brs\/","og_site_name":"tienda de electr\u00f3nica y computaci\u00f3n","article_modified_time":"2025-01-14T18:54:43+00:00","twitter_card":"summary_large_image","twitter_image":"https:\/\/i0.wp.com\/comerciallin.com\/wp-content\/uploads\/2023\/02\/537030180302.jpg?fit=%2C&ssl=1","twitter_misc":{"Precio":"&#36;51,75","Availability":"In stock"},"schema":{"@context":"https:\/\/schema.org","@graph":[{"@type":"WebSite","@id":"https:\/\/comerciallin.com\/#website","url":"https:\/\/comerciallin.com\/","name":"tienda de electr\u00f3nica y computaci\u00f3n","description":"Importadora de Electr\u00f3nica y Computaci\u00f3n","potentialAction":[{"@type":"SearchAction","target":{"@type":"EntryPoint","urlTemplate":"https:\/\/comerciallin.com\/?s={search_term_string}"},"query-input":"required name=search_term_string"}],"inLanguage":"es"},{"@type":"ImageObject","@id":"https:\/\/comerciallin.com\/index.php\/producto\/bateria-p-lapto-comp-toshiba-pa5024u-1brs\/#primaryimage","inLanguage":"es","url":"https:\/\/i0.wp.com\/comerciallin.com\/wp-content\/uploads\/2023\/02\/537030180302.jpg?fit=%2C&ssl=1","contentUrl":"https:\/\/i0.wp.com\/comerciallin.com\/wp-content\/uploads\/2023\/02\/537030180302.jpg?fit=%2C&ssl=1","caption":"BATERIA P. LAPTO COMP TOSHIBA PA5024U-1BRS"},{"@type":"WebPage","@id":"https:\/\/comerciallin.com\/index.php\/producto\/bateria-p-lapto-comp-toshiba-pa5024u-1brs\/#webpage","url":"https:\/\/comerciallin.com\/index.php\/producto\/bateria-p-lapto-comp-toshiba-pa5024u-1brs\/","name":"BATERIA P. LAPTO COMP TOSHIBA PA5024U-1BRS - tienda de electr\u00f3nica y computaci\u00f3n","isPartOf":{"@id":"https:\/\/comerciallin.com\/#website"},"primaryImageOfPage":{"@id":"https:\/\/comerciallin.com\/index.php\/producto\/bateria-p-lapto-comp-toshiba-pa5024u-1brs\/#primaryimage"},"datePublished":"2022-11-07T18:30:14+00:00","dateModified":"2025-01-14T18:54:43+00:00","breadcrumb":{"@id":"https:\/\/comerciallin.com\/index.php\/producto\/bateria-p-lapto-comp-toshiba-pa5024u-1brs\/#breadcrumb"},"inLanguage":"es","potentialAction":[{"@type":"ReadAction","target":["https:\/\/comerciallin.com\/index.php\/producto\/bateria-p-lapto-comp-toshiba-pa5024u-1brs\/"]}]},{"@type":"BreadcrumbList","@id":"https:\/\/comerciallin.com\/index.php\/producto\/bateria-p-lapto-comp-toshiba-pa5024u-1brs\/#breadcrumb","itemListElement":[{"@type":"ListItem","position":1,"name":"Inicio","item":"https:\/\/comerciallin.com\/"},{"@type":"ListItem","position":2,"name":"Shop","item":"https:\/\/comerciallin.com\/?page_id=3853"},{"@type":"ListItem","position":3,"name":"BATERIA P. LAPTO COMP TOSHIBA PA5024U-1BRS"}]}]},"product_price_amount":"51.75","product_price_currency":"USD","og_availability":"instock","product_availability":"instock","product_retailer_item_id":"537030180302","product_condition":"new"},"jetpack-related-posts":[{"id":19257,"url":"https:\/\/comerciallin.com\/index.php\/producto\/bateria-comp-toshiba-pa5109u-1brs-c855d-c55-c\/","url_meta":{"origin":19623,"position":0},"title":"BATERIA COMP TOSHIBA PA5109U-1BRS\/C855D\/C55\/C","date":"7 de noviembre de 2022","format":false,"excerpt":"Voltaje 10.8 Voltios Peso de la Bater\u00eda 387 Gramos Compatible Devices Laptop, Notebook","rel":"","context":"Entrada similar","img":{"alt_text":"","src":"","width":0,"height":0},"classes":[]},{"id":19112,"url":"https:\/\/comerciallin.com\/index.php\/producto\/bateria-comp-toshiba-pa3787u-1brs-pa3786u-1b1\/","url_meta":{"origin":19623,"position":1},"title":"BATERIA COMP TOSHIBA PA3787U-1BRS\/PA3786U-1B1","date":"7 de noviembre de 2022","format":false,"excerpt":"Toshiba PA3787U-1BRS PA3788U-1BRS PABAS221 PABAS222 PABAS223","rel":"","context":"Entrada similar","img":{"alt_text":"","src":"","width":0,"height":0},"classes":[]},{"id":19078,"url":"https:\/\/comerciallin.com\/index.php\/producto\/bateria-p-lapto-comp-toshiba-pa5185\/","url_meta":{"origin":19623,"position":2},"title":"BATERIA P. LAPTO COMP TOSHIBA PA5185","date":"7 de noviembre de 2022","format":false,"excerpt":"Voltaje 14.8 Voltios Dimensiones del art\u00edculo Largo x Ancho x Altura 9 x 6 x 3 pulgadas Peso del producto 0.55 Libras Capacidad 2800 Miliamperios Hora (mAh)","rel":"","context":"Entrada similar","img":{"alt_text":"","src":"","width":0,"height":0},"classes":[]},{"id":19130,"url":"https:\/\/comerciallin.com\/index.php\/producto\/bateria-p-lapto-tosh-pa5185u-pa5186u-pa5185u\/","url_meta":{"origin":19623,"position":3},"title":"BATERIA P. LAPTO TOSH PA5185U\/PA5186U\/PA5185U","date":"7 de noviembre de 2022","format":false,"excerpt":"Voltaje 14.8 Voltios Dimensiones del art\u00edculo Largo x Ancho x Altura 9 x 6 x 3 pulgadas Peso del producto 0.55 Libras Capacidad 2800 Miliamperios Hora (mAh)","rel":"","context":"Entrada similar","img":{"alt_text":"","src":"","width":0,"height":0},"classes":[]},{"id":19191,"url":"https:\/\/comerciallin.com\/index.php\/producto\/bateria-comp-toshiba-pa3534u-1brs-pa3682u-15\/","url_meta":{"origin":19623,"position":4},"title":"BATERIA COMP TOSHIBA PA3534U-1BRS\/PA3682U-15","date":"7 de noviembre de 2022","format":false,"excerpt":"Voltaje 10.8 Voltios Compatible Devices Laptop Dimensiones del art\u00edculo Largo x Ancho x Altura 10.24 x 3.86 x 1.34 pulgadas","rel":"","context":"Entrada similar","img":{"alt_text":"","src":"","width":0,"height":0},"classes":[]},{"id":20852,"url":"https:\/\/comerciallin.com\/index.php\/producto\/bateria-comp-toshiba-3534\/","url_meta":{"origin":19623,"position":5},"title":"BATERIA COMP TOSHIBA 3534","date":"10 de noviembre de 2022","format":false,"excerpt":"Voltaje 10.8 Voltios Compatible Devices Laptop Dimensiones del art\u00edculo Largo x Ancho x Altura 10.24 x 3.86 x 1.34 pulgadas","rel":"","context":"Entrada similar","img":{"alt_text":"","src":"","width":0,"height":0},"classes":[]}],"jetpack_sharing_enabled":true,"jetpack_likes_enabled":true,"_links":{"self":[{"href":"https:\/\/comerciallin.com\/index.php\/wp-json\/wp\/v2\/product\/19623"}],"collection":[{"href":"https:\/\/comerciallin.com\/index.php\/wp-json\/wp\/v2\/product"}],"about":[{"href":"https:\/\/comerciallin.com\/index.php\/wp-json\/wp\/v2\/types\/product"}],"replies":[{"embeddable":true,"href":"https:\/\/comerciallin.com\/index.php\/wp-json\/wp\/v2\/comments?post=19623"}],"wp:featuredmedia":[{"embeddable":true,"href":"https:\/\/comerciallin.com\/index.php\/wp-json\/wp\/v2\/media\/21702"}],"wp:attachment":[{"href":"https:\/\/comerciallin.com\/index.php\/wp-json\/wp\/v2\/media?parent=19623"}],"wp:term":[{"taxonomy":"product_cat","embeddable":true,"href":"https:\/\/comerciallin.com\/index.php\/wp-json\/wp\/v2\/product_cat?post=19623"},{"taxonomy":"product_tag","embeddable":true,"href":"https:\/\/comerciallin.com\/index.php\/wp-json\/wp\/v2\/product_tag?post=19623"}],"curies":[{"name":"wp","href":"https:\/\/api.w.org\/{rel}","templated":true}]}}