{"id":19603,"date":"2022-11-07T13:30:09","date_gmt":"2022-11-07T18:30:09","guid":{"rendered":"https:\/\/comerciallin.com\/index.php\/producto\/bluetooth-dongle-usb-2\/"},"modified":"2025-01-14T13:54:46","modified_gmt":"2025-01-14T18:54:46","slug":"bluetooth-dongle-usb-2","status":"publish","type":"product","link":"https:\/\/comerciallin.com\/index.php\/producto\/bluetooth-dongle-usb-2\/","title":{"rendered":"BLUETOOTH DONGLE USB"},"content":{"rendered":"<ol>\n<li>Mini adaptador USB Bluetooth 4,0 con alta velocidad de hasta 3Mbps.<\/li>\n<li>Dongle USB inal&aacute;mbrico Bluetooth de baja energ&iacute;a.<\/li>\n<li>Transferencia Bluetooth de modo Dual.<\/li>\n<li>Selecci&oacute;n de baja potencia de 1,2 a 3,6 VI\/O.<\/li>\n<li>Admite datos de voz Bluetooth.<\/li>\n<li>Admite varios idiomas.<\/li>\n<li>v1.2 Compatible con Bluetooth\/2,0\/2,1\/3,0\/4,0<\/li>\n<\/ol>\n","protected":false},"excerpt":{"rendered":"<ul>\n<li>Nombre del art&iacute;culo: adaptador Bluetooth<\/li>\n<li>Chip: CSR8510 Interfaz: USB 2,0<\/li>\n<li>Velocidad de transferencia: 3mbps<\/li>\n<li>Versi&oacute;n de Bluetooth: Bluetooth V4.0<\/li>\n<li>Banda de frecuencia: 2.400-2.480GHz<\/li>\n<\/ul>\n","protected":false},"featured_media":21712,"comment_status":"open","ping_status":"closed","template":"","meta":{"spay_email":""},"product_cat":[789],"product_tag":[],"supplier_id":null,"supplier_sku":"","barcode":null,"atum_controlled":true,"out_stock_date":null,"out_stock_threshold":null,"inheritable":false,"inbound_stock":null,"stock_on_hold":0,"sold_today":0,"sales_last_days":0,"reserved_stock":null,"customer_returns":null,"warehouse_damage":null,"lost_in_post":null,"other_logs":null,"out_stock_days":0,"lost_sales":0,"has_location":null,"update_date":"2026-04-04T23:41:19","atum_locations":[],"atum_stock_status":"instock","restock_status":false,"low_stock_amount":"","sales_update_date":"2026-04-04T23:41:19","calc_backorders":null,"acf":[],"yoast_head":"<!-- This site is optimized with the Yoast SEO Premium plugin v17.4 (Yoast SEO v17.4) - https:\/\/yoast.com\/wordpress\/plugins\/seo\/ -->\n<title>BLUETOOTH DONGLE USB - tienda de electr\u00f3nica y computaci\u00f3n<\/title>\n<meta name=\"robots\" content=\"index, follow, max-snippet:-1, max-image-preview:large, max-video-preview:-1\" \/>\n<link rel=\"canonical\" href=\"https:\/\/comerciallin.com\/index.php\/producto\/bluetooth-dongle-usb-2\/\" \/>\n<meta property=\"og:locale\" content=\"es_ES\" \/>\n<meta property=\"og:type\" content=\"article\" \/>\n<meta property=\"og:title\" content=\"BLUETOOTH DONGLE USB\" \/>\n<meta property=\"og:description\" content=\"Nombre del art&iacute;culo: adaptador Bluetooth Chip: CSR8510 Interfaz: USB 2,0 Velocidad de transferencia: 3mbps Versi&oacute;n de Bluetooth: Bluetooth V4.0 Banda de frecuencia: 2.400-2.480GHz\" \/>\n<meta property=\"og:url\" content=\"https:\/\/comerciallin.com\/index.php\/producto\/bluetooth-dongle-usb-2\/\" \/>\n<meta property=\"og:site_name\" content=\"tienda de electr\u00f3nica y computaci\u00f3n\" \/>\n<meta property=\"article:modified_time\" content=\"2025-01-14T18:54:46+00:00\" \/>\n<meta name=\"twitter:card\" content=\"summary_large_image\" \/>\n<meta name=\"twitter:image\" content=\"https:\/\/i0.wp.com\/comerciallin.com\/wp-content\/uploads\/2023\/02\/214030110801.jpg?fit=%2C&amp;ssl=1\" \/>\n<meta name=\"twitter:label1\" content=\"Precio\" \/>\n\t<meta name=\"twitter:data1\" content=\"&#36;5,18\" \/>\n\t<meta name=\"twitter:label2\" content=\"Availability\" \/>\n\t<meta name=\"twitter:data2\" content=\"In stock\" \/>\n<script type=\"application\/ld+json\" class=\"yoast-schema-graph\">{\"@context\":\"https:\/\/schema.org\",\"@graph\":[{\"@type\":\"WebSite\",\"@id\":\"https:\/\/comerciallin.com\/#website\",\"url\":\"https:\/\/comerciallin.com\/\",\"name\":\"tienda de electr\\u00f3nica y computaci\\u00f3n\",\"description\":\"Importadora de Electr\\u00f3nica y Computaci\\u00f3n\",\"potentialAction\":[{\"@type\":\"SearchAction\",\"target\":{\"@type\":\"EntryPoint\",\"urlTemplate\":\"https:\/\/comerciallin.com\/?s={search_term_string}\"},\"query-input\":\"required name=search_term_string\"}],\"inLanguage\":\"es\"},{\"@type\":\"ImageObject\",\"@id\":\"https:\/\/comerciallin.com\/index.php\/producto\/bluetooth-dongle-usb-2\/#primaryimage\",\"inLanguage\":\"es\",\"url\":\"https:\/\/i0.wp.com\/comerciallin.com\/wp-content\/uploads\/2023\/02\/214030110801.jpg?fit=%2C&ssl=1\",\"contentUrl\":\"https:\/\/i0.wp.com\/comerciallin.com\/wp-content\/uploads\/2023\/02\/214030110801.jpg?fit=%2C&ssl=1\",\"caption\":\"BLUETOOTH DONGLE USB\"},{\"@type\":\"WebPage\",\"@id\":\"https:\/\/comerciallin.com\/index.php\/producto\/bluetooth-dongle-usb-2\/#webpage\",\"url\":\"https:\/\/comerciallin.com\/index.php\/producto\/bluetooth-dongle-usb-2\/\",\"name\":\"BLUETOOTH DONGLE USB - tienda de electr\\u00f3nica y computaci\\u00f3n\",\"isPartOf\":{\"@id\":\"https:\/\/comerciallin.com\/#website\"},\"primaryImageOfPage\":{\"@id\":\"https:\/\/comerciallin.com\/index.php\/producto\/bluetooth-dongle-usb-2\/#primaryimage\"},\"datePublished\":\"2022-11-07T18:30:09+00:00\",\"dateModified\":\"2025-01-14T18:54:46+00:00\",\"breadcrumb\":{\"@id\":\"https:\/\/comerciallin.com\/index.php\/producto\/bluetooth-dongle-usb-2\/#breadcrumb\"},\"inLanguage\":\"es\",\"potentialAction\":[{\"@type\":\"ReadAction\",\"target\":[\"https:\/\/comerciallin.com\/index.php\/producto\/bluetooth-dongle-usb-2\/\"]}]},{\"@type\":\"BreadcrumbList\",\"@id\":\"https:\/\/comerciallin.com\/index.php\/producto\/bluetooth-dongle-usb-2\/#breadcrumb\",\"itemListElement\":[{\"@type\":\"ListItem\",\"position\":1,\"name\":\"Inicio\",\"item\":\"https:\/\/comerciallin.com\/\"},{\"@type\":\"ListItem\",\"position\":2,\"name\":\"Shop\",\"item\":\"https:\/\/comerciallin.com\/?page_id=3853\"},{\"@type\":\"ListItem\",\"position\":3,\"name\":\"BLUETOOTH DONGLE USB\"}]}]}<\/script>\n<meta property=\"product:price:amount\" content=\"5.18\" \/>\n<meta property=\"product:price:currency\" content=\"USD\" \/>\n<meta property=\"og:availability\" content=\"instock\" \/>\n<meta property=\"product:availability\" content=\"instock\" \/>\n<meta property=\"product:retailer_item_id\" content=\"214030110801\" \/>\n<meta property=\"product:condition\" content=\"new\" \/>\n<!-- \/ Yoast SEO Premium plugin. -->","yoast_head_json":{"title":"BLUETOOTH DONGLE USB - tienda de electr\u00f3nica y computaci\u00f3n","robots":{"index":"index","follow":"follow","max-snippet":"max-snippet:-1","max-image-preview":"max-image-preview:large","max-video-preview":"max-video-preview:-1"},"canonical":"https:\/\/comerciallin.com\/index.php\/producto\/bluetooth-dongle-usb-2\/","og_locale":"es_ES","og_type":"article","og_title":"BLUETOOTH DONGLE USB","og_description":"Nombre del art&iacute;culo: adaptador Bluetooth Chip: CSR8510 Interfaz: USB 2,0 Velocidad de transferencia: 3mbps Versi&oacute;n de Bluetooth: Bluetooth V4.0 Banda de frecuencia: 2.400-2.480GHz","og_url":"https:\/\/comerciallin.com\/index.php\/producto\/bluetooth-dongle-usb-2\/","og_site_name":"tienda de electr\u00f3nica y computaci\u00f3n","article_modified_time":"2025-01-14T18:54:46+00:00","twitter_card":"summary_large_image","twitter_image":"https:\/\/i0.wp.com\/comerciallin.com\/wp-content\/uploads\/2023\/02\/214030110801.jpg?fit=%2C&ssl=1","twitter_misc":{"Precio":"&#36;5,18","Availability":"In stock"},"schema":{"@context":"https:\/\/schema.org","@graph":[{"@type":"WebSite","@id":"https:\/\/comerciallin.com\/#website","url":"https:\/\/comerciallin.com\/","name":"tienda de electr\u00f3nica y computaci\u00f3n","description":"Importadora de Electr\u00f3nica y Computaci\u00f3n","potentialAction":[{"@type":"SearchAction","target":{"@type":"EntryPoint","urlTemplate":"https:\/\/comerciallin.com\/?s={search_term_string}"},"query-input":"required name=search_term_string"}],"inLanguage":"es"},{"@type":"ImageObject","@id":"https:\/\/comerciallin.com\/index.php\/producto\/bluetooth-dongle-usb-2\/#primaryimage","inLanguage":"es","url":"https:\/\/i0.wp.com\/comerciallin.com\/wp-content\/uploads\/2023\/02\/214030110801.jpg?fit=%2C&ssl=1","contentUrl":"https:\/\/i0.wp.com\/comerciallin.com\/wp-content\/uploads\/2023\/02\/214030110801.jpg?fit=%2C&ssl=1","caption":"BLUETOOTH DONGLE USB"},{"@type":"WebPage","@id":"https:\/\/comerciallin.com\/index.php\/producto\/bluetooth-dongle-usb-2\/#webpage","url":"https:\/\/comerciallin.com\/index.php\/producto\/bluetooth-dongle-usb-2\/","name":"BLUETOOTH DONGLE USB - tienda de electr\u00f3nica y computaci\u00f3n","isPartOf":{"@id":"https:\/\/comerciallin.com\/#website"},"primaryImageOfPage":{"@id":"https:\/\/comerciallin.com\/index.php\/producto\/bluetooth-dongle-usb-2\/#primaryimage"},"datePublished":"2022-11-07T18:30:09+00:00","dateModified":"2025-01-14T18:54:46+00:00","breadcrumb":{"@id":"https:\/\/comerciallin.com\/index.php\/producto\/bluetooth-dongle-usb-2\/#breadcrumb"},"inLanguage":"es","potentialAction":[{"@type":"ReadAction","target":["https:\/\/comerciallin.com\/index.php\/producto\/bluetooth-dongle-usb-2\/"]}]},{"@type":"BreadcrumbList","@id":"https:\/\/comerciallin.com\/index.php\/producto\/bluetooth-dongle-usb-2\/#breadcrumb","itemListElement":[{"@type":"ListItem","position":1,"name":"Inicio","item":"https:\/\/comerciallin.com\/"},{"@type":"ListItem","position":2,"name":"Shop","item":"https:\/\/comerciallin.com\/?page_id=3853"},{"@type":"ListItem","position":3,"name":"BLUETOOTH DONGLE USB"}]}]},"product_price_amount":"5.18","product_price_currency":"USD","og_availability":"instock","product_availability":"instock","product_retailer_item_id":"214030110801","product_condition":"new"},"jetpack-related-posts":[{"id":18733,"url":"https:\/\/comerciallin.com\/index.php\/producto\/bluetooth-dongle-usb\/","url_meta":{"origin":19603,"position":0},"title":"BLUETOOTH DONGLE USB","date":"7 de noviembre de 2022","format":false,"excerpt":"Nombre del art\u00edculo: adaptador Bluetooth Chip: CSR8510 Interfaz: USB 2,0 Velocidad de transferencia: 3mbps Versi\u00f3n de Bluetooth: Bluetooth V4.0 Banda de frecuencia: 2.400-2.480GHz","rel":"","context":"Entrada similar","img":{"alt_text":"","src":"","width":0,"height":0},"classes":[]},{"id":25832,"url":"https:\/\/comerciallin.com\/index.php\/producto\/lector-codigo-de-barra-3nstar-sc310bt-laser\/","url_meta":{"origin":19603,"position":1},"title":"LECTOR CODIGO DE BARRA 3NSTAR SC310BT LASER","date":"17 de noviembre de 2023","format":false,"excerpt":"Lector de c\u00f3digo de barras 3NSTAR SC310BT inal\u00e1mbrico con lectura autom\u00e1tica o manual, compatible con USB y base.","rel":"","context":"Entrada similar","img":{"alt_text":"","src":"","width":0,"height":0},"classes":[]},{"id":19712,"url":"https:\/\/comerciallin.com\/index.php\/producto\/parlante-mini-p-compu-a-1\/","url_meta":{"origin":19603,"position":2},"title":"PARLANTE MINI P. COMPU A-1","date":"8 de noviembre de 2022","format":false,"excerpt":"Ezeey, 2 uds., A1, Mini altavoz de escritorio, Audio Multimedia, port\u00e1til, Subwoofer USB, altavoz est\u00e9reo compacto, conector de 3,5 MM","rel":"","context":"Entrada similar","img":{"alt_text":"PARLANTE MINI P. COMPU A-1","src":"https:\/\/i0.wp.com\/comerciallin.com\/wp-content\/uploads\/2023\/02\/714030101001.jpg?fit=992%2C744&ssl=1&resize=350%2C200","width":350,"height":200},"classes":[]},{"id":18978,"url":"https:\/\/comerciallin.com\/index.php\/producto\/extension-usb-20mt-c-filtro-2-0\/","url_meta":{"origin":19603,"position":3},"title":"EXTENSION USB 20MT C\/FILTRO 2.0","date":"7 de noviembre de 2022","format":false,"excerpt":"20 Metros USB 2,0 extensi\u00f3n activa\/Repetidor 480 Mbp Cable de extensi\u00f3n USB activo","rel":"","context":"Entrada similar","img":{"alt_text":"","src":"","width":0,"height":0},"classes":[]},{"id":18821,"url":"https:\/\/comerciallin.com\/index.php\/producto\/extension-usb-10mt-c-filtro-2-0\/","url_meta":{"origin":19603,"position":4},"title":"EXTENSION USB 10MT C\/FILTRO 2.0","date":"7 de noviembre de 2022","format":false,"excerpt":"10 Metros USB 2,0 extensi\u00f3n activa\/Repetidor 480 Mbp Cable de extensi\u00f3n USB activo","rel":"","context":"Entrada similar","img":{"alt_text":"","src":"","width":0,"height":0},"classes":[]},{"id":18928,"url":"https:\/\/comerciallin.com\/index.php\/producto\/extension-usb-15mt-c-filtro-2-0\/","url_meta":{"origin":19603,"position":5},"title":"EXTENSION USB 15MT C\/FILTRO 2.0","date":"7 de noviembre de 2022","format":false,"excerpt":"15 Metros USB 2,0 extensi\u00f3n activa\/Repetidor 480 Mbp Cable de extensi\u00f3n USB activo","rel":"","context":"Entrada similar","img":{"alt_text":"","src":"","width":0,"height":0},"classes":[]}],"jetpack_sharing_enabled":true,"jetpack_likes_enabled":true,"_links":{"self":[{"href":"https:\/\/comerciallin.com\/index.php\/wp-json\/wp\/v2\/product\/19603"}],"collection":[{"href":"https:\/\/comerciallin.com\/index.php\/wp-json\/wp\/v2\/product"}],"about":[{"href":"https:\/\/comerciallin.com\/index.php\/wp-json\/wp\/v2\/types\/product"}],"replies":[{"embeddable":true,"href":"https:\/\/comerciallin.com\/index.php\/wp-json\/wp\/v2\/comments?post=19603"}],"wp:featuredmedia":[{"embeddable":true,"href":"https:\/\/comerciallin.com\/index.php\/wp-json\/wp\/v2\/media\/21712"}],"wp:attachment":[{"href":"https:\/\/comerciallin.com\/index.php\/wp-json\/wp\/v2\/media?parent=19603"}],"wp:term":[{"taxonomy":"product_cat","embeddable":true,"href":"https:\/\/comerciallin.com\/index.php\/wp-json\/wp\/v2\/product_cat?post=19603"},{"taxonomy":"product_tag","embeddable":true,"href":"https:\/\/comerciallin.com\/index.php\/wp-json\/wp\/v2\/product_tag?post=19603"}],"curies":[{"name":"wp","href":"https:\/\/api.w.org\/{rel}","templated":true}]}}