{"id":19595,"date":"2022-11-07T13:30:08","date_gmt":"2022-11-07T18:30:08","guid":{"rendered":"https:\/\/comerciallin.com\/index.php\/producto\/teclado-p-lapto-comp-acer-aspire-v5-123-v51\/"},"modified":"2025-01-14T13:57:56","modified_gmt":"2025-01-14T18:57:56","slug":"teclado-p-lapto-comp-acer-aspire-v5-123-v51","status":"publish","type":"product","link":"https:\/\/comerciallin.com\/index.php\/producto\/teclado-p-lapto-comp-acer-aspire-v5-123-v51\/","title":{"rendered":"TECLADO P. LAPTO COMP ACER ASPIRE V5-123 V51"},"content":{"rendered":"<p>Acer Aspire, V5-123, V5-131, V5-121, V5-171, Aspire One, 725, 756, AO725, AO756, ACER Aspire, MS2346, MS2377, Q1VZC, Chromebook C7, C710, C710-2847 AO756 Acer Aspire S3 S3-391 S3-951 S3-371 S5 S5-391 Travelmate B1 B113 B113-E B113-M KB 904BT07S0G15200010VCSA KBI100A21915200010VCSA V128230AK1 90.4BT07.S0G KB 904TH07U0U3060003CVCSA KB NKI101S03F3060003CVCSA V128230BK3 90.4TH07.U0U ACER. E11 V3-371G E3-111 V5-122P Numeros De parte ACER 9ZN9RSW01E ACER NSK-RTOSW ACER NSK-R71BW 0U ACER 9Z.N9RBW.10U ACER 9Z.N9RSW.OOR ACER 9Z.N9RSW.01D ACER NSK-R70SW OR Aspire S7-392-9877 Aspire S7-392-9890 Aspire S7-392-F78U Aspire S7-392G Compatibilidad: ACER Aspire V5-122P ACER ASPIRE V5-122P Acer Aspire V5-122P Serie Acer Aspire V5-122P-42154G50nbb Acer Aspire V5-122P-42154G50nss Acer Aspire V5-122P-61454G50nbb Acer Aspire V5-122P-61454G50nss Acer Aspire V3-112P V13 331 371 E11 E3-111 112 ES1-111 111M Aspire V5-122 Series Aspire V5-122P Series Aspire V5-122P-0408 Aspire V5-122P-0467 Aspire V5-122P-0468 Aspire V5-122P-0482 Aspire V5-122P-0600 Aspire V5-122P-0607 Aspire V5-122P-0637 Aspire V5-122P-0643 Aspire V5-122P-0647 Aspire V5-122P-0649 Aspire V5-122P-0679 Aspire V5-122P-0681 Aspire V5-122P-0825 Aspire V5-122P-0857 Aspire V5-122P-0862 Aspire V5-122P-0863 Aspire V5-122P-0864 Aspire V5-122P-0880 Aspire V5-122P-0889 Aspire V5-122P-0894 Aspire V5-171 Series Aspire V5-171-6422 Aspire V5-171-6436 Aspire V5-171-6471 Aspire V5-171-6614 Aspire V5-171-6616 Aspire V5-171-6675 Aspire V5-171-6860 Aspire v5-171-9620 Aspire V5-171-9661 V5-132 V5-132P V3-371 V3-111P<\/p>\n","protected":false},"excerpt":{"rendered":"<p>TECLADO PARA ACER 14 725 756 V5-121 V5-171 S3 S5<\/p>\n","protected":false},"featured_media":22027,"comment_status":"open","ping_status":"closed","template":"","meta":{"spay_email":""},"product_cat":[830],"product_tag":[],"supplier_id":null,"supplier_sku":"","barcode":null,"atum_controlled":true,"out_stock_date":null,"out_stock_threshold":null,"inheritable":false,"inbound_stock":null,"stock_on_hold":0,"sold_today":0,"sales_last_days":0,"reserved_stock":null,"customer_returns":null,"warehouse_damage":null,"lost_in_post":null,"other_logs":null,"out_stock_days":0,"lost_sales":0,"has_location":null,"update_date":"2026-04-28T00:11:12","atum_locations":[],"atum_stock_status":"instock","restock_status":false,"low_stock_amount":"","sales_update_date":"2026-04-28T00:11:12","calc_backorders":null,"acf":[],"yoast_head":"<!-- This site is optimized with the Yoast SEO Premium plugin v17.4 (Yoast SEO v17.4) - https:\/\/yoast.com\/wordpress\/plugins\/seo\/ -->\n<title>TECLADO P. LAPTO COMP ACER ASPIRE V5-123 V51 - tienda de electr\u00f3nica y computaci\u00f3n<\/title>\n<meta name=\"robots\" content=\"index, follow, max-snippet:-1, max-image-preview:large, max-video-preview:-1\" \/>\n<link rel=\"canonical\" href=\"https:\/\/comerciallin.com\/index.php\/producto\/teclado-p-lapto-comp-acer-aspire-v5-123-v51\/\" \/>\n<meta property=\"og:locale\" content=\"es_ES\" \/>\n<meta property=\"og:type\" content=\"article\" \/>\n<meta property=\"og:title\" content=\"TECLADO P. LAPTO COMP ACER ASPIRE V5-123 V51\" \/>\n<meta property=\"og:description\" content=\"TECLADO PARA ACER 14 725 756 V5-121 V5-171 S3 S5\" \/>\n<meta property=\"og:url\" content=\"https:\/\/comerciallin.com\/index.php\/producto\/teclado-p-lapto-comp-acer-aspire-v5-123-v51\/\" \/>\n<meta property=\"og:site_name\" content=\"tienda de electr\u00f3nica y computaci\u00f3n\" \/>\n<meta property=\"article:modified_time\" content=\"2025-01-14T18:57:56+00:00\" \/>\n<meta name=\"twitter:card\" content=\"summary_large_image\" \/>\n<meta name=\"twitter:image\" content=\"https:\/\/i0.wp.com\/comerciallin.com\/wp-content\/uploads\/2023\/02\/577030110908.jpg?fit=%2C&amp;ssl=1\" \/>\n<meta name=\"twitter:label1\" content=\"Precio\" \/>\n\t<meta name=\"twitter:data1\" content=\"&#36;34,50\" \/>\n\t<meta name=\"twitter:label2\" content=\"Availability\" \/>\n\t<meta name=\"twitter:data2\" content=\"In stock\" \/>\n<script type=\"application\/ld+json\" class=\"yoast-schema-graph\">{\"@context\":\"https:\/\/schema.org\",\"@graph\":[{\"@type\":\"WebSite\",\"@id\":\"https:\/\/comerciallin.com\/#website\",\"url\":\"https:\/\/comerciallin.com\/\",\"name\":\"tienda de electr\\u00f3nica y computaci\\u00f3n\",\"description\":\"Importadora de Electr\\u00f3nica y Computaci\\u00f3n\",\"potentialAction\":[{\"@type\":\"SearchAction\",\"target\":{\"@type\":\"EntryPoint\",\"urlTemplate\":\"https:\/\/comerciallin.com\/?s={search_term_string}\"},\"query-input\":\"required name=search_term_string\"}],\"inLanguage\":\"es\"},{\"@type\":\"ImageObject\",\"@id\":\"https:\/\/comerciallin.com\/index.php\/producto\/teclado-p-lapto-comp-acer-aspire-v5-123-v51\/#primaryimage\",\"inLanguage\":\"es\",\"url\":\"https:\/\/i0.wp.com\/comerciallin.com\/wp-content\/uploads\/2023\/02\/577030110908.jpg?fit=%2C&ssl=1\",\"contentUrl\":\"https:\/\/i0.wp.com\/comerciallin.com\/wp-content\/uploads\/2023\/02\/577030110908.jpg?fit=%2C&ssl=1\",\"caption\":\"TECLADO P. LAPTO COMP ACER ASPIRE V5-123 V51\"},{\"@type\":\"WebPage\",\"@id\":\"https:\/\/comerciallin.com\/index.php\/producto\/teclado-p-lapto-comp-acer-aspire-v5-123-v51\/#webpage\",\"url\":\"https:\/\/comerciallin.com\/index.php\/producto\/teclado-p-lapto-comp-acer-aspire-v5-123-v51\/\",\"name\":\"TECLADO P. LAPTO COMP ACER ASPIRE V5-123 V51 - tienda de electr\\u00f3nica y computaci\\u00f3n\",\"isPartOf\":{\"@id\":\"https:\/\/comerciallin.com\/#website\"},\"primaryImageOfPage\":{\"@id\":\"https:\/\/comerciallin.com\/index.php\/producto\/teclado-p-lapto-comp-acer-aspire-v5-123-v51\/#primaryimage\"},\"datePublished\":\"2022-11-07T18:30:08+00:00\",\"dateModified\":\"2025-01-14T18:57:56+00:00\",\"breadcrumb\":{\"@id\":\"https:\/\/comerciallin.com\/index.php\/producto\/teclado-p-lapto-comp-acer-aspire-v5-123-v51\/#breadcrumb\"},\"inLanguage\":\"es\",\"potentialAction\":[{\"@type\":\"ReadAction\",\"target\":[\"https:\/\/comerciallin.com\/index.php\/producto\/teclado-p-lapto-comp-acer-aspire-v5-123-v51\/\"]}]},{\"@type\":\"BreadcrumbList\",\"@id\":\"https:\/\/comerciallin.com\/index.php\/producto\/teclado-p-lapto-comp-acer-aspire-v5-123-v51\/#breadcrumb\",\"itemListElement\":[{\"@type\":\"ListItem\",\"position\":1,\"name\":\"Inicio\",\"item\":\"https:\/\/comerciallin.com\/\"},{\"@type\":\"ListItem\",\"position\":2,\"name\":\"Shop\",\"item\":\"https:\/\/comerciallin.com\/?page_id=3853\"},{\"@type\":\"ListItem\",\"position\":3,\"name\":\"TECLADO P. LAPTO COMP ACER ASPIRE V5-123 V51\"}]}]}<\/script>\n<meta property=\"product:price:amount\" content=\"34.50\" \/>\n<meta property=\"product:price:currency\" content=\"USD\" \/>\n<meta property=\"og:availability\" content=\"instock\" \/>\n<meta property=\"product:availability\" content=\"instock\" \/>\n<meta property=\"product:retailer_item_id\" content=\"577030110908\" \/>\n<meta property=\"product:condition\" content=\"new\" \/>\n<!-- \/ Yoast SEO Premium plugin. -->","yoast_head_json":{"title":"TECLADO P. LAPTO COMP ACER ASPIRE V5-123 V51 - tienda de electr\u00f3nica y computaci\u00f3n","robots":{"index":"index","follow":"follow","max-snippet":"max-snippet:-1","max-image-preview":"max-image-preview:large","max-video-preview":"max-video-preview:-1"},"canonical":"https:\/\/comerciallin.com\/index.php\/producto\/teclado-p-lapto-comp-acer-aspire-v5-123-v51\/","og_locale":"es_ES","og_type":"article","og_title":"TECLADO P. LAPTO COMP ACER ASPIRE V5-123 V51","og_description":"TECLADO PARA ACER 14 725 756 V5-121 V5-171 S3 S5","og_url":"https:\/\/comerciallin.com\/index.php\/producto\/teclado-p-lapto-comp-acer-aspire-v5-123-v51\/","og_site_name":"tienda de electr\u00f3nica y computaci\u00f3n","article_modified_time":"2025-01-14T18:57:56+00:00","twitter_card":"summary_large_image","twitter_image":"https:\/\/i0.wp.com\/comerciallin.com\/wp-content\/uploads\/2023\/02\/577030110908.jpg?fit=%2C&ssl=1","twitter_misc":{"Precio":"&#36;34,50","Availability":"In stock"},"schema":{"@context":"https:\/\/schema.org","@graph":[{"@type":"WebSite","@id":"https:\/\/comerciallin.com\/#website","url":"https:\/\/comerciallin.com\/","name":"tienda de electr\u00f3nica y computaci\u00f3n","description":"Importadora de Electr\u00f3nica y Computaci\u00f3n","potentialAction":[{"@type":"SearchAction","target":{"@type":"EntryPoint","urlTemplate":"https:\/\/comerciallin.com\/?s={search_term_string}"},"query-input":"required name=search_term_string"}],"inLanguage":"es"},{"@type":"ImageObject","@id":"https:\/\/comerciallin.com\/index.php\/producto\/teclado-p-lapto-comp-acer-aspire-v5-123-v51\/#primaryimage","inLanguage":"es","url":"https:\/\/i0.wp.com\/comerciallin.com\/wp-content\/uploads\/2023\/02\/577030110908.jpg?fit=%2C&ssl=1","contentUrl":"https:\/\/i0.wp.com\/comerciallin.com\/wp-content\/uploads\/2023\/02\/577030110908.jpg?fit=%2C&ssl=1","caption":"TECLADO P. LAPTO COMP ACER ASPIRE V5-123 V51"},{"@type":"WebPage","@id":"https:\/\/comerciallin.com\/index.php\/producto\/teclado-p-lapto-comp-acer-aspire-v5-123-v51\/#webpage","url":"https:\/\/comerciallin.com\/index.php\/producto\/teclado-p-lapto-comp-acer-aspire-v5-123-v51\/","name":"TECLADO P. LAPTO COMP ACER ASPIRE V5-123 V51 - tienda de electr\u00f3nica y computaci\u00f3n","isPartOf":{"@id":"https:\/\/comerciallin.com\/#website"},"primaryImageOfPage":{"@id":"https:\/\/comerciallin.com\/index.php\/producto\/teclado-p-lapto-comp-acer-aspire-v5-123-v51\/#primaryimage"},"datePublished":"2022-11-07T18:30:08+00:00","dateModified":"2025-01-14T18:57:56+00:00","breadcrumb":{"@id":"https:\/\/comerciallin.com\/index.php\/producto\/teclado-p-lapto-comp-acer-aspire-v5-123-v51\/#breadcrumb"},"inLanguage":"es","potentialAction":[{"@type":"ReadAction","target":["https:\/\/comerciallin.com\/index.php\/producto\/teclado-p-lapto-comp-acer-aspire-v5-123-v51\/"]}]},{"@type":"BreadcrumbList","@id":"https:\/\/comerciallin.com\/index.php\/producto\/teclado-p-lapto-comp-acer-aspire-v5-123-v51\/#breadcrumb","itemListElement":[{"@type":"ListItem","position":1,"name":"Inicio","item":"https:\/\/comerciallin.com\/"},{"@type":"ListItem","position":2,"name":"Shop","item":"https:\/\/comerciallin.com\/?page_id=3853"},{"@type":"ListItem","position":3,"name":"TECLADO P. LAPTO COMP ACER ASPIRE V5-123 V51"}]}]},"product_price_amount":"34.50","product_price_currency":"USD","og_availability":"instock","product_availability":"instock","product_retailer_item_id":"577030110908","product_condition":"new"},"jetpack-related-posts":[{"id":20854,"url":"https:\/\/comerciallin.com\/index.php\/producto\/bateria-comp-acer-al12a32-v5-v5-431-v5-531-v\/","url_meta":{"origin":19595,"position":0},"title":"BATERIA COMP ACER AL12A32\/V5-V5-431 V5-531 V","date":"10 de noviembre de 2022","format":false,"excerpt":"Voltaje 14.8 Voltios Battery Weight 340 Gramos Battery Cell Type Litio Ion","rel":"","context":"Entrada similar","img":{"alt_text":"BATERIA COMP ACER AL12A32\/V5-V5-431 V5-531 V","src":"https:\/\/i0.wp.com\/comerciallin.com\/wp-content\/uploads\/2023\/02\/537030180801.jpg?fit=992%2C744&ssl=1&resize=350%2C200","width":350,"height":200},"classes":[]},{"id":19072,"url":"https:\/\/comerciallin.com\/index.php\/producto\/bateria-comp-acer-ac14b8k-e3-111-v3-111-v3-11\/","url_meta":{"origin":19595,"position":1},"title":"BATERIA COMP ACER AC14B8K\/E3-111\/V3-111\/V3-11","date":"7 de noviembre de 2022","format":false,"excerpt":"Cantidad de bater\u00edas 1 Iones de litio necesaria(s), incluida(s) Marca TREE.NB Composici\u00f3n de las celdas de la bater\u00eda Litio Ion Voltaje 15.21 Voltios Reutilizaci\u00f3n Rechargeable Peso de la bater\u00eda 200 Gramos","rel":"","context":"Entrada similar","img":{"alt_text":"BATERIA COMP ACER AC14B8K\/E3-111\/V3-111\/V3-11","src":"https:\/\/i0.wp.com\/comerciallin.com\/wp-content\/uploads\/2023\/02\/537030110503.jpg?fit=992%2C744&ssl=1&resize=350%2C200","width":350,"height":200},"classes":[]},{"id":19633,"url":"https:\/\/comerciallin.com\/index.php\/producto\/teclado-p-lapto-comp-acer-v5-531-v5-551-v5-5\/","url_meta":{"origin":19595,"position":2},"title":"TECLADO P. LAPTO COMP ACER V5-531\/V5-551\/V5-5","date":"7 de noviembre de 2022","format":false,"excerpt":"Teclado para port\u00e1til Acer V5-571 V5-531 V5-531P V5-551 V5-551G","rel":"","context":"Entrada similar","img":{"alt_text":"","src":"","width":0,"height":0},"classes":[]},{"id":19575,"url":"https:\/\/comerciallin.com\/index.php\/producto\/bateria-comp-acer-al12b32-756\/","url_meta":{"origin":19595,"position":3},"title":"BATERIA COMP ACER AL12B32\/756","date":"7 de noviembre de 2022","format":false,"excerpt":"Nueva bater\u00eda AL12B32 4-Cell para port\u00e1til ACER Aspire One 725 756 V5 \u2013 171 B113 B113 M AL12 X 32 AL12 A31 AL12B31 [14,8 V37wh\/2500 mAh]","rel":"","context":"Entrada similar","img":{"alt_text":"BATERIA COMP ACER AL12B32\/756","src":"https:\/\/i0.wp.com\/comerciallin.com\/wp-content\/uploads\/2023\/02\/537030110901.jpg?fit=992%2C744&ssl=1&resize=350%2C200","width":350,"height":200},"classes":[]},{"id":19587,"url":"https:\/\/comerciallin.com\/index.php\/producto\/teclado-p-lapto-comp-acer-aspire-v3-431-e1-0\/","url_meta":{"origin":19595,"position":4},"title":"TECLADO P. LAPTO COMP ACER ASPIRE V3-431\/E1-0","date":"7 de noviembre de 2022","format":false,"excerpt":"Teclado para Acer Aspire V3-431 V3-471 V3-471G E1-470 E1-470G E1-470P E1-470PG E1-472 port\u00e1til negro","rel":"","context":"Entrada similar","img":{"alt_text":"","src":"","width":0,"height":0},"classes":[]},{"id":23850,"url":"https:\/\/comerciallin.com\/index.php\/producto\/teclado-p-lapto-comp-acer-5810\/","url_meta":{"origin":19595,"position":5},"title":"TECLADO P. LAPTO COMP ACER 5810","date":"3 de mayo de 2023","format":false,"excerpt":"Teclado Acer Aspire 5536, Acer Aspire 5536G, Acer Aspire 5541, Acer Aspire 5541G, Acer Aspire 5738, Acer Aspire 5738DG","rel":"","context":"Entrada similar","img":{"alt_text":"","src":"","width":0,"height":0},"classes":[]}],"jetpack_sharing_enabled":true,"jetpack_likes_enabled":true,"_links":{"self":[{"href":"https:\/\/comerciallin.com\/index.php\/wp-json\/wp\/v2\/product\/19595"}],"collection":[{"href":"https:\/\/comerciallin.com\/index.php\/wp-json\/wp\/v2\/product"}],"about":[{"href":"https:\/\/comerciallin.com\/index.php\/wp-json\/wp\/v2\/types\/product"}],"replies":[{"embeddable":true,"href":"https:\/\/comerciallin.com\/index.php\/wp-json\/wp\/v2\/comments?post=19595"}],"wp:featuredmedia":[{"embeddable":true,"href":"https:\/\/comerciallin.com\/index.php\/wp-json\/wp\/v2\/media\/22027"}],"wp:attachment":[{"href":"https:\/\/comerciallin.com\/index.php\/wp-json\/wp\/v2\/media?parent=19595"}],"wp:term":[{"taxonomy":"product_cat","embeddable":true,"href":"https:\/\/comerciallin.com\/index.php\/wp-json\/wp\/v2\/product_cat?post=19595"},{"taxonomy":"product_tag","embeddable":true,"href":"https:\/\/comerciallin.com\/index.php\/wp-json\/wp\/v2\/product_tag?post=19595"}],"curies":[{"name":"wp","href":"https:\/\/api.w.org\/{rel}","templated":true}]}}