{"id":19403,"date":"2022-11-07T13:28:56","date_gmt":"2022-11-07T18:28:56","guid":{"rendered":"https:\/\/comerciallin.com\/index.php\/producto\/freidora-de-aire-15l\/"},"modified":"2026-02-13T03:06:06","modified_gmt":"2026-02-13T08:06:06","slug":"freidora-de-aire-15l","status":"publish","type":"product","link":"https:\/\/comerciallin.com\/index.php\/producto\/freidora-de-aire-15l\/","title":{"rendered":"FREIDORA DE AIRE SILVER CREST JD-989 15L"},"content":{"rendered":"<div dir=\"auto\">Freidora de aire Silver Crest<\/div>\n<div dir=\"auto\">PREMIUM 12.-QUART AIR FRYER<\/div>\n<div dir=\"auto\"><strong>Modelo:<\/strong>&nbsp;JD-989<\/div>\n<div dir=\"auto\"><strong>Capacidad:<\/strong>&nbsp;15 Litros<\/div>\n<div dir=\"auto\">Tecnolog&iacute;a Alemana<\/div>\n","protected":false},"excerpt":{"rendered":"<div dir=\"auto\">Freidora de aire Silver Crest<\/div>\n<div dir=\"auto\">PREMIUM 12.-QUART AIR FRYER<\/div>\n<div dir=\"auto\"><strong>Modelo:<\/strong>&nbsp;JD-989<\/div>\n<div dir=\"auto\"><strong>Capacidad:<\/strong>&nbsp;15 Litros<\/div>\n<div dir=\"auto\">Tecnolog&iacute;a Alemana<\/div>\n","protected":false},"featured_media":21889,"comment_status":"open","ping_status":"closed","template":"","meta":{"spay_email":""},"product_cat":[818],"product_tag":[],"supplier_id":null,"supplier_sku":"","barcode":null,"atum_controlled":true,"out_stock_date":null,"out_stock_threshold":null,"inheritable":false,"inbound_stock":null,"stock_on_hold":0,"sold_today":0,"sales_last_days":0,"reserved_stock":null,"customer_returns":null,"warehouse_damage":null,"lost_in_post":null,"other_logs":null,"out_stock_days":0,"lost_sales":0,"has_location":null,"update_date":"2026-04-03T23:40:31","atum_locations":[],"atum_stock_status":"instock","restock_status":false,"low_stock_amount":"","sales_update_date":"2026-04-03T23:40:31","calc_backorders":null,"acf":[],"yoast_head":"<!-- This site is optimized with the Yoast SEO Premium plugin v17.4 (Yoast SEO v17.4) - https:\/\/yoast.com\/wordpress\/plugins\/seo\/ -->\n<title>FREIDORA DE AIRE SILVER CREST JD-989 15L - tienda de electr\u00f3nica y computaci\u00f3n<\/title>\n<meta name=\"robots\" content=\"index, follow, max-snippet:-1, max-image-preview:large, max-video-preview:-1\" \/>\n<link rel=\"canonical\" href=\"https:\/\/comerciallin.com\/index.php\/producto\/freidora-de-aire-15l\/\" \/>\n<meta property=\"og:locale\" content=\"es_ES\" \/>\n<meta property=\"og:type\" content=\"article\" \/>\n<meta property=\"og:title\" content=\"FREIDORA DE AIRE SILVER CREST JD-989 15L\" \/>\n<meta property=\"og:description\" content=\"Freidora de aire Silver Crest PREMIUM 12.-QUART AIR FRYER Modelo:&nbsp;JD-989 Capacidad:&nbsp;15 Litros Tecnolog&iacute;a Alemana\" \/>\n<meta property=\"og:url\" content=\"https:\/\/comerciallin.com\/index.php\/producto\/freidora-de-aire-15l\/\" \/>\n<meta property=\"og:site_name\" content=\"tienda de electr\u00f3nica y computaci\u00f3n\" \/>\n<meta property=\"article:modified_time\" content=\"2026-02-13T08:06:06+00:00\" \/>\n<meta name=\"twitter:card\" content=\"summary_large_image\" \/>\n<meta name=\"twitter:image\" content=\"https:\/\/i0.wp.com\/comerciallin.com\/wp-content\/uploads\/2023\/02\/horno_JD-989.jpg?fit=%2C&amp;ssl=1\" \/>\n<meta name=\"twitter:label1\" content=\"Precio\" \/>\n\t<meta name=\"twitter:data1\" content=\"&#36;103,50\" \/>\n\t<meta name=\"twitter:label2\" content=\"Availability\" \/>\n\t<meta name=\"twitter:data2\" content=\"In stock\" \/>\n<script type=\"application\/ld+json\" class=\"yoast-schema-graph\">{\"@context\":\"https:\/\/schema.org\",\"@graph\":[{\"@type\":\"WebSite\",\"@id\":\"https:\/\/comerciallin.com\/#website\",\"url\":\"https:\/\/comerciallin.com\/\",\"name\":\"tienda de electr\\u00f3nica y computaci\\u00f3n\",\"description\":\"Importadora de Electr\\u00f3nica y Computaci\\u00f3n\",\"potentialAction\":[{\"@type\":\"SearchAction\",\"target\":{\"@type\":\"EntryPoint\",\"urlTemplate\":\"https:\/\/comerciallin.com\/?s={search_term_string}\"},\"query-input\":\"required name=search_term_string\"}],\"inLanguage\":\"es\"},{\"@type\":\"ImageObject\",\"@id\":\"https:\/\/comerciallin.com\/index.php\/producto\/freidora-de-aire-15l\/#primaryimage\",\"inLanguage\":\"es\",\"url\":\"https:\/\/i0.wp.com\/comerciallin.com\/wp-content\/uploads\/2023\/02\/horno_JD-989.jpg?fit=%2C&ssl=1\",\"contentUrl\":\"https:\/\/i0.wp.com\/comerciallin.com\/wp-content\/uploads\/2023\/02\/horno_JD-989.jpg?fit=%2C&ssl=1\",\"caption\":\"FREIDORA DE AIRE SILVER CREST JD-989 15L\"},{\"@type\":\"WebPage\",\"@id\":\"https:\/\/comerciallin.com\/index.php\/producto\/freidora-de-aire-15l\/#webpage\",\"url\":\"https:\/\/comerciallin.com\/index.php\/producto\/freidora-de-aire-15l\/\",\"name\":\"FREIDORA DE AIRE SILVER CREST JD-989 15L - tienda de electr\\u00f3nica y computaci\\u00f3n\",\"isPartOf\":{\"@id\":\"https:\/\/comerciallin.com\/#website\"},\"primaryImageOfPage\":{\"@id\":\"https:\/\/comerciallin.com\/index.php\/producto\/freidora-de-aire-15l\/#primaryimage\"},\"datePublished\":\"2022-11-07T18:28:56+00:00\",\"dateModified\":\"2026-02-13T08:06:06+00:00\",\"breadcrumb\":{\"@id\":\"https:\/\/comerciallin.com\/index.php\/producto\/freidora-de-aire-15l\/#breadcrumb\"},\"inLanguage\":\"es\",\"potentialAction\":[{\"@type\":\"ReadAction\",\"target\":[\"https:\/\/comerciallin.com\/index.php\/producto\/freidora-de-aire-15l\/\"]}]},{\"@type\":\"BreadcrumbList\",\"@id\":\"https:\/\/comerciallin.com\/index.php\/producto\/freidora-de-aire-15l\/#breadcrumb\",\"itemListElement\":[{\"@type\":\"ListItem\",\"position\":1,\"name\":\"Inicio\",\"item\":\"https:\/\/comerciallin.com\/\"},{\"@type\":\"ListItem\",\"position\":2,\"name\":\"Shop\",\"item\":\"https:\/\/comerciallin.com\/?page_id=3853\"},{\"@type\":\"ListItem\",\"position\":3,\"name\":\"FREIDORA DE AIRE SILVER CREST JD-989 15L\"}]}]}<\/script>\n<meta property=\"product:price:amount\" content=\"103.50\" \/>\n<meta property=\"product:price:currency\" content=\"USD\" \/>\n<meta property=\"og:availability\" content=\"instock\" \/>\n<meta property=\"product:availability\" content=\"instock\" \/>\n<meta property=\"product:retailer_item_id\" content=\"731080121003\" \/>\n<meta property=\"product:condition\" content=\"new\" \/>\n<!-- \/ Yoast SEO Premium plugin. -->","yoast_head_json":{"title":"FREIDORA DE AIRE SILVER CREST JD-989 15L - tienda de electr\u00f3nica y computaci\u00f3n","robots":{"index":"index","follow":"follow","max-snippet":"max-snippet:-1","max-image-preview":"max-image-preview:large","max-video-preview":"max-video-preview:-1"},"canonical":"https:\/\/comerciallin.com\/index.php\/producto\/freidora-de-aire-15l\/","og_locale":"es_ES","og_type":"article","og_title":"FREIDORA DE AIRE SILVER CREST JD-989 15L","og_description":"Freidora de aire Silver Crest PREMIUM 12.-QUART AIR FRYER Modelo:&nbsp;JD-989 Capacidad:&nbsp;15 Litros Tecnolog&iacute;a Alemana","og_url":"https:\/\/comerciallin.com\/index.php\/producto\/freidora-de-aire-15l\/","og_site_name":"tienda de electr\u00f3nica y computaci\u00f3n","article_modified_time":"2026-02-13T08:06:06+00:00","twitter_card":"summary_large_image","twitter_image":"https:\/\/i0.wp.com\/comerciallin.com\/wp-content\/uploads\/2023\/02\/horno_JD-989.jpg?fit=%2C&ssl=1","twitter_misc":{"Precio":"&#36;103,50","Availability":"In stock"},"schema":{"@context":"https:\/\/schema.org","@graph":[{"@type":"WebSite","@id":"https:\/\/comerciallin.com\/#website","url":"https:\/\/comerciallin.com\/","name":"tienda de electr\u00f3nica y computaci\u00f3n","description":"Importadora de Electr\u00f3nica y Computaci\u00f3n","potentialAction":[{"@type":"SearchAction","target":{"@type":"EntryPoint","urlTemplate":"https:\/\/comerciallin.com\/?s={search_term_string}"},"query-input":"required name=search_term_string"}],"inLanguage":"es"},{"@type":"ImageObject","@id":"https:\/\/comerciallin.com\/index.php\/producto\/freidora-de-aire-15l\/#primaryimage","inLanguage":"es","url":"https:\/\/i0.wp.com\/comerciallin.com\/wp-content\/uploads\/2023\/02\/horno_JD-989.jpg?fit=%2C&ssl=1","contentUrl":"https:\/\/i0.wp.com\/comerciallin.com\/wp-content\/uploads\/2023\/02\/horno_JD-989.jpg?fit=%2C&ssl=1","caption":"FREIDORA DE AIRE SILVER CREST JD-989 15L"},{"@type":"WebPage","@id":"https:\/\/comerciallin.com\/index.php\/producto\/freidora-de-aire-15l\/#webpage","url":"https:\/\/comerciallin.com\/index.php\/producto\/freidora-de-aire-15l\/","name":"FREIDORA DE AIRE SILVER CREST JD-989 15L - tienda de electr\u00f3nica y computaci\u00f3n","isPartOf":{"@id":"https:\/\/comerciallin.com\/#website"},"primaryImageOfPage":{"@id":"https:\/\/comerciallin.com\/index.php\/producto\/freidora-de-aire-15l\/#primaryimage"},"datePublished":"2022-11-07T18:28:56+00:00","dateModified":"2026-02-13T08:06:06+00:00","breadcrumb":{"@id":"https:\/\/comerciallin.com\/index.php\/producto\/freidora-de-aire-15l\/#breadcrumb"},"inLanguage":"es","potentialAction":[{"@type":"ReadAction","target":["https:\/\/comerciallin.com\/index.php\/producto\/freidora-de-aire-15l\/"]}]},{"@type":"BreadcrumbList","@id":"https:\/\/comerciallin.com\/index.php\/producto\/freidora-de-aire-15l\/#breadcrumb","itemListElement":[{"@type":"ListItem","position":1,"name":"Inicio","item":"https:\/\/comerciallin.com\/"},{"@type":"ListItem","position":2,"name":"Shop","item":"https:\/\/comerciallin.com\/?page_id=3853"},{"@type":"ListItem","position":3,"name":"FREIDORA DE AIRE SILVER CREST JD-989 15L"}]}]},"product_price_amount":"103.50","product_price_currency":"USD","og_availability":"instock","product_availability":"instock","product_retailer_item_id":"731080121003","product_condition":"new"},"jetpack-related-posts":[{"id":19399,"url":"https:\/\/comerciallin.com\/index.php\/producto\/freidora-de-aire-8l\/","url_meta":{"origin":19403,"position":0},"title":"FREIDORA DE AIRE SILVER CREST JD689B 8L","date":"7 de noviembre de 2022","format":false,"excerpt":"Freidora de aire Silver Crest Extra Large Capacity Air Fryer Modelo:\u00a0JD689B Capacidad:\u00a08 Litros Tecnolog\u00eda Alemana","rel":"","context":"Entrada similar","img":{"alt_text":"","src":"","width":0,"height":0},"classes":[]},{"id":23723,"url":"https:\/\/comerciallin.com\/index.php\/producto\/cuerda-guit-mad-12-masterbuilt-premium\/","url_meta":{"origin":19403,"position":1},"title":"CUERDA GUIT MAD # 12 MASTERBUILT PREMIUM","date":"3 de mayo de 2023","format":false,"excerpt":"","rel":"","context":"Entrada similar","img":{"alt_text":"","src":"","width":0,"height":0},"classes":[]},{"id":20858,"url":"https:\/\/comerciallin.com\/index.php\/producto\/bateria-comp-acer-as10b31-4745g-4820t-5820t-t\/","url_meta":{"origin":19403,"position":2},"title":"BATERIA COMP ACER AS10B31\/4745G\/4820T\/5820T\/T","date":"10 de noviembre de 2022","format":false,"excerpt":"Marca: acer Tipo: Li-ion Voltaje: 10.8v Capacidad: 4400mAH\/48WH","rel":"","context":"Entrada similar","img":{"alt_text":"BATERIA COMP ACER AS10B31\/4745G\/4820T\/5820T\/T","src":"https:\/\/i0.wp.com\/comerciallin.com\/wp-content\/uploads\/2023\/02\/2121601032.jpg?fit=992%2C744&ssl=1&resize=350%2C200","width":350,"height":200},"classes":[]},{"id":19697,"url":"https:\/\/comerciallin.com\/index.php\/producto\/expansor-pci-pata-tarjeta-de-video\/","url_meta":{"origin":19403,"position":3},"title":"EXPANSOR PCI PATA TARJETA DE VIDEO","date":"7 de noviembre de 2022","format":false,"excerpt":"Tarjeta adaptadora con alimentaci\u00f3n vertical PCIe 1X a 16X, elevadores de GPU PCI-E 8 condensadores para miner\u00eda de monedas Bitcoin Litecoin ETH con extensi\u00f3n de gr\u00e1ficos LED+cable 60cmUSB 3.0 y cable de alimentaci\u00f3n SATA de 6 pines","rel":"","context":"Entrada similar","img":{"alt_text":"","src":"","width":0,"height":0},"classes":[]},{"id":19301,"url":"https:\/\/comerciallin.com\/index.php\/producto\/bateria-comp-dell-gjknx-e5480-5580\/","url_meta":{"origin":19403,"position":4},"title":"BATERIA COMP DELL GJKNX\/E5480-5580","date":"7 de noviembre de 2022","format":false,"excerpt":"Pilas 1 Pol\u00edmero de litio (Tipo de pila necesaria) Marca Dentsing Voltaje 7.6 Voltios Peso de la Bater\u00eda 100 Gramos Compatible Devices Laptop, Notebook","rel":"","context":"Entrada similar","img":{"alt_text":"","src":"","width":0,"height":0},"classes":[]}],"jetpack_sharing_enabled":true,"jetpack_likes_enabled":true,"_links":{"self":[{"href":"https:\/\/comerciallin.com\/index.php\/wp-json\/wp\/v2\/product\/19403"}],"collection":[{"href":"https:\/\/comerciallin.com\/index.php\/wp-json\/wp\/v2\/product"}],"about":[{"href":"https:\/\/comerciallin.com\/index.php\/wp-json\/wp\/v2\/types\/product"}],"replies":[{"embeddable":true,"href":"https:\/\/comerciallin.com\/index.php\/wp-json\/wp\/v2\/comments?post=19403"}],"wp:featuredmedia":[{"embeddable":true,"href":"https:\/\/comerciallin.com\/index.php\/wp-json\/wp\/v2\/media\/21889"}],"wp:attachment":[{"href":"https:\/\/comerciallin.com\/index.php\/wp-json\/wp\/v2\/media?parent=19403"}],"wp:term":[{"taxonomy":"product_cat","embeddable":true,"href":"https:\/\/comerciallin.com\/index.php\/wp-json\/wp\/v2\/product_cat?post=19403"},{"taxonomy":"product_tag","embeddable":true,"href":"https:\/\/comerciallin.com\/index.php\/wp-json\/wp\/v2\/product_tag?post=19403"}],"curies":[{"name":"wp","href":"https:\/\/api.w.org\/{rel}","templated":true}]}}