{"id":19357,"date":"2022-11-07T13:28:36","date_gmt":"2022-11-07T18:28:36","guid":{"rendered":"https:\/\/comerciallin.com\/index.php\/producto\/cpu-intel-core-i5-11600-3-9-ghz\/"},"modified":"2025-01-14T13:55:51","modified_gmt":"2025-01-14T18:55:51","slug":"cpu-intel-core-i5-11600-3-9-ghz","status":"publish","type":"product","link":"https:\/\/comerciallin.com\/index.php\/producto\/cpu-intel-core-i5-11600-3-9-ghz\/","title":{"rendered":"CPU INTEL CORE I5-11600 3.9 GHZ"},"content":{"rendered":"<p>Procesador de escritorio desbloqueado<strong>&nbsp;Intel&reg; Core &trade; i5-11600K de 11.&ordf; generaci&oacute;n<\/strong>. Con compatibilidad con PCIe Gen 4.0, los procesadores de escritorio Intel&reg; Core &trade; desbloqueados de 11.&ordf; generaci&oacute;n est&aacute;n optimizados para la productividad, los juegos y el overclocking.<\/p>\n<p>Soluci&oacute;n t&eacute;rmica NO incluida en la caja. Compatible con placas base basadas en chipset de la serie 500 y selecta serie 400. Consulte al proveedor de la placa base para conocer los detalles de compatibilidad. 125W.<\/p>\n<ul>\n<li>Socket 1200<\/li>\n<li>Base Frequency (GHz) 3.9 GHz<\/li>\n<li>Intel&reg; Smart Cache 12M<\/li>\n<li>Cores\/ Threads 6\/12<\/li>\n<li>Memory Speed DDR4<\/li>\n<li>Memory Speed Support 3200\/2933<\/li>\n<li>Intel&reg; single core turbo frequency (GHz) 4.9 GHz<\/li>\n<li>Intel&reg; Turbo Boost&nbsp; Max Technology 3.0 single core turbo frequency (GHz) NA<\/li>\n<li>Intel&reg; Thermal Velocity Boost Technology single \/ all core turbo frequency (GHz) NA<\/li>\n<li>Intel&reg; all core turbo frequency (GHz) 4.6 GHz<\/li>\n<li>Max PCI Express Lanes 20<\/li>\n<li>PCIe Gen 4.0 Support Si<\/li>\n<li>Unlocked Si<\/li>\n<li>Chipset Compatability Intel 500 Series Chipset<\/li>\n<li>Graphics&nbsp; Intel UHD Graphics 750<\/li>\n<li>Integrated Memory Controller 2ch<\/li>\n<li>TDP (W) 125<\/li>\n<li>Intel&reg; SIPP3 Si<\/li>\n<li>Intel&reg; vPro&trade; Technology Si<\/li>\n<li>ISM Si<\/li>\n<li>Intel&reg; Optane&trade; memory Si<\/li>\n<\/ul>\n","protected":false},"excerpt":{"rendered":"<p>Intel Core I5-11600k 3.9ghz 6 Nucleos 12 Hilos<\/p>\n","protected":false},"featured_media":21854,"comment_status":"open","ping_status":"closed","template":"","meta":{"spay_email":""},"product_cat":[814],"product_tag":[],"supplier_id":null,"supplier_sku":"","barcode":null,"atum_controlled":true,"out_stock_date":null,"out_stock_threshold":null,"inheritable":false,"inbound_stock":null,"stock_on_hold":0,"sold_today":0,"sales_last_days":0,"reserved_stock":null,"customer_returns":null,"warehouse_damage":null,"lost_in_post":null,"other_logs":null,"out_stock_days":0,"lost_sales":0,"has_location":null,"update_date":"2026-05-02T00:12:20","atum_locations":[],"atum_stock_status":"instock","restock_status":false,"low_stock_amount":"","sales_update_date":"2026-05-02T00:12:20","calc_backorders":null,"acf":[],"yoast_head":"<!-- This site is optimized with the Yoast SEO Premium plugin v17.4 (Yoast SEO v17.4) - https:\/\/yoast.com\/wordpress\/plugins\/seo\/ -->\n<title>CPU INTEL CORE I5-11600 3.9 GHZ - tienda de electr\u00f3nica y computaci\u00f3n<\/title>\n<meta name=\"robots\" content=\"index, follow, max-snippet:-1, max-image-preview:large, max-video-preview:-1\" \/>\n<link rel=\"canonical\" href=\"https:\/\/comerciallin.com\/index.php\/producto\/cpu-intel-core-i5-11600-3-9-ghz\/\" \/>\n<meta property=\"og:locale\" content=\"es_ES\" \/>\n<meta property=\"og:type\" content=\"article\" \/>\n<meta property=\"og:title\" content=\"CPU INTEL CORE I5-11600 3.9 GHZ\" \/>\n<meta property=\"og:description\" content=\"Intel Core I5-11600k 3.9ghz 6 Nucleos 12 Hilos\" \/>\n<meta property=\"og:url\" content=\"https:\/\/comerciallin.com\/index.php\/producto\/cpu-intel-core-i5-11600-3-9-ghz\/\" \/>\n<meta property=\"og:site_name\" content=\"tienda de electr\u00f3nica y computaci\u00f3n\" \/>\n<meta property=\"article:modified_time\" content=\"2025-01-14T18:55:51+00:00\" \/>\n<meta name=\"twitter:card\" content=\"summary_large_image\" \/>\n<meta name=\"twitter:image\" content=\"https:\/\/i0.wp.com\/comerciallin.com\/wp-content\/uploads\/2023\/02\/601030320202.jpg?fit=%2C&amp;ssl=1\" \/>\n<meta name=\"twitter:label1\" content=\"Precio\" \/>\n\t<meta name=\"twitter:data1\" content=\"&#36;242,65\" \/>\n\t<meta name=\"twitter:label2\" content=\"Availability\" \/>\n\t<meta name=\"twitter:data2\" content=\"In stock\" \/>\n<script type=\"application\/ld+json\" class=\"yoast-schema-graph\">{\"@context\":\"https:\/\/schema.org\",\"@graph\":[{\"@type\":\"WebSite\",\"@id\":\"https:\/\/comerciallin.com\/#website\",\"url\":\"https:\/\/comerciallin.com\/\",\"name\":\"tienda de electr\\u00f3nica y computaci\\u00f3n\",\"description\":\"Importadora de Electr\\u00f3nica y Computaci\\u00f3n\",\"potentialAction\":[{\"@type\":\"SearchAction\",\"target\":{\"@type\":\"EntryPoint\",\"urlTemplate\":\"https:\/\/comerciallin.com\/?s={search_term_string}\"},\"query-input\":\"required name=search_term_string\"}],\"inLanguage\":\"es\"},{\"@type\":\"ImageObject\",\"@id\":\"https:\/\/comerciallin.com\/index.php\/producto\/cpu-intel-core-i5-11600-3-9-ghz\/#primaryimage\",\"inLanguage\":\"es\",\"url\":\"https:\/\/i0.wp.com\/comerciallin.com\/wp-content\/uploads\/2023\/02\/601030320202.jpg?fit=%2C&ssl=1\",\"contentUrl\":\"https:\/\/i0.wp.com\/comerciallin.com\/wp-content\/uploads\/2023\/02\/601030320202.jpg?fit=%2C&ssl=1\",\"caption\":\"CPU INTEL CORE I5-11600 3.9 GHZ\"},{\"@type\":\"WebPage\",\"@id\":\"https:\/\/comerciallin.com\/index.php\/producto\/cpu-intel-core-i5-11600-3-9-ghz\/#webpage\",\"url\":\"https:\/\/comerciallin.com\/index.php\/producto\/cpu-intel-core-i5-11600-3-9-ghz\/\",\"name\":\"CPU INTEL CORE I5-11600 3.9 GHZ - tienda de electr\\u00f3nica y computaci\\u00f3n\",\"isPartOf\":{\"@id\":\"https:\/\/comerciallin.com\/#website\"},\"primaryImageOfPage\":{\"@id\":\"https:\/\/comerciallin.com\/index.php\/producto\/cpu-intel-core-i5-11600-3-9-ghz\/#primaryimage\"},\"datePublished\":\"2022-11-07T18:28:36+00:00\",\"dateModified\":\"2025-01-14T18:55:51+00:00\",\"breadcrumb\":{\"@id\":\"https:\/\/comerciallin.com\/index.php\/producto\/cpu-intel-core-i5-11600-3-9-ghz\/#breadcrumb\"},\"inLanguage\":\"es\",\"potentialAction\":[{\"@type\":\"ReadAction\",\"target\":[\"https:\/\/comerciallin.com\/index.php\/producto\/cpu-intel-core-i5-11600-3-9-ghz\/\"]}]},{\"@type\":\"BreadcrumbList\",\"@id\":\"https:\/\/comerciallin.com\/index.php\/producto\/cpu-intel-core-i5-11600-3-9-ghz\/#breadcrumb\",\"itemListElement\":[{\"@type\":\"ListItem\",\"position\":1,\"name\":\"Inicio\",\"item\":\"https:\/\/comerciallin.com\/\"},{\"@type\":\"ListItem\",\"position\":2,\"name\":\"Shop\",\"item\":\"https:\/\/comerciallin.com\/?page_id=3853\"},{\"@type\":\"ListItem\",\"position\":3,\"name\":\"CPU INTEL CORE I5-11600 3.9 GHZ\"}]}]}<\/script>\n<meta property=\"product:price:amount\" content=\"242.65\" \/>\n<meta property=\"product:price:currency\" content=\"USD\" \/>\n<meta property=\"og:availability\" content=\"instock\" \/>\n<meta property=\"product:availability\" content=\"instock\" \/>\n<meta property=\"product:retailer_item_id\" content=\"601030320202\" \/>\n<meta property=\"product:condition\" content=\"new\" \/>\n<!-- \/ Yoast SEO Premium plugin. -->","yoast_head_json":{"title":"CPU INTEL CORE I5-11600 3.9 GHZ - tienda de electr\u00f3nica y computaci\u00f3n","robots":{"index":"index","follow":"follow","max-snippet":"max-snippet:-1","max-image-preview":"max-image-preview:large","max-video-preview":"max-video-preview:-1"},"canonical":"https:\/\/comerciallin.com\/index.php\/producto\/cpu-intel-core-i5-11600-3-9-ghz\/","og_locale":"es_ES","og_type":"article","og_title":"CPU INTEL CORE I5-11600 3.9 GHZ","og_description":"Intel Core I5-11600k 3.9ghz 6 Nucleos 12 Hilos","og_url":"https:\/\/comerciallin.com\/index.php\/producto\/cpu-intel-core-i5-11600-3-9-ghz\/","og_site_name":"tienda de electr\u00f3nica y computaci\u00f3n","article_modified_time":"2025-01-14T18:55:51+00:00","twitter_card":"summary_large_image","twitter_image":"https:\/\/i0.wp.com\/comerciallin.com\/wp-content\/uploads\/2023\/02\/601030320202.jpg?fit=%2C&ssl=1","twitter_misc":{"Precio":"&#36;242,65","Availability":"In stock"},"schema":{"@context":"https:\/\/schema.org","@graph":[{"@type":"WebSite","@id":"https:\/\/comerciallin.com\/#website","url":"https:\/\/comerciallin.com\/","name":"tienda de electr\u00f3nica y computaci\u00f3n","description":"Importadora de Electr\u00f3nica y Computaci\u00f3n","potentialAction":[{"@type":"SearchAction","target":{"@type":"EntryPoint","urlTemplate":"https:\/\/comerciallin.com\/?s={search_term_string}"},"query-input":"required name=search_term_string"}],"inLanguage":"es"},{"@type":"ImageObject","@id":"https:\/\/comerciallin.com\/index.php\/producto\/cpu-intel-core-i5-11600-3-9-ghz\/#primaryimage","inLanguage":"es","url":"https:\/\/i0.wp.com\/comerciallin.com\/wp-content\/uploads\/2023\/02\/601030320202.jpg?fit=%2C&ssl=1","contentUrl":"https:\/\/i0.wp.com\/comerciallin.com\/wp-content\/uploads\/2023\/02\/601030320202.jpg?fit=%2C&ssl=1","caption":"CPU INTEL CORE I5-11600 3.9 GHZ"},{"@type":"WebPage","@id":"https:\/\/comerciallin.com\/index.php\/producto\/cpu-intel-core-i5-11600-3-9-ghz\/#webpage","url":"https:\/\/comerciallin.com\/index.php\/producto\/cpu-intel-core-i5-11600-3-9-ghz\/","name":"CPU INTEL CORE I5-11600 3.9 GHZ - tienda de electr\u00f3nica y computaci\u00f3n","isPartOf":{"@id":"https:\/\/comerciallin.com\/#website"},"primaryImageOfPage":{"@id":"https:\/\/comerciallin.com\/index.php\/producto\/cpu-intel-core-i5-11600-3-9-ghz\/#primaryimage"},"datePublished":"2022-11-07T18:28:36+00:00","dateModified":"2025-01-14T18:55:51+00:00","breadcrumb":{"@id":"https:\/\/comerciallin.com\/index.php\/producto\/cpu-intel-core-i5-11600-3-9-ghz\/#breadcrumb"},"inLanguage":"es","potentialAction":[{"@type":"ReadAction","target":["https:\/\/comerciallin.com\/index.php\/producto\/cpu-intel-core-i5-11600-3-9-ghz\/"]}]},{"@type":"BreadcrumbList","@id":"https:\/\/comerciallin.com\/index.php\/producto\/cpu-intel-core-i5-11600-3-9-ghz\/#breadcrumb","itemListElement":[{"@type":"ListItem","position":1,"name":"Inicio","item":"https:\/\/comerciallin.com\/"},{"@type":"ListItem","position":2,"name":"Shop","item":"https:\/\/comerciallin.com\/?page_id=3853"},{"@type":"ListItem","position":3,"name":"CPU INTEL CORE I5-11600 3.9 GHZ"}]}]},"product_price_amount":"242.65","product_price_currency":"USD","og_availability":"instock","product_availability":"instock","product_retailer_item_id":"601030320202","product_condition":"new"},"jetpack-related-posts":[{"id":21015,"url":"https:\/\/comerciallin.com\/index.php\/producto\/pc-intel-core-i5-11600-3-9ghz\/","url_meta":{"origin":19357,"position":0},"title":"Pc Intel Core\u00ae I5-11600 3.9GHZ","date":"1 de diciembre de 2022","format":false,"excerpt":"Procesador: Intel Core\u00ae I5-11600 3.9GHZ | 11va. Generaci\u00f3n Gr\u00e1ficos:\u00a0UHD\u00a0Intel\u00ae 630 Motherboard:\u00a0Gigabyte\u00a0H510M H RAM:8GB\u00a0DDR4 2400MHz Almacenamiento: SSD\u00a0240GB GIGABYTE Teclado \/ Mouse \/ Parlantes Garantia de 1 a\u00f1o en todos los componenetes","rel":"","context":"Entrada similar","img":{"alt_text":"Pc Intel Core\u00ae I5-11600 3.9GHZ","src":"https:\/\/i0.wp.com\/comerciallin.com\/wp-content\/uploads\/2022\/12\/corei511va240gb8gb.jpg?fit=992%2C744&ssl=1&resize=350%2C200","width":350,"height":200},"classes":[]},{"id":21023,"url":"https:\/\/comerciallin.com\/index.php\/producto\/pc-intel-core-i5-10400-2-9ghz-2\/","url_meta":{"origin":19357,"position":1},"title":"Pc Intel Core\u00ae I5-10400 2.9GHZ","date":"1 de diciembre de 2022","format":false,"excerpt":"Procesador: Intel Core\u00ae I5-10400 2.9GHZ\u00a0| D\u00e9cima Generaci\u00f3n Gr\u00e1ficos:\u00a0UHD\u00a0Intel\u00ae 630 Motherboard:\u00a0Gigabyte\u00a0H510M H RAM:8GB\u00a0DDR4 2400MHz Almacenamiento: SSD\u00a0480GB GIGABYTE Teclado \/ Mouse \/ Parlantes Garantia de 1 a\u00f1o en todos los componenetes","rel":"","context":"Entrada similar","img":{"alt_text":"Pc Intel Core\u00ae I5-10400 2.9GHZ","src":"https:\/\/i0.wp.com\/comerciallin.com\/wp-content\/uploads\/2022\/12\/corei5480gb8gb.jpg?fit=992%2C744&ssl=1&resize=350%2C200","width":350,"height":200},"classes":[]},{"id":21025,"url":"https:\/\/comerciallin.com\/index.php\/producto\/pc-intel-core-i5-11600-3-9ghz-2\/","url_meta":{"origin":19357,"position":2},"title":"Pc Intel Core\u00ae I5-11600 3.9GHZ","date":"1 de diciembre de 2022","format":false,"excerpt":"Procesador: Intel Core\u00ae I5-11600 3.9GHZ | 11va. Generaci\u00f3n Gr\u00e1ficos:\u00a0UHD\u00a0Intel\u00ae 630 Motherboard:\u00a0Gigabyte\u00a0H510M H RAM:8GB\u00a0DDR4 2400MHz Almacenamiento: SSD\u00a0480GB GIGABYTE Teclado \/ Mouse \/ Parlantes Garantia de 1 a\u00f1o en todos los componenetes","rel":"","context":"Entrada similar","img":{"alt_text":"Pc Intel Core\u00ae I5-11600 3.9GHZ","src":"https:\/\/i0.wp.com\/comerciallin.com\/wp-content\/uploads\/2022\/12\/corei511va480gb8gb.jpg?fit=992%2C744&ssl=1&resize=350%2C200","width":350,"height":200},"classes":[]},{"id":21033,"url":"https:\/\/comerciallin.com\/index.php\/producto\/pc-intel-core-i5-10400-2-9ghz-3\/","url_meta":{"origin":19357,"position":3},"title":"Pc Intel Core\u00ae I5-10400 2.9GHZ","date":"1 de diciembre de 2022","format":false,"excerpt":"Procesador: Intel Core\u00ae I5-10400 2.9GHZ\u00a0| D\u00e9cima Generaci\u00f3n Gr\u00e1ficos:\u00a0UHD\u00a0Intel\u00ae 630 Motherboard:\u00a0Gigabyte\u00a0H510M H RAM:8GB\u00a0DDR4 2400MHz Almacenamiento: SSD\u00a0960GB KINGSTONG Teclado \/ Mouse \/ Parlantes Garantia de 1 a\u00f1o en todos los componenetes","rel":"","context":"Entrada similar","img":{"alt_text":"Pc Intel Core\u00ae I5-10400 2.9GHZ","src":"https:\/\/i0.wp.com\/comerciallin.com\/wp-content\/uploads\/2022\/12\/corei5960gb8gb.jpg?fit=992%2C744&ssl=1&resize=350%2C200","width":350,"height":200},"classes":[]},{"id":21013,"url":"https:\/\/comerciallin.com\/index.php\/producto\/pc-intel-core-i5-10400-2-9ghz\/","url_meta":{"origin":19357,"position":4},"title":"Pc Intel Core\u00ae I5-10400 2.9GHZ","date":"1 de diciembre de 2022","format":false,"excerpt":"Procesador: Intel Core\u00ae I5-10400 2.9GHZ\u00a0| D\u00e9cima Generaci\u00f3n Gr\u00e1ficos:\u00a0UHD\u00a0Intel\u00ae 630 Motherboard:\u00a0Gigabyte\u00a0H510M H RAM:8GB\u00a0DDR4 2400MHz Almacenamiento: SSD\u00a0240GB GIGABYTE Teclado \/ Mouse \/ Parlantes Garantia de 1 a\u00f1o en todos los componenetes","rel":"","context":"Entrada similar","img":{"alt_text":"Pc Intel Core\u00ae I5-10400 2.9GHZ","src":"https:\/\/i0.wp.com\/comerciallin.com\/wp-content\/uploads\/2022\/12\/corei5240gb8gb.jpg?fit=992%2C744&ssl=1&resize=350%2C200","width":350,"height":200},"classes":[]},{"id":21035,"url":"https:\/\/comerciallin.com\/index.php\/producto\/pc-intel-core-i5-11600-3-9ghz-3\/","url_meta":{"origin":19357,"position":5},"title":"Pc Intel Core\u00ae I5-11600 3.9GHZ","date":"1 de diciembre de 2022","format":false,"excerpt":"Procesador: Intel Core\u00ae I5-11600 3.9GHZ | 11va. Generaci\u00f3n Gr\u00e1ficos:\u00a0UHD\u00a0Intel\u00ae 630 Motherboard:\u00a0Gigabyte\u00a0H510M H RAM:8GB\u00a0DDR4 2400MHz Almacenamiento: SSD\u00a0960GB KINGSTONG Teclado \/ Mouse \/ Parlantes Garantia de 1 a\u00f1o en todos los componenetes","rel":"","context":"Entrada similar","img":{"alt_text":"Pc Intel Core\u00ae I5-11600 3.9GHZ","src":"https:\/\/i0.wp.com\/comerciallin.com\/wp-content\/uploads\/2022\/12\/corei511va960gb8gb.jpg?fit=992%2C744&ssl=1&resize=350%2C200","width":350,"height":200},"classes":[]}],"jetpack_sharing_enabled":true,"jetpack_likes_enabled":true,"_links":{"self":[{"href":"https:\/\/comerciallin.com\/index.php\/wp-json\/wp\/v2\/product\/19357"}],"collection":[{"href":"https:\/\/comerciallin.com\/index.php\/wp-json\/wp\/v2\/product"}],"about":[{"href":"https:\/\/comerciallin.com\/index.php\/wp-json\/wp\/v2\/types\/product"}],"replies":[{"embeddable":true,"href":"https:\/\/comerciallin.com\/index.php\/wp-json\/wp\/v2\/comments?post=19357"}],"wp:featuredmedia":[{"embeddable":true,"href":"https:\/\/comerciallin.com\/index.php\/wp-json\/wp\/v2\/media\/21854"}],"wp:attachment":[{"href":"https:\/\/comerciallin.com\/index.php\/wp-json\/wp\/v2\/media?parent=19357"}],"wp:term":[{"taxonomy":"product_cat","embeddable":true,"href":"https:\/\/comerciallin.com\/index.php\/wp-json\/wp\/v2\/product_cat?post=19357"},{"taxonomy":"product_tag","embeddable":true,"href":"https:\/\/comerciallin.com\/index.php\/wp-json\/wp\/v2\/product_tag?post=19357"}],"curies":[{"name":"wp","href":"https:\/\/api.w.org\/{rel}","templated":true}]}}