{"id":19347,"date":"2022-11-07T13:28:34","date_gmt":"2022-11-07T18:28:34","guid":{"rendered":"https:\/\/comerciallin.com\/index.php\/producto\/t-madre-asus-tuf-gaming-b550m-plus-wifi\/"},"modified":"2026-01-01T08:40:29","modified_gmt":"2026-01-01T13:40:29","slug":"t-madre-asus-tuf-gaming-b550m-plus-wifi","status":"publish","type":"product","link":"https:\/\/comerciallin.com\/index.php\/producto\/t-madre-asus-tuf-gaming-b550m-plus-wifi\/","title":{"rendered":"T.MADRE ASUS TUF GAMING B550M PLUS WIFI"},"content":{"rendered":"<h2>DURABLE. STABLE. RELIABLE.<\/h2>\n<p>La TUF Gaming B550M-Plus (Wi-Fi) destila elementos esenciales de la &uacute;ltima plataforma de AMD y los combina con funciones gaming y una durabilidad comprobada. Dise&ntilde;ada con componentes de grado militar, una soluci&oacute;n de energ&iacute;a mejorada y una conjunto de opciones de enfriamiento muy completo, esta tarjeta madre ofrece un rendimiento gaming avanzado y una estabilidad inquebrantable.<\/p>\n<p>Al montar tu sistema con una tarjeta madre TUF Gaming tambi&eacute;n te beneficias de la TUF Gaming Alliance, una estrecha colaboraci&oacute;n entre ASUS y una selecci&oacute;n de partners creada para facilitar un montaje m&aacute;s sencillo, componentes a juego y una compatibilidad garantizada.<\/p>\n","protected":false},"excerpt":{"rendered":"<p>ASUS TUF Gaming B550M-PLUS (WiFi 6) AMD AM4 (3rd Gen Ryzen&trade;) microATX Gaming Motherboard (PCIe 4.0, 2.5Gb LAN, BIOS Flashback, HDMI 2.1, USB 3.2 Gen 2, Addressable Gen 2 RGB Header and Aura Sync)<\/p>\n","protected":false},"featured_media":22014,"comment_status":"open","ping_status":"closed","template":"","meta":{"spay_email":""},"product_cat":[828],"product_tag":[],"supplier_id":null,"supplier_sku":"","barcode":null,"atum_controlled":true,"out_stock_date":null,"out_stock_threshold":null,"inheritable":false,"inbound_stock":null,"stock_on_hold":0,"sold_today":0,"sales_last_days":0,"reserved_stock":null,"customer_returns":null,"warehouse_damage":null,"lost_in_post":null,"other_logs":null,"out_stock_days":0,"lost_sales":0,"has_location":null,"update_date":"2026-04-17T23:56:41","atum_locations":[],"atum_stock_status":"instock","restock_status":false,"low_stock_amount":"","sales_update_date":"2026-04-17T23:56:41","calc_backorders":null,"acf":[],"yoast_head":"<!-- This site is optimized with the Yoast SEO Premium plugin v17.4 (Yoast SEO v17.4) - https:\/\/yoast.com\/wordpress\/plugins\/seo\/ -->\n<title>T.MADRE ASUS TUF GAMING B550M PLUS WIFI - tienda de electr\u00f3nica y computaci\u00f3n<\/title>\n<meta name=\"robots\" content=\"index, follow, max-snippet:-1, max-image-preview:large, max-video-preview:-1\" \/>\n<link rel=\"canonical\" href=\"https:\/\/comerciallin.com\/index.php\/producto\/t-madre-asus-tuf-gaming-b550m-plus-wifi\/\" \/>\n<meta property=\"og:locale\" content=\"es_ES\" \/>\n<meta property=\"og:type\" content=\"article\" \/>\n<meta property=\"og:title\" content=\"T.MADRE ASUS TUF GAMING B550M PLUS WIFI\" \/>\n<meta property=\"og:description\" content=\"ASUS TUF Gaming B550M-PLUS (WiFi 6) AMD AM4 (3rd Gen Ryzen&trade;) microATX Gaming Motherboard (PCIe 4.0, 2.5Gb LAN, BIOS Flashback, HDMI 2.1, USB 3.2 Gen 2, Addressable Gen 2 RGB Header and Aura Sync)\" \/>\n<meta property=\"og:url\" content=\"https:\/\/comerciallin.com\/index.php\/producto\/t-madre-asus-tuf-gaming-b550m-plus-wifi\/\" \/>\n<meta property=\"og:site_name\" content=\"tienda de electr\u00f3nica y computaci\u00f3n\" \/>\n<meta property=\"article:modified_time\" content=\"2026-01-01T13:40:29+00:00\" \/>\n<meta name=\"twitter:card\" content=\"summary_large_image\" \/>\n<meta name=\"twitter:image\" content=\"https:\/\/i0.wp.com\/comerciallin.com\/wp-content\/uploads\/2023\/02\/054030101112.jpg?fit=%2C&amp;ssl=1\" \/>\n<meta name=\"twitter:label1\" content=\"Precio\" \/>\n\t<meta name=\"twitter:data1\" content=\"&#36;259,21\" \/>\n\t<meta name=\"twitter:label2\" content=\"Availability\" \/>\n\t<meta name=\"twitter:data2\" content=\"In stock\" \/>\n<script type=\"application\/ld+json\" class=\"yoast-schema-graph\">{\"@context\":\"https:\/\/schema.org\",\"@graph\":[{\"@type\":\"WebSite\",\"@id\":\"https:\/\/comerciallin.com\/#website\",\"url\":\"https:\/\/comerciallin.com\/\",\"name\":\"tienda de electr\\u00f3nica y computaci\\u00f3n\",\"description\":\"Importadora de Electr\\u00f3nica y Computaci\\u00f3n\",\"potentialAction\":[{\"@type\":\"SearchAction\",\"target\":{\"@type\":\"EntryPoint\",\"urlTemplate\":\"https:\/\/comerciallin.com\/?s={search_term_string}\"},\"query-input\":\"required name=search_term_string\"}],\"inLanguage\":\"es\"},{\"@type\":\"ImageObject\",\"@id\":\"https:\/\/comerciallin.com\/index.php\/producto\/t-madre-asus-tuf-gaming-b550m-plus-wifi\/#primaryimage\",\"inLanguage\":\"es\",\"url\":\"https:\/\/i0.wp.com\/comerciallin.com\/wp-content\/uploads\/2023\/02\/054030101112.jpg?fit=%2C&ssl=1\",\"contentUrl\":\"https:\/\/i0.wp.com\/comerciallin.com\/wp-content\/uploads\/2023\/02\/054030101112.jpg?fit=%2C&ssl=1\",\"caption\":\"T.MADRE ASUS TUF GAMING B550M PLUS WIFI\"},{\"@type\":\"WebPage\",\"@id\":\"https:\/\/comerciallin.com\/index.php\/producto\/t-madre-asus-tuf-gaming-b550m-plus-wifi\/#webpage\",\"url\":\"https:\/\/comerciallin.com\/index.php\/producto\/t-madre-asus-tuf-gaming-b550m-plus-wifi\/\",\"name\":\"T.MADRE ASUS TUF GAMING B550M PLUS WIFI - tienda de electr\\u00f3nica y computaci\\u00f3n\",\"isPartOf\":{\"@id\":\"https:\/\/comerciallin.com\/#website\"},\"primaryImageOfPage\":{\"@id\":\"https:\/\/comerciallin.com\/index.php\/producto\/t-madre-asus-tuf-gaming-b550m-plus-wifi\/#primaryimage\"},\"datePublished\":\"2022-11-07T18:28:34+00:00\",\"dateModified\":\"2026-01-01T13:40:29+00:00\",\"breadcrumb\":{\"@id\":\"https:\/\/comerciallin.com\/index.php\/producto\/t-madre-asus-tuf-gaming-b550m-plus-wifi\/#breadcrumb\"},\"inLanguage\":\"es\",\"potentialAction\":[{\"@type\":\"ReadAction\",\"target\":[\"https:\/\/comerciallin.com\/index.php\/producto\/t-madre-asus-tuf-gaming-b550m-plus-wifi\/\"]}]},{\"@type\":\"BreadcrumbList\",\"@id\":\"https:\/\/comerciallin.com\/index.php\/producto\/t-madre-asus-tuf-gaming-b550m-plus-wifi\/#breadcrumb\",\"itemListElement\":[{\"@type\":\"ListItem\",\"position\":1,\"name\":\"Inicio\",\"item\":\"https:\/\/comerciallin.com\/\"},{\"@type\":\"ListItem\",\"position\":2,\"name\":\"Shop\",\"item\":\"https:\/\/comerciallin.com\/?page_id=3853\"},{\"@type\":\"ListItem\",\"position\":3,\"name\":\"T.MADRE ASUS TUF GAMING B550M PLUS WIFI\"}]}]}<\/script>\n<meta property=\"product:price:amount\" content=\"259.21\" \/>\n<meta property=\"product:price:currency\" content=\"USD\" \/>\n<meta property=\"og:availability\" content=\"instock\" \/>\n<meta property=\"product:availability\" content=\"instock\" \/>\n<meta property=\"product:retailer_item_id\" content=\"54030101112\" \/>\n<meta property=\"product:condition\" content=\"new\" \/>\n<!-- \/ Yoast SEO Premium plugin. -->","yoast_head_json":{"title":"T.MADRE ASUS TUF GAMING B550M PLUS WIFI - tienda de electr\u00f3nica y computaci\u00f3n","robots":{"index":"index","follow":"follow","max-snippet":"max-snippet:-1","max-image-preview":"max-image-preview:large","max-video-preview":"max-video-preview:-1"},"canonical":"https:\/\/comerciallin.com\/index.php\/producto\/t-madre-asus-tuf-gaming-b550m-plus-wifi\/","og_locale":"es_ES","og_type":"article","og_title":"T.MADRE ASUS TUF GAMING B550M PLUS WIFI","og_description":"ASUS TUF Gaming B550M-PLUS (WiFi 6) AMD AM4 (3rd Gen Ryzen&trade;) microATX Gaming Motherboard (PCIe 4.0, 2.5Gb LAN, BIOS Flashback, HDMI 2.1, USB 3.2 Gen 2, Addressable Gen 2 RGB Header and Aura Sync)","og_url":"https:\/\/comerciallin.com\/index.php\/producto\/t-madre-asus-tuf-gaming-b550m-plus-wifi\/","og_site_name":"tienda de electr\u00f3nica y computaci\u00f3n","article_modified_time":"2026-01-01T13:40:29+00:00","twitter_card":"summary_large_image","twitter_image":"https:\/\/i0.wp.com\/comerciallin.com\/wp-content\/uploads\/2023\/02\/054030101112.jpg?fit=%2C&ssl=1","twitter_misc":{"Precio":"&#36;259,21","Availability":"In stock"},"schema":{"@context":"https:\/\/schema.org","@graph":[{"@type":"WebSite","@id":"https:\/\/comerciallin.com\/#website","url":"https:\/\/comerciallin.com\/","name":"tienda de electr\u00f3nica y computaci\u00f3n","description":"Importadora de Electr\u00f3nica y Computaci\u00f3n","potentialAction":[{"@type":"SearchAction","target":{"@type":"EntryPoint","urlTemplate":"https:\/\/comerciallin.com\/?s={search_term_string}"},"query-input":"required name=search_term_string"}],"inLanguage":"es"},{"@type":"ImageObject","@id":"https:\/\/comerciallin.com\/index.php\/producto\/t-madre-asus-tuf-gaming-b550m-plus-wifi\/#primaryimage","inLanguage":"es","url":"https:\/\/i0.wp.com\/comerciallin.com\/wp-content\/uploads\/2023\/02\/054030101112.jpg?fit=%2C&ssl=1","contentUrl":"https:\/\/i0.wp.com\/comerciallin.com\/wp-content\/uploads\/2023\/02\/054030101112.jpg?fit=%2C&ssl=1","caption":"T.MADRE ASUS TUF GAMING B550M PLUS WIFI"},{"@type":"WebPage","@id":"https:\/\/comerciallin.com\/index.php\/producto\/t-madre-asus-tuf-gaming-b550m-plus-wifi\/#webpage","url":"https:\/\/comerciallin.com\/index.php\/producto\/t-madre-asus-tuf-gaming-b550m-plus-wifi\/","name":"T.MADRE ASUS TUF GAMING B550M PLUS WIFI - tienda de electr\u00f3nica y computaci\u00f3n","isPartOf":{"@id":"https:\/\/comerciallin.com\/#website"},"primaryImageOfPage":{"@id":"https:\/\/comerciallin.com\/index.php\/producto\/t-madre-asus-tuf-gaming-b550m-plus-wifi\/#primaryimage"},"datePublished":"2022-11-07T18:28:34+00:00","dateModified":"2026-01-01T13:40:29+00:00","breadcrumb":{"@id":"https:\/\/comerciallin.com\/index.php\/producto\/t-madre-asus-tuf-gaming-b550m-plus-wifi\/#breadcrumb"},"inLanguage":"es","potentialAction":[{"@type":"ReadAction","target":["https:\/\/comerciallin.com\/index.php\/producto\/t-madre-asus-tuf-gaming-b550m-plus-wifi\/"]}]},{"@type":"BreadcrumbList","@id":"https:\/\/comerciallin.com\/index.php\/producto\/t-madre-asus-tuf-gaming-b550m-plus-wifi\/#breadcrumb","itemListElement":[{"@type":"ListItem","position":1,"name":"Inicio","item":"https:\/\/comerciallin.com\/"},{"@type":"ListItem","position":2,"name":"Shop","item":"https:\/\/comerciallin.com\/?page_id=3853"},{"@type":"ListItem","position":3,"name":"T.MADRE ASUS TUF GAMING B550M PLUS WIFI"}]}]},"product_price_amount":"259.21","product_price_currency":"USD","og_availability":"instock","product_availability":"instock","product_retailer_item_id":"54030101112","product_condition":"new"},"jetpack-related-posts":[{"id":19538,"url":"https:\/\/comerciallin.com\/index.php\/producto\/case-7115-atx-pc-gaming-usb-3-0-i-o-panel-hi\/","url_meta":{"origin":19347,"position":0},"title":"CASE 7115 ATX PC Gaming, USB 3.0 I\/O Panel Hi","date":"7 de noviembre de 2022","format":false,"excerpt":"Incluye: Modelo:\u00a07115Compatible con Mainboard ATX y Mini-ATXPuertos USB 3.0 frontalNota: modelo de case no incluye fuente de poder","rel":"","context":"Entrada similar","img":{"alt_text":"","src":"","width":0,"height":0},"classes":[]},{"id":19548,"url":"https:\/\/comerciallin.com\/index.php\/producto\/case-7511-atx-pc-gaming-usb-3-0-i-o-panel-hi\/","url_meta":{"origin":19347,"position":1},"title":"CASE 7511 ATX PC Gaming, USB 3.0 I\/O Panel Hi","date":"7 de noviembre de 2022","format":false,"excerpt":"Incluye: Modelo:\u00a07511Compatible con Mainboard ATX y Mini-ATXPuertos USB 3.0 frontalNota: modelo de case no incluye fuente de poder","rel":"","context":"Entrada similar","img":{"alt_text":"","src":"","width":0,"height":0},"classes":[]},{"id":19544,"url":"https:\/\/comerciallin.com\/index.php\/producto\/case-7313-atx-pc-gaming-usb-3-0-i-o-panel-hi\/","url_meta":{"origin":19347,"position":2},"title":"CASE 7313 ATX PC Gaming, USB 3.0 I\/O Panel Hi","date":"7 de noviembre de 2022","format":false,"excerpt":"Incluye: Modelo:\u00a07313Compatible con Mainboard ATX y Mini-ATXPuertos USB 3.0 frontalNota: modelo de case no incluye fuente de poder","rel":"","context":"Entrada similar","img":{"alt_text":"","src":"","width":0,"height":0},"classes":[]},{"id":19546,"url":"https:\/\/comerciallin.com\/index.php\/producto\/case-7412-atx-pc-gaming-usb-3-0-i-o-panel-hi\/","url_meta":{"origin":19347,"position":3},"title":"CASE 7412 ATX PC Gaming, USB 3.0 I\/O Panel Hi","date":"7 de noviembre de 2022","format":false,"excerpt":"Incluye: Modelo:\u00a07412Compatible con Mainboard ATX y Mini-ATXPuertos USB 3.0 frontalNota: modelo de case no incluye fuente de poder","rel":"","context":"Entrada similar","img":{"alt_text":"","src":"","width":0,"height":0},"classes":[]}],"jetpack_sharing_enabled":true,"jetpack_likes_enabled":true,"_links":{"self":[{"href":"https:\/\/comerciallin.com\/index.php\/wp-json\/wp\/v2\/product\/19347"}],"collection":[{"href":"https:\/\/comerciallin.com\/index.php\/wp-json\/wp\/v2\/product"}],"about":[{"href":"https:\/\/comerciallin.com\/index.php\/wp-json\/wp\/v2\/types\/product"}],"replies":[{"embeddable":true,"href":"https:\/\/comerciallin.com\/index.php\/wp-json\/wp\/v2\/comments?post=19347"}],"wp:featuredmedia":[{"embeddable":true,"href":"https:\/\/comerciallin.com\/index.php\/wp-json\/wp\/v2\/media\/22014"}],"wp:attachment":[{"href":"https:\/\/comerciallin.com\/index.php\/wp-json\/wp\/v2\/media?parent=19347"}],"wp:term":[{"taxonomy":"product_cat","embeddable":true,"href":"https:\/\/comerciallin.com\/index.php\/wp-json\/wp\/v2\/product_cat?post=19347"},{"taxonomy":"product_tag","embeddable":true,"href":"https:\/\/comerciallin.com\/index.php\/wp-json\/wp\/v2\/product_tag?post=19347"}],"curies":[{"name":"wp","href":"https:\/\/api.w.org\/{rel}","templated":true}]}}