{"id":19325,"date":"2022-11-07T13:28:28","date_gmt":"2022-11-07T18:28:28","guid":{"rendered":"https:\/\/comerciallin.com\/index.php\/producto\/mem-ddr4-pc-16gb-3200ghz-kingstong-pc4-28800\/"},"modified":"2025-01-14T13:56:50","modified_gmt":"2025-01-14T18:56:50","slug":"mem-ddr4-pc-16gb-3200ghz-kingstong-pc4-28800","status":"publish","type":"product","link":"https:\/\/comerciallin.com\/index.php\/producto\/mem-ddr4-pc-16gb-3200ghz-kingstong-pc4-28800\/","title":{"rendered":"MEM. DDR4 PC 16GB 3200GHZ KINGSTONG PC4-28800"},"content":{"rendered":"<p>Memoria DDR4 PC 16GB 3200GHZ KINGSTONG PC4-28801<\/p>\n","protected":false},"excerpt":{"rendered":"<p>Memoria DDR4 PC 16GB 3200GHZ KINGSTONG PC4-28800<\/p>\n","protected":false},"featured_media":21921,"comment_status":"open","ping_status":"closed","template":"","meta":{"spay_email":""},"product_cat":[821],"product_tag":[],"supplier_id":null,"supplier_sku":"","barcode":null,"atum_controlled":true,"out_stock_date":null,"out_stock_threshold":null,"inheritable":false,"inbound_stock":null,"stock_on_hold":0,"sold_today":0,"sales_last_days":0,"reserved_stock":null,"customer_returns":null,"warehouse_damage":null,"lost_in_post":null,"other_logs":null,"out_stock_days":0,"lost_sales":0,"has_location":null,"update_date":"2026-05-01T00:12:10","atum_locations":[],"atum_stock_status":"instock","restock_status":false,"low_stock_amount":"","sales_update_date":"2026-05-01T00:12:10","calc_backorders":null,"acf":[],"yoast_head":"<!-- This site is optimized with the Yoast SEO Premium plugin v17.4 (Yoast SEO v17.4) - https:\/\/yoast.com\/wordpress\/plugins\/seo\/ -->\n<title>MEM. DDR4 PC 16GB 3200GHZ KINGSTONG PC4-28800 - tienda de electr\u00f3nica y computaci\u00f3n<\/title>\n<meta name=\"robots\" content=\"index, follow, max-snippet:-1, max-image-preview:large, max-video-preview:-1\" \/>\n<link rel=\"canonical\" href=\"https:\/\/comerciallin.com\/index.php\/producto\/mem-ddr4-pc-16gb-3200ghz-kingstong-pc4-28800\/\" \/>\n<meta property=\"og:locale\" content=\"es_ES\" \/>\n<meta property=\"og:type\" content=\"article\" \/>\n<meta property=\"og:title\" content=\"MEM. DDR4 PC 16GB 3200GHZ KINGSTONG PC4-28800\" \/>\n<meta property=\"og:description\" content=\"Memoria DDR4 PC 16GB 3200GHZ KINGSTONG PC4-28800\" \/>\n<meta property=\"og:url\" content=\"https:\/\/comerciallin.com\/index.php\/producto\/mem-ddr4-pc-16gb-3200ghz-kingstong-pc4-28800\/\" \/>\n<meta property=\"og:site_name\" content=\"tienda de electr\u00f3nica y computaci\u00f3n\" \/>\n<meta property=\"article:modified_time\" content=\"2025-01-14T18:56:50+00:00\" \/>\n<meta name=\"twitter:card\" content=\"summary_large_image\" \/>\n<meta name=\"twitter:image\" content=\"https:\/\/i0.wp.com\/comerciallin.com\/wp-content\/uploads\/2023\/02\/054030220204.jpg?fit=%2C&amp;ssl=1\" \/>\n<meta name=\"twitter:label1\" content=\"Precio\" \/>\n\t<meta name=\"twitter:data1\" content=\"&#36;114,92\" \/>\n\t<meta name=\"twitter:label2\" content=\"Availability\" \/>\n\t<meta name=\"twitter:data2\" content=\"In stock\" \/>\n<script type=\"application\/ld+json\" class=\"yoast-schema-graph\">{\"@context\":\"https:\/\/schema.org\",\"@graph\":[{\"@type\":\"WebSite\",\"@id\":\"https:\/\/comerciallin.com\/#website\",\"url\":\"https:\/\/comerciallin.com\/\",\"name\":\"tienda de electr\\u00f3nica y computaci\\u00f3n\",\"description\":\"Importadora de Electr\\u00f3nica y Computaci\\u00f3n\",\"potentialAction\":[{\"@type\":\"SearchAction\",\"target\":{\"@type\":\"EntryPoint\",\"urlTemplate\":\"https:\/\/comerciallin.com\/?s={search_term_string}\"},\"query-input\":\"required name=search_term_string\"}],\"inLanguage\":\"es\"},{\"@type\":\"ImageObject\",\"@id\":\"https:\/\/comerciallin.com\/index.php\/producto\/mem-ddr4-pc-16gb-3200ghz-kingstong-pc4-28800\/#primaryimage\",\"inLanguage\":\"es\",\"url\":\"https:\/\/i0.wp.com\/comerciallin.com\/wp-content\/uploads\/2023\/02\/054030220204.jpg?fit=%2C&ssl=1\",\"contentUrl\":\"https:\/\/i0.wp.com\/comerciallin.com\/wp-content\/uploads\/2023\/02\/054030220204.jpg?fit=%2C&ssl=1\",\"caption\":\"MEM. DDR4 PC 16GB 3200GHZ KINGSTONG PC4-28800\"},{\"@type\":\"WebPage\",\"@id\":\"https:\/\/comerciallin.com\/index.php\/producto\/mem-ddr4-pc-16gb-3200ghz-kingstong-pc4-28800\/#webpage\",\"url\":\"https:\/\/comerciallin.com\/index.php\/producto\/mem-ddr4-pc-16gb-3200ghz-kingstong-pc4-28800\/\",\"name\":\"MEM. DDR4 PC 16GB 3200GHZ KINGSTONG PC4-28800 - tienda de electr\\u00f3nica y computaci\\u00f3n\",\"isPartOf\":{\"@id\":\"https:\/\/comerciallin.com\/#website\"},\"primaryImageOfPage\":{\"@id\":\"https:\/\/comerciallin.com\/index.php\/producto\/mem-ddr4-pc-16gb-3200ghz-kingstong-pc4-28800\/#primaryimage\"},\"datePublished\":\"2022-11-07T18:28:28+00:00\",\"dateModified\":\"2025-01-14T18:56:50+00:00\",\"breadcrumb\":{\"@id\":\"https:\/\/comerciallin.com\/index.php\/producto\/mem-ddr4-pc-16gb-3200ghz-kingstong-pc4-28800\/#breadcrumb\"},\"inLanguage\":\"es\",\"potentialAction\":[{\"@type\":\"ReadAction\",\"target\":[\"https:\/\/comerciallin.com\/index.php\/producto\/mem-ddr4-pc-16gb-3200ghz-kingstong-pc4-28800\/\"]}]},{\"@type\":\"BreadcrumbList\",\"@id\":\"https:\/\/comerciallin.com\/index.php\/producto\/mem-ddr4-pc-16gb-3200ghz-kingstong-pc4-28800\/#breadcrumb\",\"itemListElement\":[{\"@type\":\"ListItem\",\"position\":1,\"name\":\"Inicio\",\"item\":\"https:\/\/comerciallin.com\/\"},{\"@type\":\"ListItem\",\"position\":2,\"name\":\"Shop\",\"item\":\"https:\/\/comerciallin.com\/?page_id=3853\"},{\"@type\":\"ListItem\",\"position\":3,\"name\":\"MEM. DDR4 PC 16GB 3200GHZ KINGSTONG PC4-28800\"}]}]}<\/script>\n<meta property=\"product:price:amount\" content=\"114.92\" \/>\n<meta property=\"product:price:currency\" content=\"USD\" \/>\n<meta property=\"og:availability\" content=\"instock\" \/>\n<meta property=\"product:availability\" content=\"instock\" \/>\n<meta property=\"product:retailer_item_id\" content=\"54030220204\" \/>\n<meta property=\"product:condition\" content=\"new\" \/>\n<!-- \/ Yoast SEO Premium plugin. -->","yoast_head_json":{"title":"MEM. DDR4 PC 16GB 3200GHZ KINGSTONG PC4-28800 - tienda de electr\u00f3nica y computaci\u00f3n","robots":{"index":"index","follow":"follow","max-snippet":"max-snippet:-1","max-image-preview":"max-image-preview:large","max-video-preview":"max-video-preview:-1"},"canonical":"https:\/\/comerciallin.com\/index.php\/producto\/mem-ddr4-pc-16gb-3200ghz-kingstong-pc4-28800\/","og_locale":"es_ES","og_type":"article","og_title":"MEM. DDR4 PC 16GB 3200GHZ KINGSTONG PC4-28800","og_description":"Memoria DDR4 PC 16GB 3200GHZ KINGSTONG PC4-28800","og_url":"https:\/\/comerciallin.com\/index.php\/producto\/mem-ddr4-pc-16gb-3200ghz-kingstong-pc4-28800\/","og_site_name":"tienda de electr\u00f3nica y computaci\u00f3n","article_modified_time":"2025-01-14T18:56:50+00:00","twitter_card":"summary_large_image","twitter_image":"https:\/\/i0.wp.com\/comerciallin.com\/wp-content\/uploads\/2023\/02\/054030220204.jpg?fit=%2C&ssl=1","twitter_misc":{"Precio":"&#36;114,92","Availability":"In stock"},"schema":{"@context":"https:\/\/schema.org","@graph":[{"@type":"WebSite","@id":"https:\/\/comerciallin.com\/#website","url":"https:\/\/comerciallin.com\/","name":"tienda de electr\u00f3nica y computaci\u00f3n","description":"Importadora de Electr\u00f3nica y Computaci\u00f3n","potentialAction":[{"@type":"SearchAction","target":{"@type":"EntryPoint","urlTemplate":"https:\/\/comerciallin.com\/?s={search_term_string}"},"query-input":"required name=search_term_string"}],"inLanguage":"es"},{"@type":"ImageObject","@id":"https:\/\/comerciallin.com\/index.php\/producto\/mem-ddr4-pc-16gb-3200ghz-kingstong-pc4-28800\/#primaryimage","inLanguage":"es","url":"https:\/\/i0.wp.com\/comerciallin.com\/wp-content\/uploads\/2023\/02\/054030220204.jpg?fit=%2C&ssl=1","contentUrl":"https:\/\/i0.wp.com\/comerciallin.com\/wp-content\/uploads\/2023\/02\/054030220204.jpg?fit=%2C&ssl=1","caption":"MEM. DDR4 PC 16GB 3200GHZ KINGSTONG PC4-28800"},{"@type":"WebPage","@id":"https:\/\/comerciallin.com\/index.php\/producto\/mem-ddr4-pc-16gb-3200ghz-kingstong-pc4-28800\/#webpage","url":"https:\/\/comerciallin.com\/index.php\/producto\/mem-ddr4-pc-16gb-3200ghz-kingstong-pc4-28800\/","name":"MEM. DDR4 PC 16GB 3200GHZ KINGSTONG PC4-28800 - tienda de electr\u00f3nica y computaci\u00f3n","isPartOf":{"@id":"https:\/\/comerciallin.com\/#website"},"primaryImageOfPage":{"@id":"https:\/\/comerciallin.com\/index.php\/producto\/mem-ddr4-pc-16gb-3200ghz-kingstong-pc4-28800\/#primaryimage"},"datePublished":"2022-11-07T18:28:28+00:00","dateModified":"2025-01-14T18:56:50+00:00","breadcrumb":{"@id":"https:\/\/comerciallin.com\/index.php\/producto\/mem-ddr4-pc-16gb-3200ghz-kingstong-pc4-28800\/#breadcrumb"},"inLanguage":"es","potentialAction":[{"@type":"ReadAction","target":["https:\/\/comerciallin.com\/index.php\/producto\/mem-ddr4-pc-16gb-3200ghz-kingstong-pc4-28800\/"]}]},{"@type":"BreadcrumbList","@id":"https:\/\/comerciallin.com\/index.php\/producto\/mem-ddr4-pc-16gb-3200ghz-kingstong-pc4-28800\/#breadcrumb","itemListElement":[{"@type":"ListItem","position":1,"name":"Inicio","item":"https:\/\/comerciallin.com\/"},{"@type":"ListItem","position":2,"name":"Shop","item":"https:\/\/comerciallin.com\/?page_id=3853"},{"@type":"ListItem","position":3,"name":"MEM. DDR4 PC 16GB 3200GHZ KINGSTONG PC4-28800"}]}]},"product_price_amount":"114.92","product_price_currency":"USD","og_availability":"instock","product_availability":"instock","product_retailer_item_id":"54030220204","product_condition":"new"},"jetpack-related-posts":[{"id":19323,"url":"https:\/\/comerciallin.com\/index.php\/producto\/mem-ddr4-pc-16gb-3200ghz-kingstong-pc4-25600\/","url_meta":{"origin":19325,"position":0},"title":"MEM. DDR4 PC 16GB 3200GHZ KINGSTONG PC4-25600","date":"7 de noviembre de 2022","format":false,"excerpt":"Memoria DDR4 PC 16GB 3200GHZ KINGSTONG PC4-25600","rel":"","context":"Entrada similar","img":{"alt_text":"","src":"","width":0,"height":0},"classes":[]},{"id":19199,"url":"https:\/\/comerciallin.com\/index.php\/producto\/mem-ddr4-pc-8gb-3200ghz-kingstong-pc4-25600\/","url_meta":{"origin":19325,"position":1},"title":"MEM. DDR4 PC 8GB 3200GHZ KINGSTONG PC4-25600","date":"7 de noviembre de 2022","format":false,"excerpt":"Memoria DDR4 PC 8GB 3200GHZ KINGSTONG PC4-25600","rel":"","context":"Entrada similar","img":{"alt_text":"","src":"","width":0,"height":0},"classes":[]},{"id":21029,"url":"https:\/\/comerciallin.com\/index.php\/producto\/pc-intel-celeron-g4930-3-2ghz-3\/","url_meta":{"origin":19325,"position":2},"title":"Pc Intel Celeron\u00ae G4930 3.2GHZ","date":"1 de diciembre de 2022","format":false,"excerpt":"Procesador: Intel Celeron\u00ae G4930 3.2GHZ Gr\u00e1ficos:\u00a0UHD\u00a0Intel\u00ae 630 Motherboard:\u00a0Biostar H310MHP RAM:8GB\u00a0DDR4 2400MHz Almacenamiento: SSD\u00a0960GB KINGSTONG Teclado \/ Mouse \/ Parlantes Garantia de 1 a\u00f1o en todos los componenetes","rel":"","context":"Entrada similar","img":{"alt_text":"Pc Intel Celeron\u00ae G4930 3.2GHZ","src":"https:\/\/i0.wp.com\/comerciallin.com\/wp-content\/uploads\/2022\/12\/celeron960gb8gb.jpg?fit=992%2C744&ssl=1&resize=350%2C200","width":350,"height":200},"classes":[]},{"id":21031,"url":"https:\/\/comerciallin.com\/index.php\/producto\/pc-intel-core-i3-10100-3-6ghz-3\/","url_meta":{"origin":19325,"position":3},"title":"Pc Intel Core\u00ae I3-10100 3.6GHZ","date":"1 de diciembre de 2022","format":false,"excerpt":"Procesador: Intel Core\u00ae I3-10100 3.6GHZ\u00a0| D\u00e9cima Generaci\u00f3n Gr\u00e1ficos:\u00a0UHD\u00a0Intel\u00ae 630 Motherboard:\u00a0Gigabyte\u00a0H510M H RAM:8GB\u00a0DDR4 2400MHz Almacenamiento: SSD\u00a0960GB KINGSTONG Teclado \/ Mouse \/ Parlantes Garantia de 1 a\u00f1o en todos los componenetes","rel":"","context":"Entrada similar","img":{"alt_text":"Pc Intel Core\u00ae I3-10100 3.6GHZ","src":"https:\/\/i0.wp.com\/comerciallin.com\/wp-content\/uploads\/2022\/12\/corei3960gb8gb.jpg?fit=992%2C744&ssl=1&resize=350%2C200","width":350,"height":200},"classes":[]},{"id":21033,"url":"https:\/\/comerciallin.com\/index.php\/producto\/pc-intel-core-i5-10400-2-9ghz-3\/","url_meta":{"origin":19325,"position":4},"title":"Pc Intel Core\u00ae I5-10400 2.9GHZ","date":"1 de diciembre de 2022","format":false,"excerpt":"Procesador: Intel Core\u00ae I5-10400 2.9GHZ\u00a0| D\u00e9cima Generaci\u00f3n Gr\u00e1ficos:\u00a0UHD\u00a0Intel\u00ae 630 Motherboard:\u00a0Gigabyte\u00a0H510M H RAM:8GB\u00a0DDR4 2400MHz Almacenamiento: SSD\u00a0960GB KINGSTONG Teclado \/ Mouse \/ Parlantes Garantia de 1 a\u00f1o en todos los componenetes","rel":"","context":"Entrada similar","img":{"alt_text":"Pc Intel Core\u00ae I5-10400 2.9GHZ","src":"https:\/\/i0.wp.com\/comerciallin.com\/wp-content\/uploads\/2022\/12\/corei5960gb8gb.jpg?fit=992%2C744&ssl=1&resize=350%2C200","width":350,"height":200},"classes":[]},{"id":21037,"url":"https:\/\/comerciallin.com\/index.php\/producto\/pc-intel-core-i7-11700k-3-60ghz-3\/","url_meta":{"origin":19325,"position":5},"title":"Pc Intel Core\u00ae I7-11700K 3.60GHZ","date":"1 de diciembre de 2022","format":false,"excerpt":"Procesador: Intel Core\u00ae I7-11700K 3.60GHZ | 11va. Generaci\u00f3n Gr\u00e1ficos:\u00a0UHD\u00a0Intel\u00ae 630 Motherboard:\u00a0Gigabyte\u00a0H510M H RAM:8GB\u00a0DDR4 2400MHz Almacenamiento: SSD\u00a0960GB KINGSTONG Teclado \/ Mouse \/ Parlantes Garantia de 1 a\u00f1o en todos los componenetes","rel":"","context":"Entrada similar","img":{"alt_text":"Pc Intel Core\u00ae I7-11700K 3.60GHZ","src":"https:\/\/i0.wp.com\/comerciallin.com\/wp-content\/uploads\/2022\/12\/corei7960gb8gb.jpg?fit=992%2C744&ssl=1&resize=350%2C200","width":350,"height":200},"classes":[]}],"jetpack_sharing_enabled":true,"jetpack_likes_enabled":true,"_links":{"self":[{"href":"https:\/\/comerciallin.com\/index.php\/wp-json\/wp\/v2\/product\/19325"}],"collection":[{"href":"https:\/\/comerciallin.com\/index.php\/wp-json\/wp\/v2\/product"}],"about":[{"href":"https:\/\/comerciallin.com\/index.php\/wp-json\/wp\/v2\/types\/product"}],"replies":[{"embeddable":true,"href":"https:\/\/comerciallin.com\/index.php\/wp-json\/wp\/v2\/comments?post=19325"}],"wp:featuredmedia":[{"embeddable":true,"href":"https:\/\/comerciallin.com\/index.php\/wp-json\/wp\/v2\/media\/21921"}],"wp:attachment":[{"href":"https:\/\/comerciallin.com\/index.php\/wp-json\/wp\/v2\/media?parent=19325"}],"wp:term":[{"taxonomy":"product_cat","embeddable":true,"href":"https:\/\/comerciallin.com\/index.php\/wp-json\/wp\/v2\/product_cat?post=19325"},{"taxonomy":"product_tag","embeddable":true,"href":"https:\/\/comerciallin.com\/index.php\/wp-json\/wp\/v2\/product_tag?post=19325"}],"curies":[{"name":"wp","href":"https:\/\/api.w.org\/{rel}","templated":true}]}}