{"id":19211,"date":"2022-11-07T13:28:05","date_gmt":"2022-11-07T18:28:05","guid":{"rendered":"https:\/\/comerciallin.com\/index.php\/producto\/tp-link-router-archer-c6u-ac1200-4ant-mu-mimo\/"},"modified":"2025-01-14T13:58:13","modified_gmt":"2025-01-14T18:58:13","slug":"tp-link-router-archer-c6u-ac1200-4ant-mu-mimo","status":"publish","type":"product","link":"https:\/\/comerciallin.com\/index.php\/producto\/tp-link-router-archer-c6u-ac1200-4ant-mu-mimo\/","title":{"rendered":"TP-LINK ROUTER ARCHER C6U AC1200 4ANT MU-MIMO"},"content":{"rendered":"<ul>\n<li>Admite el est&aacute;ndar 802.11ac<\/li>\n<li>Conexiones simult&aacute;neas de 2.4GHz 300 Mbps y 5GHz 867 Mbps para 1200 Mbps de ancho de banda total disponible<\/li>\n<li>4 antenas externas y una antena interna proporcionan conexiones inal&aacute;mbricas estables y una cobertura &oacute;ptima<\/li>\n<li>F&aacute;cil administraci&oacute;n de la red al alcance de su mano con TP-Link Tether<\/li>\n<li>MU-MIMO logra el doble de eficiencia al comunicarse con hasta 2 dispositivos a la vez<\/li>\n<li>La tecnolog&iacute;a Beamforming ofrece una cobertura inal&aacute;mbrica m&aacute;s amplia<\/li>\n<li>Admite el modo de punto de acceso para crear un nuevo punto de acceso Wi-Fi<\/li>\n<\/ul>\n","protected":false},"excerpt":{"rendered":"<ul>\n<li>Wi-Fi de doble banda AC1200<\/li>\n<li>Wi-Fi mejorada<\/li>\n<li>Wi-Fi para toda la casa<\/li>\n<li>M&aacute;s conexiones simult&aacute;neas<\/li>\n<li>Punto de acceso<\/li>\n<\/ul>\n","protected":false},"featured_media":22079,"comment_status":"open","ping_status":"closed","template":"","meta":{"spay_email":""},"product_cat":[799],"product_tag":[],"supplier_id":null,"supplier_sku":"","barcode":null,"atum_controlled":true,"out_stock_date":null,"out_stock_threshold":null,"inheritable":false,"inbound_stock":null,"stock_on_hold":0,"sold_today":0,"sales_last_days":0,"reserved_stock":null,"customer_returns":null,"warehouse_damage":null,"lost_in_post":null,"other_logs":null,"out_stock_days":0,"lost_sales":0,"has_location":null,"update_date":"2026-05-01T00:12:14","atum_locations":[],"atum_stock_status":"instock","restock_status":false,"low_stock_amount":"","sales_update_date":"2026-05-01T00:12:14","calc_backorders":null,"acf":[],"yoast_head":"<!-- This site is optimized with the Yoast SEO Premium plugin v17.4 (Yoast SEO v17.4) - https:\/\/yoast.com\/wordpress\/plugins\/seo\/ -->\n<title>TP-LINK ROUTER ARCHER C6U AC1200 4ANT MU-MIMO - tienda de electr\u00f3nica y computaci\u00f3n<\/title>\n<meta name=\"robots\" content=\"index, follow, max-snippet:-1, max-image-preview:large, max-video-preview:-1\" \/>\n<link rel=\"canonical\" href=\"https:\/\/comerciallin.com\/index.php\/producto\/tp-link-router-archer-c6u-ac1200-4ant-mu-mimo\/\" \/>\n<meta property=\"og:locale\" content=\"es_ES\" \/>\n<meta property=\"og:type\" content=\"article\" \/>\n<meta property=\"og:title\" content=\"TP-LINK ROUTER ARCHER C6U AC1200 4ANT MU-MIMO\" \/>\n<meta property=\"og:description\" content=\"Wi-Fi de doble banda AC1200 Wi-Fi mejorada Wi-Fi para toda la casa M&aacute;s conexiones simult&aacute;neas Punto de acceso\" \/>\n<meta property=\"og:url\" content=\"https:\/\/comerciallin.com\/index.php\/producto\/tp-link-router-archer-c6u-ac1200-4ant-mu-mimo\/\" \/>\n<meta property=\"og:site_name\" content=\"tienda de electr\u00f3nica y computaci\u00f3n\" \/>\n<meta property=\"article:modified_time\" content=\"2025-01-14T18:58:13+00:00\" \/>\n<meta name=\"twitter:card\" content=\"summary_large_image\" \/>\n<meta name=\"twitter:image\" content=\"https:\/\/i0.wp.com\/comerciallin.com\/wp-content\/uploads\/2023\/02\/054030120225.jpg?fit=%2C&amp;ssl=1\" \/>\n<meta name=\"twitter:label1\" content=\"Precio\" \/>\n\t<meta name=\"twitter:data1\" content=\"&#36;63,25\" \/>\n\t<meta name=\"twitter:label2\" content=\"Availability\" \/>\n\t<meta name=\"twitter:data2\" content=\"In stock\" \/>\n<script type=\"application\/ld+json\" class=\"yoast-schema-graph\">{\"@context\":\"https:\/\/schema.org\",\"@graph\":[{\"@type\":\"WebSite\",\"@id\":\"https:\/\/comerciallin.com\/#website\",\"url\":\"https:\/\/comerciallin.com\/\",\"name\":\"tienda de electr\\u00f3nica y computaci\\u00f3n\",\"description\":\"Importadora de Electr\\u00f3nica y Computaci\\u00f3n\",\"potentialAction\":[{\"@type\":\"SearchAction\",\"target\":{\"@type\":\"EntryPoint\",\"urlTemplate\":\"https:\/\/comerciallin.com\/?s={search_term_string}\"},\"query-input\":\"required name=search_term_string\"}],\"inLanguage\":\"es\"},{\"@type\":\"ImageObject\",\"@id\":\"https:\/\/comerciallin.com\/index.php\/producto\/tp-link-router-archer-c6u-ac1200-4ant-mu-mimo\/#primaryimage\",\"inLanguage\":\"es\",\"url\":\"https:\/\/i0.wp.com\/comerciallin.com\/wp-content\/uploads\/2023\/02\/054030120225.jpg?fit=%2C&ssl=1\",\"contentUrl\":\"https:\/\/i0.wp.com\/comerciallin.com\/wp-content\/uploads\/2023\/02\/054030120225.jpg?fit=%2C&ssl=1\",\"caption\":\"TP-LINK ROUTER ARCHER C6U AC1200 4ANT MU-MIMO\"},{\"@type\":\"WebPage\",\"@id\":\"https:\/\/comerciallin.com\/index.php\/producto\/tp-link-router-archer-c6u-ac1200-4ant-mu-mimo\/#webpage\",\"url\":\"https:\/\/comerciallin.com\/index.php\/producto\/tp-link-router-archer-c6u-ac1200-4ant-mu-mimo\/\",\"name\":\"TP-LINK ROUTER ARCHER C6U AC1200 4ANT MU-MIMO - tienda de electr\\u00f3nica y computaci\\u00f3n\",\"isPartOf\":{\"@id\":\"https:\/\/comerciallin.com\/#website\"},\"primaryImageOfPage\":{\"@id\":\"https:\/\/comerciallin.com\/index.php\/producto\/tp-link-router-archer-c6u-ac1200-4ant-mu-mimo\/#primaryimage\"},\"datePublished\":\"2022-11-07T18:28:05+00:00\",\"dateModified\":\"2025-01-14T18:58:13+00:00\",\"breadcrumb\":{\"@id\":\"https:\/\/comerciallin.com\/index.php\/producto\/tp-link-router-archer-c6u-ac1200-4ant-mu-mimo\/#breadcrumb\"},\"inLanguage\":\"es\",\"potentialAction\":[{\"@type\":\"ReadAction\",\"target\":[\"https:\/\/comerciallin.com\/index.php\/producto\/tp-link-router-archer-c6u-ac1200-4ant-mu-mimo\/\"]}]},{\"@type\":\"BreadcrumbList\",\"@id\":\"https:\/\/comerciallin.com\/index.php\/producto\/tp-link-router-archer-c6u-ac1200-4ant-mu-mimo\/#breadcrumb\",\"itemListElement\":[{\"@type\":\"ListItem\",\"position\":1,\"name\":\"Inicio\",\"item\":\"https:\/\/comerciallin.com\/\"},{\"@type\":\"ListItem\",\"position\":2,\"name\":\"Shop\",\"item\":\"https:\/\/comerciallin.com\/?page_id=3853\"},{\"@type\":\"ListItem\",\"position\":3,\"name\":\"TP-LINK ROUTER ARCHER C6U AC1200 4ANT MU-MIMO\"}]}]}<\/script>\n<meta property=\"product:price:amount\" content=\"63.25\" \/>\n<meta property=\"product:price:currency\" content=\"USD\" \/>\n<meta property=\"og:availability\" content=\"instock\" \/>\n<meta property=\"product:availability\" content=\"instock\" \/>\n<meta property=\"product:retailer_item_id\" content=\"54030120225\" \/>\n<meta property=\"product:condition\" content=\"new\" \/>\n<!-- \/ Yoast SEO Premium plugin. -->","yoast_head_json":{"title":"TP-LINK ROUTER ARCHER C6U AC1200 4ANT MU-MIMO - tienda de electr\u00f3nica y computaci\u00f3n","robots":{"index":"index","follow":"follow","max-snippet":"max-snippet:-1","max-image-preview":"max-image-preview:large","max-video-preview":"max-video-preview:-1"},"canonical":"https:\/\/comerciallin.com\/index.php\/producto\/tp-link-router-archer-c6u-ac1200-4ant-mu-mimo\/","og_locale":"es_ES","og_type":"article","og_title":"TP-LINK ROUTER ARCHER C6U AC1200 4ANT MU-MIMO","og_description":"Wi-Fi de doble banda AC1200 Wi-Fi mejorada Wi-Fi para toda la casa M&aacute;s conexiones simult&aacute;neas Punto de acceso","og_url":"https:\/\/comerciallin.com\/index.php\/producto\/tp-link-router-archer-c6u-ac1200-4ant-mu-mimo\/","og_site_name":"tienda de electr\u00f3nica y computaci\u00f3n","article_modified_time":"2025-01-14T18:58:13+00:00","twitter_card":"summary_large_image","twitter_image":"https:\/\/i0.wp.com\/comerciallin.com\/wp-content\/uploads\/2023\/02\/054030120225.jpg?fit=%2C&ssl=1","twitter_misc":{"Precio":"&#36;63,25","Availability":"In stock"},"schema":{"@context":"https:\/\/schema.org","@graph":[{"@type":"WebSite","@id":"https:\/\/comerciallin.com\/#website","url":"https:\/\/comerciallin.com\/","name":"tienda de electr\u00f3nica y computaci\u00f3n","description":"Importadora de Electr\u00f3nica y Computaci\u00f3n","potentialAction":[{"@type":"SearchAction","target":{"@type":"EntryPoint","urlTemplate":"https:\/\/comerciallin.com\/?s={search_term_string}"},"query-input":"required name=search_term_string"}],"inLanguage":"es"},{"@type":"ImageObject","@id":"https:\/\/comerciallin.com\/index.php\/producto\/tp-link-router-archer-c6u-ac1200-4ant-mu-mimo\/#primaryimage","inLanguage":"es","url":"https:\/\/i0.wp.com\/comerciallin.com\/wp-content\/uploads\/2023\/02\/054030120225.jpg?fit=%2C&ssl=1","contentUrl":"https:\/\/i0.wp.com\/comerciallin.com\/wp-content\/uploads\/2023\/02\/054030120225.jpg?fit=%2C&ssl=1","caption":"TP-LINK ROUTER ARCHER C6U AC1200 4ANT MU-MIMO"},{"@type":"WebPage","@id":"https:\/\/comerciallin.com\/index.php\/producto\/tp-link-router-archer-c6u-ac1200-4ant-mu-mimo\/#webpage","url":"https:\/\/comerciallin.com\/index.php\/producto\/tp-link-router-archer-c6u-ac1200-4ant-mu-mimo\/","name":"TP-LINK ROUTER ARCHER C6U AC1200 4ANT MU-MIMO - tienda de electr\u00f3nica y computaci\u00f3n","isPartOf":{"@id":"https:\/\/comerciallin.com\/#website"},"primaryImageOfPage":{"@id":"https:\/\/comerciallin.com\/index.php\/producto\/tp-link-router-archer-c6u-ac1200-4ant-mu-mimo\/#primaryimage"},"datePublished":"2022-11-07T18:28:05+00:00","dateModified":"2025-01-14T18:58:13+00:00","breadcrumb":{"@id":"https:\/\/comerciallin.com\/index.php\/producto\/tp-link-router-archer-c6u-ac1200-4ant-mu-mimo\/#breadcrumb"},"inLanguage":"es","potentialAction":[{"@type":"ReadAction","target":["https:\/\/comerciallin.com\/index.php\/producto\/tp-link-router-archer-c6u-ac1200-4ant-mu-mimo\/"]}]},{"@type":"BreadcrumbList","@id":"https:\/\/comerciallin.com\/index.php\/producto\/tp-link-router-archer-c6u-ac1200-4ant-mu-mimo\/#breadcrumb","itemListElement":[{"@type":"ListItem","position":1,"name":"Inicio","item":"https:\/\/comerciallin.com\/"},{"@type":"ListItem","position":2,"name":"Shop","item":"https:\/\/comerciallin.com\/?page_id=3853"},{"@type":"ListItem","position":3,"name":"TP-LINK ROUTER ARCHER C6U AC1200 4ANT MU-MIMO"}]}]},"product_price_amount":"63.25","product_price_currency":"USD","og_availability":"instock","product_availability":"instock","product_retailer_item_id":"54030120225","product_condition":"new"},"jetpack-related-posts":[{"id":19038,"url":"https:\/\/comerciallin.com\/index.php\/producto\/tp-link-router-archer-c64-ac120wifi5-gigabit\/","url_meta":{"origin":19211,"position":0},"title":"TP-LINK ROUTER ARCHER C64 AC120WIFI5\/GIGABIT","date":"7 de noviembre de 2022","format":false,"excerpt":"Wi-Fi 802.11ac Wave2 Cobertura WiFi mejorada MU-MIMO Beamforming Modo AP Conexi\u00f3n inteligente F\u00e1cil configuraci\u00f3n","rel":"","context":"Entrada similar","img":{"alt_text":"","src":"","width":0,"height":0},"classes":[]},{"id":25573,"url":"https:\/\/comerciallin.com\/index.php\/producto\/extensor-de-rango-tp-link-tl-wa855re-n300e\/","url_meta":{"origin":19211,"position":1},"title":"EXTENSOR DE RANGO TP-LINK TL-WA855RE N300E","date":"6 de septiembre de 2023","format":false,"excerpt":"Extensor de rango WiFi de 300 Mbps Dos antenas externas para una mejor recepci\u00f3n F\u00e1cil de configurar y usar","rel":"","context":"Entrada similar","img":{"alt_text":"EXTENSOR DE RANGO TP-LINK TL-WA855RE N300E","src":"https:\/\/i0.wp.com\/comerciallin.com\/wp-content\/uploads\/2023\/11\/305403090801.jpg?fit=1200%2C1200&ssl=1&resize=350%2C200","width":350,"height":200},"classes":[]},{"id":26059,"url":"https:\/\/comerciallin.com\/index.php\/producto\/tp-link-camara-ip-tapo-c100-full-hd-vis-noct\/","url_meta":{"origin":19211,"position":2},"title":"TP-LINK CAMARA IP TAPO C100 FULL HD VIS-+NOCT","date":"26 de enero de 2024","format":false,"excerpt":"La c\u00e1mara de seguridad TP-Link Tapo C100 1080p es una excelente opci\u00f3n para quienes buscan una c\u00e1mara de seguridad asequible y f\u00e1cil de usar. Esta c\u00e1mara ofrece video de alta definici\u00f3n de 1080p, visi\u00f3n nocturna, detecci\u00f3n de movimiento y notificaciones push.","rel":"","context":"Entrada similar","img":{"alt_text":"TP-LINK CAMARA IP TAPO C100 FULL HD VIS-+NOCT","src":"https:\/\/i0.wp.com\/comerciallin.com\/wp-content\/uploads\/2024\/01\/405403010114-1.jpg?fit=1080%2C1080&ssl=1&resize=350%2C200","width":350,"height":200},"classes":[]},{"id":25837,"url":"https:\/\/comerciallin.com\/index.php\/producto\/tp-link-switch-8puertos-ls1008g-10-100-mbps-2\/","url_meta":{"origin":19211,"position":3},"title":"TP-LINK SWITCH 8PUERTOS LS1008G 10\/100 MBPS","date":"17 de noviembre de 2023","format":false,"excerpt":"\u00a1El switch de red perfecto para tu hogar u oficina! El switch TP-Link LS1008 tiene un dise\u00f1o sencillo y compacto. Cuenta con 8 puertos 10\/100Mbps, lo que te permite conectar hasta 8 dispositivos a tu red. El switch es f\u00e1cil de instalar y configurar. Simplemente con\u00e9ctalo a tu router y\u2026","rel":"","context":"Entrada similar","img":{"alt_text":"","src":"","width":0,"height":0},"classes":[]}],"jetpack_sharing_enabled":true,"jetpack_likes_enabled":true,"_links":{"self":[{"href":"https:\/\/comerciallin.com\/index.php\/wp-json\/wp\/v2\/product\/19211"}],"collection":[{"href":"https:\/\/comerciallin.com\/index.php\/wp-json\/wp\/v2\/product"}],"about":[{"href":"https:\/\/comerciallin.com\/index.php\/wp-json\/wp\/v2\/types\/product"}],"replies":[{"embeddable":true,"href":"https:\/\/comerciallin.com\/index.php\/wp-json\/wp\/v2\/comments?post=19211"}],"wp:featuredmedia":[{"embeddable":true,"href":"https:\/\/comerciallin.com\/index.php\/wp-json\/wp\/v2\/media\/22079"}],"wp:attachment":[{"href":"https:\/\/comerciallin.com\/index.php\/wp-json\/wp\/v2\/media?parent=19211"}],"wp:term":[{"taxonomy":"product_cat","embeddable":true,"href":"https:\/\/comerciallin.com\/index.php\/wp-json\/wp\/v2\/product_cat?post=19211"},{"taxonomy":"product_tag","embeddable":true,"href":"https:\/\/comerciallin.com\/index.php\/wp-json\/wp\/v2\/product_tag?post=19211"}],"curies":[{"name":"wp","href":"https:\/\/api.w.org\/{rel}","templated":true}]}}