{"id":19163,"date":"2022-11-07T13:27:36","date_gmt":"2022-11-07T18:27:36","guid":{"rendered":"https:\/\/comerciallin.com\/index.php\/producto\/bateria-comp-lenovo-g460-g560-l09c6y02-l02-2\/"},"modified":"2025-01-14T13:54:39","modified_gmt":"2025-01-14T18:54:39","slug":"bateria-comp-lenovo-g460-g560-l09c6y02-l02-2","status":"publish","type":"product","link":"https:\/\/comerciallin.com\/index.php\/producto\/bateria-comp-lenovo-g460-g560-l09c6y02-l02-2\/","title":{"rendered":"BATERIA COMP LENOVO G460 \/G560 \/L09C6Y02 \/L02"},"content":{"rendered":"<p>Bater\u00eda para Lenovo G460 G560 G460 A LO9S6Y02 LO9L6Y03<\/p>\n","protected":false},"excerpt":{"rendered":"<table>\n<tbody>\n<tr>\n<td>Voltaje<\/td>\n<td>10.8 Voltios<\/td>\n<\/tr>\n<tr>\n<td>Peso de la Bater&iacute;a<\/td>\n<td>380 Gramos<\/td>\n<\/tr>\n<tr>\n<td>Compatible Devices<\/td>\n<td>Laptop, Notebook<\/td>\n<\/tr>\n<\/tbody>\n<\/table>\n<p>&#8220;<\/p>\n","protected":false},"featured_media":21675,"comment_status":"open","ping_status":"closed","template":"","meta":{"spay_email":""},"product_cat":[795],"product_tag":[],"supplier_id":null,"supplier_sku":"","barcode":null,"atum_controlled":true,"out_stock_date":null,"out_stock_threshold":null,"inheritable":false,"inbound_stock":null,"stock_on_hold":0,"sold_today":0,"sales_last_days":0,"reserved_stock":null,"customer_returns":null,"warehouse_damage":null,"lost_in_post":null,"other_logs":null,"out_stock_days":0,"lost_sales":0,"has_location":null,"update_date":"2026-05-02T00:12:31","atum_locations":[],"atum_stock_status":"instock","restock_status":false,"low_stock_amount":"","sales_update_date":"2026-05-02T00:12:31","calc_backorders":null,"acf":[],"yoast_head":"<!-- This site is optimized with the Yoast SEO Premium plugin v17.4 (Yoast SEO v17.4) - https:\/\/yoast.com\/wordpress\/plugins\/seo\/ -->\n<title>BATERIA COMP LENOVO G460 \/G560 \/L09C6Y02 \/L02 - tienda de electr\u00f3nica y computaci\u00f3n<\/title>\n<meta name=\"robots\" content=\"index, follow, max-snippet:-1, max-image-preview:large, max-video-preview:-1\" \/>\n<link rel=\"canonical\" href=\"https:\/\/comerciallin.com\/index.php\/producto\/bateria-comp-lenovo-g460-g560-l09c6y02-l02-2\/\" \/>\n<meta property=\"og:locale\" content=\"es_ES\" \/>\n<meta property=\"og:type\" content=\"article\" \/>\n<meta property=\"og:title\" content=\"BATERIA COMP LENOVO G460 \/G560 \/L09C6Y02 \/L02\" \/>\n<meta property=\"og:description\" content=\"Voltaje 10.8 Voltios   Peso de la Bater&iacute;a 380 Gramos   Compatible Devices Laptop, Notebook    &quot;\" \/>\n<meta property=\"og:url\" content=\"https:\/\/comerciallin.com\/index.php\/producto\/bateria-comp-lenovo-g460-g560-l09c6y02-l02-2\/\" \/>\n<meta property=\"og:site_name\" content=\"tienda de electr\u00f3nica y computaci\u00f3n\" \/>\n<meta property=\"article:modified_time\" content=\"2025-01-14T18:54:39+00:00\" \/>\n<meta name=\"twitter:card\" content=\"summary_large_image\" \/>\n<meta name=\"twitter:image\" content=\"https:\/\/i0.wp.com\/comerciallin.com\/wp-content\/uploads\/2023\/02\/537030190710.jpg?fit=%2C&amp;ssl=1\" \/>\n<meta name=\"twitter:label1\" content=\"Precio\" \/>\n\t<meta name=\"twitter:data1\" content=\"&#36;44,85\" \/>\n\t<meta name=\"twitter:label2\" content=\"Availability\" \/>\n\t<meta name=\"twitter:data2\" content=\"In stock\" \/>\n<script type=\"application\/ld+json\" class=\"yoast-schema-graph\">{\"@context\":\"https:\/\/schema.org\",\"@graph\":[{\"@type\":\"WebSite\",\"@id\":\"https:\/\/comerciallin.com\/#website\",\"url\":\"https:\/\/comerciallin.com\/\",\"name\":\"tienda de electr\\u00f3nica y computaci\\u00f3n\",\"description\":\"Importadora de Electr\\u00f3nica y Computaci\\u00f3n\",\"potentialAction\":[{\"@type\":\"SearchAction\",\"target\":{\"@type\":\"EntryPoint\",\"urlTemplate\":\"https:\/\/comerciallin.com\/?s={search_term_string}\"},\"query-input\":\"required name=search_term_string\"}],\"inLanguage\":\"es\"},{\"@type\":\"ImageObject\",\"@id\":\"https:\/\/comerciallin.com\/index.php\/producto\/bateria-comp-lenovo-g460-g560-l09c6y02-l02-2\/#primaryimage\",\"inLanguage\":\"es\",\"url\":\"https:\/\/i0.wp.com\/comerciallin.com\/wp-content\/uploads\/2023\/02\/537030190710.jpg?fit=%2C&ssl=1\",\"contentUrl\":\"https:\/\/i0.wp.com\/comerciallin.com\/wp-content\/uploads\/2023\/02\/537030190710.jpg?fit=%2C&ssl=1\",\"caption\":\"BATERIA COMP LENOVO G460 \/G560 \/L09C6Y02 \/L02\"},{\"@type\":\"WebPage\",\"@id\":\"https:\/\/comerciallin.com\/index.php\/producto\/bateria-comp-lenovo-g460-g560-l09c6y02-l02-2\/#webpage\",\"url\":\"https:\/\/comerciallin.com\/index.php\/producto\/bateria-comp-lenovo-g460-g560-l09c6y02-l02-2\/\",\"name\":\"BATERIA COMP LENOVO G460 \/G560 \/L09C6Y02 \/L02 - tienda de electr\\u00f3nica y computaci\\u00f3n\",\"isPartOf\":{\"@id\":\"https:\/\/comerciallin.com\/#website\"},\"primaryImageOfPage\":{\"@id\":\"https:\/\/comerciallin.com\/index.php\/producto\/bateria-comp-lenovo-g460-g560-l09c6y02-l02-2\/#primaryimage\"},\"datePublished\":\"2022-11-07T18:27:36+00:00\",\"dateModified\":\"2025-01-14T18:54:39+00:00\",\"breadcrumb\":{\"@id\":\"https:\/\/comerciallin.com\/index.php\/producto\/bateria-comp-lenovo-g460-g560-l09c6y02-l02-2\/#breadcrumb\"},\"inLanguage\":\"es\",\"potentialAction\":[{\"@type\":\"ReadAction\",\"target\":[\"https:\/\/comerciallin.com\/index.php\/producto\/bateria-comp-lenovo-g460-g560-l09c6y02-l02-2\/\"]}]},{\"@type\":\"BreadcrumbList\",\"@id\":\"https:\/\/comerciallin.com\/index.php\/producto\/bateria-comp-lenovo-g460-g560-l09c6y02-l02-2\/#breadcrumb\",\"itemListElement\":[{\"@type\":\"ListItem\",\"position\":1,\"name\":\"Inicio\",\"item\":\"https:\/\/comerciallin.com\/\"},{\"@type\":\"ListItem\",\"position\":2,\"name\":\"Shop\",\"item\":\"https:\/\/comerciallin.com\/?page_id=3853\"},{\"@type\":\"ListItem\",\"position\":3,\"name\":\"BATERIA COMP LENOVO G460 \/G560 \/L09C6Y02 \/L02\"}]}]}<\/script>\n<meta property=\"product:price:amount\" content=\"44.85\" \/>\n<meta property=\"product:price:currency\" content=\"USD\" \/>\n<meta property=\"og:availability\" content=\"instock\" \/>\n<meta property=\"product:availability\" content=\"instock\" \/>\n<meta property=\"product:retailer_item_id\" content=\"537030190710\" \/>\n<meta property=\"product:condition\" content=\"new\" \/>\n<!-- \/ Yoast SEO Premium plugin. -->","yoast_head_json":{"title":"BATERIA COMP LENOVO G460 \/G560 \/L09C6Y02 \/L02 - tienda de electr\u00f3nica y computaci\u00f3n","robots":{"index":"index","follow":"follow","max-snippet":"max-snippet:-1","max-image-preview":"max-image-preview:large","max-video-preview":"max-video-preview:-1"},"canonical":"https:\/\/comerciallin.com\/index.php\/producto\/bateria-comp-lenovo-g460-g560-l09c6y02-l02-2\/","og_locale":"es_ES","og_type":"article","og_title":"BATERIA COMP LENOVO G460 \/G560 \/L09C6Y02 \/L02","og_description":"Voltaje 10.8 Voltios   Peso de la Bater&iacute;a 380 Gramos   Compatible Devices Laptop, Notebook    \"","og_url":"https:\/\/comerciallin.com\/index.php\/producto\/bateria-comp-lenovo-g460-g560-l09c6y02-l02-2\/","og_site_name":"tienda de electr\u00f3nica y computaci\u00f3n","article_modified_time":"2025-01-14T18:54:39+00:00","twitter_card":"summary_large_image","twitter_image":"https:\/\/i0.wp.com\/comerciallin.com\/wp-content\/uploads\/2023\/02\/537030190710.jpg?fit=%2C&ssl=1","twitter_misc":{"Precio":"&#36;44,85","Availability":"In stock"},"schema":{"@context":"https:\/\/schema.org","@graph":[{"@type":"WebSite","@id":"https:\/\/comerciallin.com\/#website","url":"https:\/\/comerciallin.com\/","name":"tienda de electr\u00f3nica y computaci\u00f3n","description":"Importadora de Electr\u00f3nica y Computaci\u00f3n","potentialAction":[{"@type":"SearchAction","target":{"@type":"EntryPoint","urlTemplate":"https:\/\/comerciallin.com\/?s={search_term_string}"},"query-input":"required name=search_term_string"}],"inLanguage":"es"},{"@type":"ImageObject","@id":"https:\/\/comerciallin.com\/index.php\/producto\/bateria-comp-lenovo-g460-g560-l09c6y02-l02-2\/#primaryimage","inLanguage":"es","url":"https:\/\/i0.wp.com\/comerciallin.com\/wp-content\/uploads\/2023\/02\/537030190710.jpg?fit=%2C&ssl=1","contentUrl":"https:\/\/i0.wp.com\/comerciallin.com\/wp-content\/uploads\/2023\/02\/537030190710.jpg?fit=%2C&ssl=1","caption":"BATERIA COMP LENOVO G460 \/G560 \/L09C6Y02 \/L02"},{"@type":"WebPage","@id":"https:\/\/comerciallin.com\/index.php\/producto\/bateria-comp-lenovo-g460-g560-l09c6y02-l02-2\/#webpage","url":"https:\/\/comerciallin.com\/index.php\/producto\/bateria-comp-lenovo-g460-g560-l09c6y02-l02-2\/","name":"BATERIA COMP LENOVO G460 \/G560 \/L09C6Y02 \/L02 - tienda de electr\u00f3nica y computaci\u00f3n","isPartOf":{"@id":"https:\/\/comerciallin.com\/#website"},"primaryImageOfPage":{"@id":"https:\/\/comerciallin.com\/index.php\/producto\/bateria-comp-lenovo-g460-g560-l09c6y02-l02-2\/#primaryimage"},"datePublished":"2022-11-07T18:27:36+00:00","dateModified":"2025-01-14T18:54:39+00:00","breadcrumb":{"@id":"https:\/\/comerciallin.com\/index.php\/producto\/bateria-comp-lenovo-g460-g560-l09c6y02-l02-2\/#breadcrumb"},"inLanguage":"es","potentialAction":[{"@type":"ReadAction","target":["https:\/\/comerciallin.com\/index.php\/producto\/bateria-comp-lenovo-g460-g560-l09c6y02-l02-2\/"]}]},{"@type":"BreadcrumbList","@id":"https:\/\/comerciallin.com\/index.php\/producto\/bateria-comp-lenovo-g460-g560-l09c6y02-l02-2\/#breadcrumb","itemListElement":[{"@type":"ListItem","position":1,"name":"Inicio","item":"https:\/\/comerciallin.com\/"},{"@type":"ListItem","position":2,"name":"Shop","item":"https:\/\/comerciallin.com\/?page_id=3853"},{"@type":"ListItem","position":3,"name":"BATERIA COMP LENOVO G460 \/G560 \/L09C6Y02 \/L02"}]}]},"product_price_amount":"44.85","product_price_currency":"USD","og_availability":"instock","product_availability":"instock","product_retailer_item_id":"537030190710","product_condition":"new"},"jetpack-related-posts":[{"id":19145,"url":"https:\/\/comerciallin.com\/index.php\/producto\/bateria-comp-lenovo-g460-g560-l09c6y02-l02\/","url_meta":{"origin":19163,"position":0},"title":"BATERIA COMP LENOVO G460 \/G560 \/L09C6Y02 \/L02","date":"7 de noviembre de 2022","format":false,"excerpt":"Voltaje 10.8 Voltios Peso de la Bater\u00eda 380 Gramos Compatible Devices Laptop, Notebook","rel":"","context":"Entrada similar","img":{"alt_text":"","src":"","width":0,"height":0},"classes":[]},{"id":19209,"url":"https:\/\/comerciallin.com\/index.php\/producto\/bateria-comp-lenovo-b50-70-b40-70-b50-30-b501\/","url_meta":{"origin":19163,"position":1},"title":"BATERIA COMP LENOVO B50-70\/B40-70\/B50-30\/B501","date":"7 de noviembre de 2022","format":false,"excerpt":"Voltage 14.4 Volts Compatible Devices Laptop Capacity 2200 Milliamp Hours","rel":"","context":"Entrada similar","img":{"alt_text":"","src":"","width":0,"height":0},"classes":[]},{"id":19621,"url":"https:\/\/comerciallin.com\/index.php\/producto\/bateria-comp-lenovo-l17c3pg2-y530-15ich-y730\/","url_meta":{"origin":19163,"position":2},"title":"BATERIA COMP LENOVO L17C3PG2\/Y530-15ICH\/Y730-","date":"7 de noviembre de 2022","format":false,"excerpt":"Bater\u00eda para port\u00e1til Lenovo L17C3PG2 - Y530-15ICH Y730-15ICH (11,55 V, 57 Wh, 4965 mAh)","rel":"","context":"Entrada similar","img":{"alt_text":"","src":"","width":0,"height":0},"classes":[]},{"id":19261,"url":"https:\/\/comerciallin.com\/index.php\/producto\/bateria-comp-lenovo-l15l3pb1\/","url_meta":{"origin":19163,"position":3},"title":"BATERIA COMP LENOVO L15L3PB1","date":"7 de noviembre de 2022","format":false,"excerpt":"Composici\u00f3n de las celdas de la bater\u00eda Litio Ion Usos Recomendados Para Producto Laptop Recuento de unidades 1 Count Voltaje 11.1 Voltios","rel":"","context":"Entrada similar","img":{"alt_text":"","src":"","width":0,"height":0},"classes":[]},{"id":22505,"url":"https:\/\/comerciallin.com\/index.php\/producto\/bateria-comp-lenovo-l15l4a02\/","url_meta":{"origin":19163,"position":4},"title":"BATERIA COMP LENOVO L15L4A02","date":"19 de abril de 2023","format":false,"excerpt":"Voltaje: 14,4 V\/14,8 V Capacidad: 2200 mAh\/32 Wh Electr\u00f3nica de control moderna C\u00e9lulas de poli\u00f3n de iones de litio de alta calidad","rel":"","context":"Entrada similar","img":{"alt_text":"","src":"","width":0,"height":0},"classes":[]},{"id":19265,"url":"https:\/\/comerciallin.com\/index.php\/producto\/bateria-comp-lenovo-l18c3pf6-l18m3pf6\/","url_meta":{"origin":19163,"position":5},"title":"BATERIA COMP LENOVO L18C3PF6\/L18M3PF6","date":"7 de noviembre de 2022","format":false,"excerpt":"Recuento de unidades 1 Count Voltaje 11.25 Voltios Reutilizaci\u00f3n Rechargeable","rel":"","context":"Entrada similar","img":{"alt_text":"","src":"","width":0,"height":0},"classes":[]}],"jetpack_sharing_enabled":true,"jetpack_likes_enabled":true,"_links":{"self":[{"href":"https:\/\/comerciallin.com\/index.php\/wp-json\/wp\/v2\/product\/19163"}],"collection":[{"href":"https:\/\/comerciallin.com\/index.php\/wp-json\/wp\/v2\/product"}],"about":[{"href":"https:\/\/comerciallin.com\/index.php\/wp-json\/wp\/v2\/types\/product"}],"replies":[{"embeddable":true,"href":"https:\/\/comerciallin.com\/index.php\/wp-json\/wp\/v2\/comments?post=19163"}],"wp:featuredmedia":[{"embeddable":true,"href":"https:\/\/comerciallin.com\/index.php\/wp-json\/wp\/v2\/media\/21675"}],"wp:attachment":[{"href":"https:\/\/comerciallin.com\/index.php\/wp-json\/wp\/v2\/media?parent=19163"}],"wp:term":[{"taxonomy":"product_cat","embeddable":true,"href":"https:\/\/comerciallin.com\/index.php\/wp-json\/wp\/v2\/product_cat?post=19163"},{"taxonomy":"product_tag","embeddable":true,"href":"https:\/\/comerciallin.com\/index.php\/wp-json\/wp\/v2\/product_tag?post=19163"}],"curies":[{"name":"wp","href":"https:\/\/api.w.org\/{rel}","templated":true}]}}