{"id":19143,"date":"2022-11-07T13:27:33","date_gmt":"2022-11-07T18:27:33","guid":{"rendered":"https:\/\/comerciallin.com\/index.php\/producto\/bateria-comp-hp-touchsmart-tm2-tm2-1000-tm2-q\/"},"modified":"2025-01-14T13:54:36","modified_gmt":"2025-01-14T18:54:36","slug":"bateria-comp-hp-touchsmart-tm2-tm2-1000-tm2-q","status":"publish","type":"product","link":"https:\/\/comerciallin.com\/index.php\/producto\/bateria-comp-hp-touchsmart-tm2-tm2-1000-tm2-q\/","title":{"rendered":"BATERIA COMP HP TOUCHSMART TM2\/TM2-1000\/TM2-Q"},"content":{"rendered":"<p><strong>HP TouchSmart Series:<\/strong><\/p>\n<p>TM2 &ndash; 1070US tm2 2105eg TM2 &ndash; 1004TX TM2 &ndash; 1010EE TM2 &ndash; 1080EO TM2 &ndash; 2000ED TM2 &ndash; 2003TU TM2 &ndash; 2011TX TM2 &ndash; 2050US tm2 &ndash; 2100 TM2 &ndash; 2103TU TM2 &ndash; 2130ES TM2 &ndash; 2160EZ TM2 &ndash; 2190SA TM2 &ndash; 1050ET TM2 2105TX TM2 &ndash; 1005TX TM2 &ndash; 1011TX TM2 &ndash; 1080ER TM2 &ndash; 2001EF TM2 &ndash; 2003TX TM2 &ndash; 2013TX TM2 &ndash; 2052 nr TM2 &ndash; 2100EG TM2 &ndash; 2103TX TM2 &ndash; 2150 CA tm2 &ndash; 2165EZ TM2 &ndash; 2190SF TM2 &ndash; 1050EZ TM2 &ndash; 1000 tm2 &ndash; 1006tx TM2 &ndash; 1012TX TM2 &ndash; 1080LA TM2 &ndash; 2001SF TM2 &ndash; 2005TX TM2 &ndash; 2015TX TM2 &ndash; 2057SB TM2 &ndash; 2100ER TM2 &ndash; 2106TX TM2 &ndash; 2150EP TM2 &ndash; 2170EF TM2 &ndash; 2200 TM2 &ndash; 1070 CA tm2 &ndash; 1000ee TM2 &ndash; 1007TX TM2 &ndash; 1013TX TM2 &ndash; 1090ED TM2 &ndash; 2001SL TM2 &ndash; 2006TX TM2 &ndash; 2050 ca TM2 &ndash; 2060EZ TM2 &ndash; 2101SL TM2 &ndash; 2107TX TM2 &ndash; 2150ES TM2 &ndash; 2170SF TM2 &ndash; 1001tx TM2 &ndash; 1008TX TM2 &ndash; 1014TX TM2 &ndash; 1090EG TM2 &ndash; 2001TX TM2 &ndash; 2008TX TM2 &ndash; 2050EA TM2 &ndash; 2080LA TM2 &ndash; 2101TU TM2 &ndash; 2108TX TM2 &ndash; 2150ST TM2 &ndash; 2180LA tm2t-1000 TM2 &ndash; 1072 nr TM2 &ndash; 1001 x x TM2 &ndash; 1009TX TM2 &ndash; 1090EO TM2 &ndash; 2001 x x TM2 &ndash; 2010EG TM2 &ndash; 2050EP TM2 &ndash; 2090EE TM2 &ndash; 2102TU TM2 &ndash; 2110EW TM2 &ndash; 2150US tm2 &ndash; 2190ea tm2t-2100 CTO1 TM2 &ndash; 1073 nr<\/p>\n","protected":false},"excerpt":{"rendered":"<p>HSTNN-XB0Q 586021 \u2013 001 HSTNN-DB0Q WD547AA 582215 \u2013 241<\/p>\n","protected":false},"featured_media":21668,"comment_status":"open","ping_status":"closed","template":"","meta":{"spay_email":""},"product_cat":[794],"product_tag":[],"supplier_id":null,"supplier_sku":"","barcode":null,"atum_controlled":true,"out_stock_date":null,"out_stock_threshold":null,"inheritable":false,"inbound_stock":null,"stock_on_hold":0,"sold_today":0,"sales_last_days":0,"reserved_stock":null,"customer_returns":null,"warehouse_damage":null,"lost_in_post":null,"other_logs":null,"out_stock_days":0,"lost_sales":0,"has_location":null,"update_date":"2026-04-28T00:11:16","atum_locations":[],"atum_stock_status":"instock","restock_status":false,"low_stock_amount":"","sales_update_date":"2026-04-28T00:11:16","calc_backorders":null,"acf":[],"yoast_head":"<!-- This site is optimized with the Yoast SEO Premium plugin v17.4 (Yoast SEO v17.4) - https:\/\/yoast.com\/wordpress\/plugins\/seo\/ -->\n<title>BATERIA COMP HP TOUCHSMART TM2\/TM2-1000\/TM2-Q - tienda de electr\u00f3nica y computaci\u00f3n<\/title>\n<meta name=\"robots\" content=\"index, follow, max-snippet:-1, max-image-preview:large, max-video-preview:-1\" \/>\n<link rel=\"canonical\" href=\"https:\/\/comerciallin.com\/index.php\/producto\/bateria-comp-hp-touchsmart-tm2-tm2-1000-tm2-q\/\" \/>\n<meta property=\"og:locale\" content=\"es_ES\" \/>\n<meta property=\"og:type\" content=\"article\" \/>\n<meta property=\"og:title\" content=\"BATERIA COMP HP TOUCHSMART TM2\/TM2-1000\/TM2-Q\" \/>\n<meta property=\"og:description\" content=\"HSTNN-XB0Q 586021 \u2013 001 HSTNN-DB0Q WD547AA 582215 \u2013 241\" \/>\n<meta property=\"og:url\" content=\"https:\/\/comerciallin.com\/index.php\/producto\/bateria-comp-hp-touchsmart-tm2-tm2-1000-tm2-q\/\" \/>\n<meta property=\"og:site_name\" content=\"tienda de electr\u00f3nica y computaci\u00f3n\" \/>\n<meta property=\"article:modified_time\" content=\"2025-01-14T18:54:36+00:00\" \/>\n<meta name=\"twitter:card\" content=\"summary_large_image\" \/>\n<meta name=\"twitter:image\" content=\"https:\/\/i0.wp.com\/comerciallin.com\/wp-content\/uploads\/2023\/02\/445030171007.jpg?fit=%2C&amp;ssl=1\" \/>\n<meta name=\"twitter:label1\" content=\"Precio\" \/>\n\t<meta name=\"twitter:data1\" content=\"&#36;43,70\" \/>\n\t<meta name=\"twitter:label2\" content=\"Availability\" \/>\n\t<meta name=\"twitter:data2\" content=\"In stock\" \/>\n<script type=\"application\/ld+json\" class=\"yoast-schema-graph\">{\"@context\":\"https:\/\/schema.org\",\"@graph\":[{\"@type\":\"WebSite\",\"@id\":\"https:\/\/comerciallin.com\/#website\",\"url\":\"https:\/\/comerciallin.com\/\",\"name\":\"tienda de electr\\u00f3nica y computaci\\u00f3n\",\"description\":\"Importadora de Electr\\u00f3nica y Computaci\\u00f3n\",\"potentialAction\":[{\"@type\":\"SearchAction\",\"target\":{\"@type\":\"EntryPoint\",\"urlTemplate\":\"https:\/\/comerciallin.com\/?s={search_term_string}\"},\"query-input\":\"required name=search_term_string\"}],\"inLanguage\":\"es\"},{\"@type\":\"ImageObject\",\"@id\":\"https:\/\/comerciallin.com\/index.php\/producto\/bateria-comp-hp-touchsmart-tm2-tm2-1000-tm2-q\/#primaryimage\",\"inLanguage\":\"es\",\"url\":\"https:\/\/i0.wp.com\/comerciallin.com\/wp-content\/uploads\/2023\/02\/445030171007.jpg?fit=%2C&ssl=1\",\"contentUrl\":\"https:\/\/i0.wp.com\/comerciallin.com\/wp-content\/uploads\/2023\/02\/445030171007.jpg?fit=%2C&ssl=1\",\"caption\":\"BATERIA COMP HP TOUCHSMART TM2\/TM2-1000\/TM2-Q\"},{\"@type\":\"WebPage\",\"@id\":\"https:\/\/comerciallin.com\/index.php\/producto\/bateria-comp-hp-touchsmart-tm2-tm2-1000-tm2-q\/#webpage\",\"url\":\"https:\/\/comerciallin.com\/index.php\/producto\/bateria-comp-hp-touchsmart-tm2-tm2-1000-tm2-q\/\",\"name\":\"BATERIA COMP HP TOUCHSMART TM2\/TM2-1000\/TM2-Q - tienda de electr\\u00f3nica y computaci\\u00f3n\",\"isPartOf\":{\"@id\":\"https:\/\/comerciallin.com\/#website\"},\"primaryImageOfPage\":{\"@id\":\"https:\/\/comerciallin.com\/index.php\/producto\/bateria-comp-hp-touchsmart-tm2-tm2-1000-tm2-q\/#primaryimage\"},\"datePublished\":\"2022-11-07T18:27:33+00:00\",\"dateModified\":\"2025-01-14T18:54:36+00:00\",\"breadcrumb\":{\"@id\":\"https:\/\/comerciallin.com\/index.php\/producto\/bateria-comp-hp-touchsmart-tm2-tm2-1000-tm2-q\/#breadcrumb\"},\"inLanguage\":\"es\",\"potentialAction\":[{\"@type\":\"ReadAction\",\"target\":[\"https:\/\/comerciallin.com\/index.php\/producto\/bateria-comp-hp-touchsmart-tm2-tm2-1000-tm2-q\/\"]}]},{\"@type\":\"BreadcrumbList\",\"@id\":\"https:\/\/comerciallin.com\/index.php\/producto\/bateria-comp-hp-touchsmart-tm2-tm2-1000-tm2-q\/#breadcrumb\",\"itemListElement\":[{\"@type\":\"ListItem\",\"position\":1,\"name\":\"Inicio\",\"item\":\"https:\/\/comerciallin.com\/\"},{\"@type\":\"ListItem\",\"position\":2,\"name\":\"Shop\",\"item\":\"https:\/\/comerciallin.com\/?page_id=3853\"},{\"@type\":\"ListItem\",\"position\":3,\"name\":\"BATERIA COMP HP TOUCHSMART TM2\/TM2-1000\/TM2-Q\"}]}]}<\/script>\n<meta property=\"product:price:amount\" content=\"43.70\" \/>\n<meta property=\"product:price:currency\" content=\"USD\" \/>\n<meta property=\"og:availability\" content=\"instock\" \/>\n<meta property=\"product:availability\" content=\"instock\" \/>\n<meta property=\"product:retailer_item_id\" content=\"445030171007\" \/>\n<meta property=\"product:condition\" content=\"new\" \/>\n<!-- \/ Yoast SEO Premium plugin. -->","yoast_head_json":{"title":"BATERIA COMP HP TOUCHSMART TM2\/TM2-1000\/TM2-Q - tienda de electr\u00f3nica y computaci\u00f3n","robots":{"index":"index","follow":"follow","max-snippet":"max-snippet:-1","max-image-preview":"max-image-preview:large","max-video-preview":"max-video-preview:-1"},"canonical":"https:\/\/comerciallin.com\/index.php\/producto\/bateria-comp-hp-touchsmart-tm2-tm2-1000-tm2-q\/","og_locale":"es_ES","og_type":"article","og_title":"BATERIA COMP HP TOUCHSMART TM2\/TM2-1000\/TM2-Q","og_description":"HSTNN-XB0Q 586021 \u2013 001 HSTNN-DB0Q WD547AA 582215 \u2013 241","og_url":"https:\/\/comerciallin.com\/index.php\/producto\/bateria-comp-hp-touchsmart-tm2-tm2-1000-tm2-q\/","og_site_name":"tienda de electr\u00f3nica y computaci\u00f3n","article_modified_time":"2025-01-14T18:54:36+00:00","twitter_card":"summary_large_image","twitter_image":"https:\/\/i0.wp.com\/comerciallin.com\/wp-content\/uploads\/2023\/02\/445030171007.jpg?fit=%2C&ssl=1","twitter_misc":{"Precio":"&#36;43,70","Availability":"In stock"},"schema":{"@context":"https:\/\/schema.org","@graph":[{"@type":"WebSite","@id":"https:\/\/comerciallin.com\/#website","url":"https:\/\/comerciallin.com\/","name":"tienda de electr\u00f3nica y computaci\u00f3n","description":"Importadora de Electr\u00f3nica y Computaci\u00f3n","potentialAction":[{"@type":"SearchAction","target":{"@type":"EntryPoint","urlTemplate":"https:\/\/comerciallin.com\/?s={search_term_string}"},"query-input":"required name=search_term_string"}],"inLanguage":"es"},{"@type":"ImageObject","@id":"https:\/\/comerciallin.com\/index.php\/producto\/bateria-comp-hp-touchsmart-tm2-tm2-1000-tm2-q\/#primaryimage","inLanguage":"es","url":"https:\/\/i0.wp.com\/comerciallin.com\/wp-content\/uploads\/2023\/02\/445030171007.jpg?fit=%2C&ssl=1","contentUrl":"https:\/\/i0.wp.com\/comerciallin.com\/wp-content\/uploads\/2023\/02\/445030171007.jpg?fit=%2C&ssl=1","caption":"BATERIA COMP HP TOUCHSMART TM2\/TM2-1000\/TM2-Q"},{"@type":"WebPage","@id":"https:\/\/comerciallin.com\/index.php\/producto\/bateria-comp-hp-touchsmart-tm2-tm2-1000-tm2-q\/#webpage","url":"https:\/\/comerciallin.com\/index.php\/producto\/bateria-comp-hp-touchsmart-tm2-tm2-1000-tm2-q\/","name":"BATERIA COMP HP TOUCHSMART TM2\/TM2-1000\/TM2-Q - tienda de electr\u00f3nica y computaci\u00f3n","isPartOf":{"@id":"https:\/\/comerciallin.com\/#website"},"primaryImageOfPage":{"@id":"https:\/\/comerciallin.com\/index.php\/producto\/bateria-comp-hp-touchsmart-tm2-tm2-1000-tm2-q\/#primaryimage"},"datePublished":"2022-11-07T18:27:33+00:00","dateModified":"2025-01-14T18:54:36+00:00","breadcrumb":{"@id":"https:\/\/comerciallin.com\/index.php\/producto\/bateria-comp-hp-touchsmart-tm2-tm2-1000-tm2-q\/#breadcrumb"},"inLanguage":"es","potentialAction":[{"@type":"ReadAction","target":["https:\/\/comerciallin.com\/index.php\/producto\/bateria-comp-hp-touchsmart-tm2-tm2-1000-tm2-q\/"]}]},{"@type":"BreadcrumbList","@id":"https:\/\/comerciallin.com\/index.php\/producto\/bateria-comp-hp-touchsmart-tm2-tm2-1000-tm2-q\/#breadcrumb","itemListElement":[{"@type":"ListItem","position":1,"name":"Inicio","item":"https:\/\/comerciallin.com\/"},{"@type":"ListItem","position":2,"name":"Shop","item":"https:\/\/comerciallin.com\/?page_id=3853"},{"@type":"ListItem","position":3,"name":"BATERIA COMP HP TOUCHSMART TM2\/TM2-1000\/TM2-Q"}]}]},"product_price_amount":"43.70","product_price_currency":"USD","og_availability":"instock","product_availability":"instock","product_retailer_item_id":"445030171007","product_condition":"new"},"jetpack-related-posts":[{"id":19643,"url":"https:\/\/comerciallin.com\/index.php\/producto\/bateria-p-lapto-hp-pi06-pi09-hstnn-lb4n-hstn\/","url_meta":{"origin":19143,"position":0},"title":"BATERIA P. LAPTO HP PI06\/PI09\/HSTNN-LB4N\/HSTN","date":"7 de noviembre de 2022","format":false,"excerpt":"6 celdas para port\u00e1til HP PI06 P106 710417-001 710416-001 \u2021LB4N Envy Pavilion TouchSmart 14 15 17","rel":"","context":"Entrada similar","img":{"alt_text":"","src":"","width":0,"height":0},"classes":[]},{"id":19124,"url":"https:\/\/comerciallin.com\/index.php\/producto\/bateria-comp-hp-hy04-hstnn-ib4u-hstnn-yb4u-t0\/","url_meta":{"origin":19143,"position":1},"title":"BATERIA COMP HP HY04\/HSTNN-IB4U\/HSTNN-YB4U\/T0","date":"7 de noviembre de 2022","format":false,"excerpt":"Voltaje 14.8 Voltios Peso de la Bater\u00eda 274 Gramos Compatible Devices Laptop","rel":"","context":"Entrada similar","img":{"alt_text":"","src":"","width":0,"height":0},"classes":[]},{"id":19141,"url":"https:\/\/comerciallin.com\/index.php\/producto\/bateria-comp-hp-mr03-740722-001-740005-141-hb\/","url_meta":{"origin":19143,"position":2},"title":"BATERIA COMP HP MR03\/740722-001\/740005-141\/HB","date":"7 de noviembre de 2022","format":false,"excerpt":"HP MR03 hstnn-ib5t 740005 \u2013 121 740722 \u2013 001, HP Pavilion 10 TouchSmart Series","rel":"","context":"Entrada similar","img":{"alt_text":"","src":"","width":0,"height":0},"classes":[]},{"id":19233,"url":"https:\/\/comerciallin.com\/index.php\/producto\/bateria-comp-hp-dm1-1000-hstnn-cq44c-hstnn-in-3\/","url_meta":{"origin":19143,"position":3},"title":"BATERIA COMP HP DM1-1000\/HSTNN-CQ44C\/HSTNN-IN","date":"7 de noviembre de 2022","format":false,"excerpt":"Voltaje 10.8 Voltios Compatible Devices Laptop Tipo de celda de bater\u00eda Litio Ion Capacidad 4400 Miliamperios\u00a0","rel":"","context":"Entrada similar","img":{"alt_text":"BATERIA COMP HP DM1-1000\/HSTNN-CQ44C\/HSTNN-IN","src":"https:\/\/i0.wp.com\/comerciallin.com\/wp-content\/uploads\/2023\/02\/537030180511.jpg?fit=992%2C744&ssl=1&resize=350%2C200","width":350,"height":200},"classes":[]},{"id":19247,"url":"https:\/\/comerciallin.com\/index.php\/producto\/bateria-comp-hp-dm1-1000-hstnn-cq44c-hstnn-in-5\/","url_meta":{"origin":19143,"position":4},"title":"BATERIA COMP HP DM1-1000\/HSTNN-CQ44C\/HSTNN-IN","date":"7 de noviembre de 2022","format":false,"excerpt":"Voltaje 10.8 Voltios Compatible Devices Laptop Tipo de celda de bater\u00eda Litio Ion Capacidad 4400 Miliamperios\u00a0","rel":"","context":"Entrada similar","img":{"alt_text":"BATERIA COMP HP DM1-1000\/HSTNN-CQ44C\/HSTNN-IN","src":"https:\/\/i0.wp.com\/comerciallin.com\/wp-content\/uploads\/2023\/02\/212450332.jpg?fit=992%2C744&ssl=1&resize=350%2C200","width":350,"height":200},"classes":[]},{"id":19157,"url":"https:\/\/comerciallin.com\/index.php\/producto\/bateria-comp-hp-dm1-1000-hstnn-cq44c-hstnn-in\/","url_meta":{"origin":19143,"position":5},"title":"BATERIA COMP HP DM1-1000\/HSTNN-CQ44C\/HSTNN-IN","date":"7 de noviembre de 2022","format":false,"excerpt":"Voltaje 10.8 Voltios Compatible Devices Laptop Tipo de celda de bater\u00eda Litio Ion Capacidad 4400 Miliamperios\u00a0","rel":"","context":"Entrada similar","img":{"alt_text":"","src":"","width":0,"height":0},"classes":[]}],"jetpack_sharing_enabled":true,"jetpack_likes_enabled":true,"_links":{"self":[{"href":"https:\/\/comerciallin.com\/index.php\/wp-json\/wp\/v2\/product\/19143"}],"collection":[{"href":"https:\/\/comerciallin.com\/index.php\/wp-json\/wp\/v2\/product"}],"about":[{"href":"https:\/\/comerciallin.com\/index.php\/wp-json\/wp\/v2\/types\/product"}],"replies":[{"embeddable":true,"href":"https:\/\/comerciallin.com\/index.php\/wp-json\/wp\/v2\/comments?post=19143"}],"wp:featuredmedia":[{"embeddable":true,"href":"https:\/\/comerciallin.com\/index.php\/wp-json\/wp\/v2\/media\/21668"}],"wp:attachment":[{"href":"https:\/\/comerciallin.com\/index.php\/wp-json\/wp\/v2\/media?parent=19143"}],"wp:term":[{"taxonomy":"product_cat","embeddable":true,"href":"https:\/\/comerciallin.com\/index.php\/wp-json\/wp\/v2\/product_cat?post=19143"},{"taxonomy":"product_tag","embeddable":true,"href":"https:\/\/comerciallin.com\/index.php\/wp-json\/wp\/v2\/product_tag?post=19143"}],"curies":[{"name":"wp","href":"https:\/\/api.w.org\/{rel}","templated":true}]}}