{"id":19132,"date":"2022-11-07T13:27:29","date_gmt":"2022-11-07T18:27:29","guid":{"rendered":"https:\/\/comerciallin.com\/index.php\/producto\/bateria-comp-dell-gd761-kd47-kd476-rd859-ud8\/"},"modified":"2025-01-14T13:54:07","modified_gmt":"2025-01-14T18:54:07","slug":"bateria-comp-dell-gd761-kd47-kd476-rd859-ud8","status":"publish","type":"product","link":"https:\/\/comerciallin.com\/index.php\/producto\/bateria-comp-dell-gd761-kd47-kd476-rd859-ud8\/","title":{"rendered":"BATERIA COMP DELL GD761\/KD47\/KD476\/RD859\/UD8"},"content":{"rendered":"<ul>\n<li>Especificaciones: Bater&iacute;a de 6&nbsp;celdas, Li-Ion, nominal de 11.1&nbsp;V 5200&nbsp;mAh<\/li>\n<li>CE-\/RoHS-\/FCC- certificado y protecci&oacute;n de circuito integrado garantiza seguridad y estabilidad.<\/li>\n<li>Bater&iacute;a recargable de hasta 600&nbsp;veces la vida de 100% nuevo de Fabricante.<\/li>\n<li>Equipado con celdas de alta calidad sin embargo tiene el mismo tama&ntilde;o y forma como una bater&iacute;a OEM<\/li>\n<li>Este producto tiene 12&nbsp;meses de garant&iacute;a de sustituci&oacute;n. con sin complicaciones y servicio de atenci&oacute;n al cliente<\/li>\n<\/ul>\n","protected":false},"excerpt":{"rendered":"<table>\n<tbody>\n<tr>\n<td>Marca<\/td>\n<td>Futurebatt Inc<\/td>\n<\/tr>\n<tr>\n<td>Voltaje<\/td>\n<td>11.1 Voltios<\/td>\n<\/tr>\n<tr>\n<td>Reutilizaci&oacute;n<\/td>\n<td>Rechargeable<\/td>\n<\/tr>\n<tr>\n<td>Tipo de celda de bater&iacute;a<\/td>\n<td>Litio Ion<\/td>\n<\/tr>\n<tr>\n<td>Capacidad<\/td>\n<td>5200 Miliamperios Hora<\/td>\n<\/tr>\n<\/tbody>\n<\/table>\n","protected":false},"featured_media":21575,"comment_status":"open","ping_status":"closed","template":"","meta":{"spay_email":""},"product_cat":[791],"product_tag":[],"supplier_id":null,"supplier_sku":"","barcode":null,"atum_controlled":true,"out_stock_date":null,"out_stock_threshold":null,"inheritable":false,"inbound_stock":null,"stock_on_hold":0,"sold_today":0,"sales_last_days":0,"reserved_stock":null,"customer_returns":null,"warehouse_damage":null,"lost_in_post":null,"other_logs":null,"out_stock_days":0,"lost_sales":0,"has_location":null,"update_date":"2026-05-04T00:14:31","atum_locations":[],"atum_stock_status":"instock","restock_status":false,"low_stock_amount":"","sales_update_date":"2026-05-04T00:14:31","calc_backorders":null,"acf":[],"yoast_head":"<!-- This site is optimized with the Yoast SEO Premium plugin v17.4 (Yoast SEO v17.4) - https:\/\/yoast.com\/wordpress\/plugins\/seo\/ -->\n<title>BATERIA COMP DELL GD761\/KD47\/KD476\/RD859\/UD8 - tienda de electr\u00f3nica y computaci\u00f3n<\/title>\n<meta name=\"robots\" content=\"index, follow, max-snippet:-1, max-image-preview:large, max-video-preview:-1\" \/>\n<link rel=\"canonical\" href=\"https:\/\/comerciallin.com\/index.php\/producto\/bateria-comp-dell-gd761-kd47-kd476-rd859-ud8\/\" \/>\n<meta property=\"og:locale\" content=\"es_ES\" \/>\n<meta property=\"og:type\" content=\"article\" \/>\n<meta property=\"og:title\" content=\"BATERIA COMP DELL GD761\/KD47\/KD476\/RD859\/UD8\" \/>\n<meta property=\"og:description\" content=\"Marca Futurebatt Inc   Voltaje 11.1 Voltios   Reutilizaci&oacute;n Rechargeable   Tipo de celda de bater&iacute;a Litio Ion   Capacidad 5200 Miliamperios Hora\" \/>\n<meta property=\"og:url\" content=\"https:\/\/comerciallin.com\/index.php\/producto\/bateria-comp-dell-gd761-kd47-kd476-rd859-ud8\/\" \/>\n<meta property=\"og:site_name\" content=\"tienda de electr\u00f3nica y computaci\u00f3n\" \/>\n<meta property=\"article:modified_time\" content=\"2025-01-14T18:54:07+00:00\" \/>\n<meta property=\"og:image\" content=\"https:\/\/comerciallin.com\/wp-content\/uploads\/2023\/02\/4451612031.jpg\" \/>\n\t<meta property=\"og:image:width\" content=\"992\" \/>\n\t<meta property=\"og:image:height\" content=\"744\" \/>\n<meta name=\"twitter:card\" content=\"summary_large_image\" \/>\n<meta name=\"twitter:label1\" content=\"Precio\" \/>\n\t<meta name=\"twitter:data1\" content=\"&#36;51,75\" \/>\n\t<meta name=\"twitter:label2\" content=\"Availability\" \/>\n\t<meta name=\"twitter:data2\" content=\"In stock\" \/>\n<script type=\"application\/ld+json\" class=\"yoast-schema-graph\">{\"@context\":\"https:\/\/schema.org\",\"@graph\":[{\"@type\":\"WebSite\",\"@id\":\"https:\/\/comerciallin.com\/#website\",\"url\":\"https:\/\/comerciallin.com\/\",\"name\":\"tienda de electr\\u00f3nica y computaci\\u00f3n\",\"description\":\"Importadora de Electr\\u00f3nica y Computaci\\u00f3n\",\"potentialAction\":[{\"@type\":\"SearchAction\",\"target\":{\"@type\":\"EntryPoint\",\"urlTemplate\":\"https:\/\/comerciallin.com\/?s={search_term_string}\"},\"query-input\":\"required name=search_term_string\"}],\"inLanguage\":\"es\"},{\"@type\":\"ImageObject\",\"@id\":\"https:\/\/comerciallin.com\/index.php\/producto\/bateria-comp-dell-gd761-kd47-kd476-rd859-ud8\/#primaryimage\",\"inLanguage\":\"es\",\"url\":\"https:\/\/i0.wp.com\/comerciallin.com\/wp-content\/uploads\/2023\/02\/4451612031.jpg?fit=992%2C744&ssl=1\",\"contentUrl\":\"https:\/\/i0.wp.com\/comerciallin.com\/wp-content\/uploads\/2023\/02\/4451612031.jpg?fit=992%2C744&ssl=1\",\"width\":992,\"height\":744,\"caption\":\"BATERIA COMP DELL GD761\/KD47\/KD476\/RD859\/UD8\"},{\"@type\":\"WebPage\",\"@id\":\"https:\/\/comerciallin.com\/index.php\/producto\/bateria-comp-dell-gd761-kd47-kd476-rd859-ud8\/#webpage\",\"url\":\"https:\/\/comerciallin.com\/index.php\/producto\/bateria-comp-dell-gd761-kd47-kd476-rd859-ud8\/\",\"name\":\"BATERIA COMP DELL GD761\/KD47\/KD476\/RD859\/UD8 - tienda de electr\\u00f3nica y computaci\\u00f3n\",\"isPartOf\":{\"@id\":\"https:\/\/comerciallin.com\/#website\"},\"primaryImageOfPage\":{\"@id\":\"https:\/\/comerciallin.com\/index.php\/producto\/bateria-comp-dell-gd761-kd47-kd476-rd859-ud8\/#primaryimage\"},\"datePublished\":\"2022-11-07T18:27:29+00:00\",\"dateModified\":\"2025-01-14T18:54:07+00:00\",\"breadcrumb\":{\"@id\":\"https:\/\/comerciallin.com\/index.php\/producto\/bateria-comp-dell-gd761-kd47-kd476-rd859-ud8\/#breadcrumb\"},\"inLanguage\":\"es\",\"potentialAction\":[{\"@type\":\"ReadAction\",\"target\":[\"https:\/\/comerciallin.com\/index.php\/producto\/bateria-comp-dell-gd761-kd47-kd476-rd859-ud8\/\"]}]},{\"@type\":\"BreadcrumbList\",\"@id\":\"https:\/\/comerciallin.com\/index.php\/producto\/bateria-comp-dell-gd761-kd47-kd476-rd859-ud8\/#breadcrumb\",\"itemListElement\":[{\"@type\":\"ListItem\",\"position\":1,\"name\":\"Inicio\",\"item\":\"https:\/\/comerciallin.com\/\"},{\"@type\":\"ListItem\",\"position\":2,\"name\":\"Shop\",\"item\":\"https:\/\/comerciallin.com\/?page_id=3853\"},{\"@type\":\"ListItem\",\"position\":3,\"name\":\"BATERIA COMP DELL GD761\/KD47\/KD476\/RD859\/UD8\"}]}]}<\/script>\n<meta property=\"product:price:amount\" content=\"51.75\" \/>\n<meta property=\"product:price:currency\" content=\"USD\" \/>\n<meta property=\"og:availability\" content=\"instock\" \/>\n<meta property=\"product:availability\" content=\"instock\" \/>\n<meta property=\"product:retailer_item_id\" content=\"4451612031\" \/>\n<meta property=\"product:condition\" content=\"new\" \/>\n<!-- \/ Yoast SEO Premium plugin. -->","yoast_head_json":{"title":"BATERIA COMP DELL GD761\/KD47\/KD476\/RD859\/UD8 - tienda de electr\u00f3nica y computaci\u00f3n","robots":{"index":"index","follow":"follow","max-snippet":"max-snippet:-1","max-image-preview":"max-image-preview:large","max-video-preview":"max-video-preview:-1"},"canonical":"https:\/\/comerciallin.com\/index.php\/producto\/bateria-comp-dell-gd761-kd47-kd476-rd859-ud8\/","og_locale":"es_ES","og_type":"article","og_title":"BATERIA COMP DELL GD761\/KD47\/KD476\/RD859\/UD8","og_description":"Marca Futurebatt Inc   Voltaje 11.1 Voltios   Reutilizaci&oacute;n Rechargeable   Tipo de celda de bater&iacute;a Litio Ion   Capacidad 5200 Miliamperios Hora","og_url":"https:\/\/comerciallin.com\/index.php\/producto\/bateria-comp-dell-gd761-kd47-kd476-rd859-ud8\/","og_site_name":"tienda de electr\u00f3nica y computaci\u00f3n","article_modified_time":"2025-01-14T18:54:07+00:00","og_image":[{"width":992,"height":744,"url":"https:\/\/comerciallin.com\/wp-content\/uploads\/2023\/02\/4451612031.jpg","type":"image\/jpeg"}],"twitter_card":"summary_large_image","twitter_misc":{"Precio":"&#36;51,75","Availability":"In stock"},"schema":{"@context":"https:\/\/schema.org","@graph":[{"@type":"WebSite","@id":"https:\/\/comerciallin.com\/#website","url":"https:\/\/comerciallin.com\/","name":"tienda de electr\u00f3nica y computaci\u00f3n","description":"Importadora de Electr\u00f3nica y Computaci\u00f3n","potentialAction":[{"@type":"SearchAction","target":{"@type":"EntryPoint","urlTemplate":"https:\/\/comerciallin.com\/?s={search_term_string}"},"query-input":"required name=search_term_string"}],"inLanguage":"es"},{"@type":"ImageObject","@id":"https:\/\/comerciallin.com\/index.php\/producto\/bateria-comp-dell-gd761-kd47-kd476-rd859-ud8\/#primaryimage","inLanguage":"es","url":"https:\/\/i0.wp.com\/comerciallin.com\/wp-content\/uploads\/2023\/02\/4451612031.jpg?fit=992%2C744&ssl=1","contentUrl":"https:\/\/i0.wp.com\/comerciallin.com\/wp-content\/uploads\/2023\/02\/4451612031.jpg?fit=992%2C744&ssl=1","width":992,"height":744,"caption":"BATERIA COMP DELL GD761\/KD47\/KD476\/RD859\/UD8"},{"@type":"WebPage","@id":"https:\/\/comerciallin.com\/index.php\/producto\/bateria-comp-dell-gd761-kd47-kd476-rd859-ud8\/#webpage","url":"https:\/\/comerciallin.com\/index.php\/producto\/bateria-comp-dell-gd761-kd47-kd476-rd859-ud8\/","name":"BATERIA COMP DELL GD761\/KD47\/KD476\/RD859\/UD8 - tienda de electr\u00f3nica y computaci\u00f3n","isPartOf":{"@id":"https:\/\/comerciallin.com\/#website"},"primaryImageOfPage":{"@id":"https:\/\/comerciallin.com\/index.php\/producto\/bateria-comp-dell-gd761-kd47-kd476-rd859-ud8\/#primaryimage"},"datePublished":"2022-11-07T18:27:29+00:00","dateModified":"2025-01-14T18:54:07+00:00","breadcrumb":{"@id":"https:\/\/comerciallin.com\/index.php\/producto\/bateria-comp-dell-gd761-kd47-kd476-rd859-ud8\/#breadcrumb"},"inLanguage":"es","potentialAction":[{"@type":"ReadAction","target":["https:\/\/comerciallin.com\/index.php\/producto\/bateria-comp-dell-gd761-kd47-kd476-rd859-ud8\/"]}]},{"@type":"BreadcrumbList","@id":"https:\/\/comerciallin.com\/index.php\/producto\/bateria-comp-dell-gd761-kd47-kd476-rd859-ud8\/#breadcrumb","itemListElement":[{"@type":"ListItem","position":1,"name":"Inicio","item":"https:\/\/comerciallin.com\/"},{"@type":"ListItem","position":2,"name":"Shop","item":"https:\/\/comerciallin.com\/?page_id=3853"},{"@type":"ListItem","position":3,"name":"BATERIA COMP DELL GD761\/KD47\/KD476\/RD859\/UD8"}]}]},"product_price_amount":"51.75","product_price_currency":"USD","og_availability":"instock","product_availability":"instock","product_retailer_item_id":"4451612031","product_condition":"new"},"jetpack-related-posts":[{"id":19120,"url":"https:\/\/comerciallin.com\/index.php\/producto\/bateria-comp-dell-xps-m1330-wr050-cr036-tt485\/","url_meta":{"origin":19132,"position":0},"title":"BATERIA COMP DELL XPS M1330\/WR050\/CR036\/TT485","date":"7 de noviembre de 2022","format":false,"excerpt":"Voltaje: 11.1 Voltios Compatible DevicesLaptop, NotebookTipo de celda de bater\u00eda Litio Ion Capacidad 5200 Miliamperios Hora","rel":"","context":"Entrada similar","img":{"alt_text":"","src":"","width":0,"height":0},"classes":[]},{"id":19183,"url":"https:\/\/comerciallin.com\/index.php\/producto\/bateria-comp-acer-as09d31-36-56-70\/","url_meta":{"origin":19132,"position":1},"title":"BATERIA COMP ACER AS09D31-36-56-70-","date":"7 de noviembre de 2022","format":false,"excerpt":"Voltaje 11.1 Voltios Compatible Devices Laptop, Notebook Reutilizaci\u00f3n Rechargeable","rel":"","context":"Entrada similar","img":{"alt_text":"BATERIA COMP ACER AS09D31-36-56-70-","src":"https:\/\/i0.wp.com\/comerciallin.com\/wp-content\/uploads\/2023\/02\/537030190907.jpg?fit=992%2C744&ssl=1&resize=350%2C200","width":350,"height":200},"classes":[]},{"id":18680,"url":"https:\/\/comerciallin.com\/index.php\/producto\/bateria-comp-dell-e3340-451-bbiy-451-bbiz-9\/","url_meta":{"origin":19132,"position":2},"title":"BATERIA COMP DELL E3340\/451-BBIY, 451-BBIZ, 9","date":"7 de noviembre de 2022","format":false,"excerpt":"Voltaje 11.1 Voltios Compatible Devices Laptop Tipo de celda de bater\u00eda Litio Ion","rel":"","context":"Entrada similar","img":{"alt_text":"","src":"","width":0,"height":0},"classes":[]},{"id":19153,"url":"https:\/\/comerciallin.com\/index.php\/producto\/bateria-comp-dell-e3340-451-bbiy-451-bbiz-9-2\/","url_meta":{"origin":19132,"position":3},"title":"BATERIA COMP DELL E3340\/451-BBIY, 451-BBIZ, 9","date":"7 de noviembre de 2022","format":false,"excerpt":"Voltaje 11.1 Voltios Compatible Devices Laptop Tipo de celda de bater\u00eda Litio Ion","rel":"","context":"Entrada similar","img":{"alt_text":"BATERIA COMP DELL E3340\/451-BBIY, 451-BBIZ, 9","src":"https:\/\/i0.wp.com\/comerciallin.com\/wp-content\/uploads\/2023\/02\/537030190912.jpg?fit=992%2C744&ssl=1&resize=350%2C200","width":350,"height":200},"classes":[]},{"id":19161,"url":"https:\/\/comerciallin.com\/index.php\/producto\/bateria-comp-dell-6000-9200-9300-9400-e1505n0\/","url_meta":{"origin":19132,"position":4},"title":"BATERIA COMP DELL 6000\/9200\/9300\/9400\/E1505N0","date":"7 de noviembre de 2022","format":false,"excerpt":"6 celdas, bater\u00eda de iones de litio, nominal de 11,1 V (compatible con 10,8 V) 5200 mAh.","rel":"","context":"Entrada similar","img":{"alt_text":"","src":"","width":0,"height":0},"classes":[]},{"id":19070,"url":"https:\/\/comerciallin.com\/index.php\/producto\/bateria-comp-dell-mr90y-111v-65wh-3421-377\/","url_meta":{"origin":19132,"position":5},"title":"BATERIA COMP DELL MR90Y 11,1V-65WH\/ 3421\/377","date":"7 de noviembre de 2022","format":false,"excerpt":"Voltaje 11.1 Voltios Compatible Devices Laptop Tipo de celda de bater\u00eda Litio Ion","rel":"","context":"Entrada similar","img":{"alt_text":"BATERIA COMP DELL MR90Y 11,1V-65WH\/ 3421\/377","src":"https:\/\/i0.wp.com\/comerciallin.com\/wp-content\/uploads\/2023\/02\/4451606033.jpg?fit=992%2C744&ssl=1&resize=350%2C200","width":350,"height":200},"classes":[]}],"jetpack_sharing_enabled":true,"jetpack_likes_enabled":true,"_links":{"self":[{"href":"https:\/\/comerciallin.com\/index.php\/wp-json\/wp\/v2\/product\/19132"}],"collection":[{"href":"https:\/\/comerciallin.com\/index.php\/wp-json\/wp\/v2\/product"}],"about":[{"href":"https:\/\/comerciallin.com\/index.php\/wp-json\/wp\/v2\/types\/product"}],"replies":[{"embeddable":true,"href":"https:\/\/comerciallin.com\/index.php\/wp-json\/wp\/v2\/comments?post=19132"}],"wp:featuredmedia":[{"embeddable":true,"href":"https:\/\/comerciallin.com\/index.php\/wp-json\/wp\/v2\/media\/21575"}],"wp:attachment":[{"href":"https:\/\/comerciallin.com\/index.php\/wp-json\/wp\/v2\/media?parent=19132"}],"wp:term":[{"taxonomy":"product_cat","embeddable":true,"href":"https:\/\/comerciallin.com\/index.php\/wp-json\/wp\/v2\/product_cat?post=19132"},{"taxonomy":"product_tag","embeddable":true,"href":"https:\/\/comerciallin.com\/index.php\/wp-json\/wp\/v2\/product_tag?post=19132"}],"curies":[{"name":"wp","href":"https:\/\/api.w.org\/{rel}","templated":true}]}}