{"id":19064,"date":"2022-11-07T13:26:50","date_gmt":"2022-11-07T18:26:50","guid":{"rendered":"https:\/\/comerciallin.com\/index.php\/producto\/bateria-p-lapto-hp-cc06-cc06x-cc06xl-6360\/"},"modified":"2025-01-14T13:54:43","modified_gmt":"2025-01-14T18:54:43","slug":"bateria-p-lapto-hp-cc06-cc06x-cc06xl-6360","status":"publish","type":"product","link":"https:\/\/comerciallin.com\/index.php\/producto\/bateria-p-lapto-hp-cc06-cc06x-cc06xl-6360\/","title":{"rendered":"BATERIA P. LAPTO HP CC06\/ CC06X\/ CC06XL\/ 6360"},"content":{"rendered":"<p>bater&iacute;a para HP ProBook 6360b 6460b 6465b 6470b 6475B 6560b 6565b 6570b<\/p>\n","protected":false},"excerpt":{"rendered":"<p>bater&iacute;a para HP ProBook 6360b 6460b 6465b 6470b 6475B 6560b 6565b 6570b<\/p>\n","protected":false},"featured_media":21705,"comment_status":"open","ping_status":"closed","template":"","meta":{"spay_email":""},"product_cat":[794],"product_tag":[],"supplier_id":null,"supplier_sku":"","barcode":null,"atum_controlled":true,"out_stock_date":null,"out_stock_threshold":null,"inheritable":false,"inbound_stock":null,"stock_on_hold":0,"sold_today":0,"sales_last_days":0,"reserved_stock":null,"customer_returns":null,"warehouse_damage":null,"lost_in_post":null,"other_logs":null,"out_stock_days":0,"lost_sales":0,"has_location":null,"update_date":"2026-04-30T00:11:45","atum_locations":[],"atum_stock_status":"instock","restock_status":false,"low_stock_amount":"","sales_update_date":"2026-04-30T00:11:45","calc_backorders":null,"acf":[],"yoast_head":"<!-- This site is optimized with the Yoast SEO Premium plugin v17.4 (Yoast SEO v17.4) - https:\/\/yoast.com\/wordpress\/plugins\/seo\/ -->\n<title>BATERIA P. LAPTO HP CC06\/ CC06X\/ CC06XL\/ 6360 - tienda de electr\u00f3nica y computaci\u00f3n<\/title>\n<meta name=\"robots\" content=\"index, follow, max-snippet:-1, max-image-preview:large, max-video-preview:-1\" \/>\n<link rel=\"canonical\" href=\"https:\/\/comerciallin.com\/index.php\/producto\/bateria-p-lapto-hp-cc06-cc06x-cc06xl-6360\/\" \/>\n<meta property=\"og:locale\" content=\"es_ES\" \/>\n<meta property=\"og:type\" content=\"article\" \/>\n<meta property=\"og:title\" content=\"BATERIA P. LAPTO HP CC06\/ CC06X\/ CC06XL\/ 6360\" \/>\n<meta property=\"og:description\" content=\"bater&iacute;a para HP ProBook 6360b 6460b 6465b 6470b 6475B 6560b 6565b 6570b\" \/>\n<meta property=\"og:url\" content=\"https:\/\/comerciallin.com\/index.php\/producto\/bateria-p-lapto-hp-cc06-cc06x-cc06xl-6360\/\" \/>\n<meta property=\"og:site_name\" content=\"tienda de electr\u00f3nica y computaci\u00f3n\" \/>\n<meta property=\"article:modified_time\" content=\"2025-01-14T18:54:43+00:00\" \/>\n<meta name=\"twitter:card\" content=\"summary_large_image\" \/>\n<meta name=\"twitter:image\" content=\"https:\/\/i0.wp.com\/comerciallin.com\/wp-content\/uploads\/2023\/02\/537030181003.jpg?fit=%2C&amp;ssl=1\" \/>\n<meta name=\"twitter:label1\" content=\"Precio\" \/>\n\t<meta name=\"twitter:data1\" content=\"&#36;44,85\" \/>\n\t<meta name=\"twitter:label2\" content=\"Availability\" \/>\n\t<meta name=\"twitter:data2\" content=\"In stock\" \/>\n<script type=\"application\/ld+json\" class=\"yoast-schema-graph\">{\"@context\":\"https:\/\/schema.org\",\"@graph\":[{\"@type\":\"WebSite\",\"@id\":\"https:\/\/comerciallin.com\/#website\",\"url\":\"https:\/\/comerciallin.com\/\",\"name\":\"tienda de electr\\u00f3nica y computaci\\u00f3n\",\"description\":\"Importadora de Electr\\u00f3nica y Computaci\\u00f3n\",\"potentialAction\":[{\"@type\":\"SearchAction\",\"target\":{\"@type\":\"EntryPoint\",\"urlTemplate\":\"https:\/\/comerciallin.com\/?s={search_term_string}\"},\"query-input\":\"required name=search_term_string\"}],\"inLanguage\":\"es\"},{\"@type\":\"ImageObject\",\"@id\":\"https:\/\/comerciallin.com\/index.php\/producto\/bateria-p-lapto-hp-cc06-cc06x-cc06xl-6360\/#primaryimage\",\"inLanguage\":\"es\",\"url\":\"https:\/\/i0.wp.com\/comerciallin.com\/wp-content\/uploads\/2023\/02\/537030181003.jpg?fit=%2C&ssl=1\",\"contentUrl\":\"https:\/\/i0.wp.com\/comerciallin.com\/wp-content\/uploads\/2023\/02\/537030181003.jpg?fit=%2C&ssl=1\",\"caption\":\"BATERIA P. LAPTO HP CC06\/ CC06X\/ CC06XL\/ 6360\"},{\"@type\":\"WebPage\",\"@id\":\"https:\/\/comerciallin.com\/index.php\/producto\/bateria-p-lapto-hp-cc06-cc06x-cc06xl-6360\/#webpage\",\"url\":\"https:\/\/comerciallin.com\/index.php\/producto\/bateria-p-lapto-hp-cc06-cc06x-cc06xl-6360\/\",\"name\":\"BATERIA P. LAPTO HP CC06\/ CC06X\/ CC06XL\/ 6360 - tienda de electr\\u00f3nica y computaci\\u00f3n\",\"isPartOf\":{\"@id\":\"https:\/\/comerciallin.com\/#website\"},\"primaryImageOfPage\":{\"@id\":\"https:\/\/comerciallin.com\/index.php\/producto\/bateria-p-lapto-hp-cc06-cc06x-cc06xl-6360\/#primaryimage\"},\"datePublished\":\"2022-11-07T18:26:50+00:00\",\"dateModified\":\"2025-01-14T18:54:43+00:00\",\"breadcrumb\":{\"@id\":\"https:\/\/comerciallin.com\/index.php\/producto\/bateria-p-lapto-hp-cc06-cc06x-cc06xl-6360\/#breadcrumb\"},\"inLanguage\":\"es\",\"potentialAction\":[{\"@type\":\"ReadAction\",\"target\":[\"https:\/\/comerciallin.com\/index.php\/producto\/bateria-p-lapto-hp-cc06-cc06x-cc06xl-6360\/\"]}]},{\"@type\":\"BreadcrumbList\",\"@id\":\"https:\/\/comerciallin.com\/index.php\/producto\/bateria-p-lapto-hp-cc06-cc06x-cc06xl-6360\/#breadcrumb\",\"itemListElement\":[{\"@type\":\"ListItem\",\"position\":1,\"name\":\"Inicio\",\"item\":\"https:\/\/comerciallin.com\/\"},{\"@type\":\"ListItem\",\"position\":2,\"name\":\"Shop\",\"item\":\"https:\/\/comerciallin.com\/?page_id=3853\"},{\"@type\":\"ListItem\",\"position\":3,\"name\":\"BATERIA P. LAPTO HP CC06\/ CC06X\/ CC06XL\/ 6360\"}]}]}<\/script>\n<meta property=\"product:price:amount\" content=\"44.85\" \/>\n<meta property=\"product:price:currency\" content=\"USD\" \/>\n<meta property=\"og:availability\" content=\"instock\" \/>\n<meta property=\"product:availability\" content=\"instock\" \/>\n<meta property=\"product:retailer_item_id\" content=\"537030181003\" \/>\n<meta property=\"product:condition\" content=\"new\" \/>\n<!-- \/ Yoast SEO Premium plugin. -->","yoast_head_json":{"title":"BATERIA P. LAPTO HP CC06\/ CC06X\/ CC06XL\/ 6360 - tienda de electr\u00f3nica y computaci\u00f3n","robots":{"index":"index","follow":"follow","max-snippet":"max-snippet:-1","max-image-preview":"max-image-preview:large","max-video-preview":"max-video-preview:-1"},"canonical":"https:\/\/comerciallin.com\/index.php\/producto\/bateria-p-lapto-hp-cc06-cc06x-cc06xl-6360\/","og_locale":"es_ES","og_type":"article","og_title":"BATERIA P. LAPTO HP CC06\/ CC06X\/ CC06XL\/ 6360","og_description":"bater&iacute;a para HP ProBook 6360b 6460b 6465b 6470b 6475B 6560b 6565b 6570b","og_url":"https:\/\/comerciallin.com\/index.php\/producto\/bateria-p-lapto-hp-cc06-cc06x-cc06xl-6360\/","og_site_name":"tienda de electr\u00f3nica y computaci\u00f3n","article_modified_time":"2025-01-14T18:54:43+00:00","twitter_card":"summary_large_image","twitter_image":"https:\/\/i0.wp.com\/comerciallin.com\/wp-content\/uploads\/2023\/02\/537030181003.jpg?fit=%2C&ssl=1","twitter_misc":{"Precio":"&#36;44,85","Availability":"In stock"},"schema":{"@context":"https:\/\/schema.org","@graph":[{"@type":"WebSite","@id":"https:\/\/comerciallin.com\/#website","url":"https:\/\/comerciallin.com\/","name":"tienda de electr\u00f3nica y computaci\u00f3n","description":"Importadora de Electr\u00f3nica y Computaci\u00f3n","potentialAction":[{"@type":"SearchAction","target":{"@type":"EntryPoint","urlTemplate":"https:\/\/comerciallin.com\/?s={search_term_string}"},"query-input":"required name=search_term_string"}],"inLanguage":"es"},{"@type":"ImageObject","@id":"https:\/\/comerciallin.com\/index.php\/producto\/bateria-p-lapto-hp-cc06-cc06x-cc06xl-6360\/#primaryimage","inLanguage":"es","url":"https:\/\/i0.wp.com\/comerciallin.com\/wp-content\/uploads\/2023\/02\/537030181003.jpg?fit=%2C&ssl=1","contentUrl":"https:\/\/i0.wp.com\/comerciallin.com\/wp-content\/uploads\/2023\/02\/537030181003.jpg?fit=%2C&ssl=1","caption":"BATERIA P. LAPTO HP CC06\/ CC06X\/ CC06XL\/ 6360"},{"@type":"WebPage","@id":"https:\/\/comerciallin.com\/index.php\/producto\/bateria-p-lapto-hp-cc06-cc06x-cc06xl-6360\/#webpage","url":"https:\/\/comerciallin.com\/index.php\/producto\/bateria-p-lapto-hp-cc06-cc06x-cc06xl-6360\/","name":"BATERIA P. LAPTO HP CC06\/ CC06X\/ CC06XL\/ 6360 - tienda de electr\u00f3nica y computaci\u00f3n","isPartOf":{"@id":"https:\/\/comerciallin.com\/#website"},"primaryImageOfPage":{"@id":"https:\/\/comerciallin.com\/index.php\/producto\/bateria-p-lapto-hp-cc06-cc06x-cc06xl-6360\/#primaryimage"},"datePublished":"2022-11-07T18:26:50+00:00","dateModified":"2025-01-14T18:54:43+00:00","breadcrumb":{"@id":"https:\/\/comerciallin.com\/index.php\/producto\/bateria-p-lapto-hp-cc06-cc06x-cc06xl-6360\/#breadcrumb"},"inLanguage":"es","potentialAction":[{"@type":"ReadAction","target":["https:\/\/comerciallin.com\/index.php\/producto\/bateria-p-lapto-hp-cc06-cc06x-cc06xl-6360\/"]}]},{"@type":"BreadcrumbList","@id":"https:\/\/comerciallin.com\/index.php\/producto\/bateria-p-lapto-hp-cc06-cc06x-cc06xl-6360\/#breadcrumb","itemListElement":[{"@type":"ListItem","position":1,"name":"Inicio","item":"https:\/\/comerciallin.com\/"},{"@type":"ListItem","position":2,"name":"Shop","item":"https:\/\/comerciallin.com\/?page_id=3853"},{"@type":"ListItem","position":3,"name":"BATERIA P. LAPTO HP CC06\/ CC06X\/ CC06XL\/ 6360"}]}]},"product_price_amount":"44.85","product_price_currency":"USD","og_availability":"instock","product_availability":"instock","product_retailer_item_id":"537030181003","product_condition":"new"},"jetpack-related-posts":[{"id":19102,"url":"https:\/\/comerciallin.com\/index.php\/producto\/bateria-comp-hp-fp06-440-445-450-455-470-hstj\/","url_meta":{"origin":19064,"position":0},"title":"BATERIA COMP HP FP06\/440\/445\/450\/455\/470\/HSTJ","date":"7 de noviembre de 2022","format":false,"excerpt":"Tipo de Bater\u00eda: Li-ion (ion de litio) \u4e28 Rate: 48.00\u00a0Wh Voltaje: 10,80\u00a0V \u4e28 Capacidad: 4400\u00a0mAh","rel":"","context":"Entrada similar","img":{"alt_text":"","src":"","width":0,"height":0},"classes":[]},{"id":19181,"url":"https:\/\/comerciallin.com\/index.php\/producto\/bateria-comp-hp-fp06-440-445-450-455-470-hstj-2\/","url_meta":{"origin":19064,"position":1},"title":"BATERIA COMP HP FP06\/440\/445\/450\/455\/470\/HSTJ","date":"7 de noviembre de 2022","format":false,"excerpt":"Tipo de Bater\u00eda: Li-ion (ion de litio) \u4e28 Rate: 48.00\u00a0Wh Voltaje: 10,80\u00a0V \u4e28 Capacidad: 4400\u00a0mAh","rel":"","context":"Entrada similar","img":{"alt_text":"","src":"","width":0,"height":0},"classes":[]},{"id":19579,"url":"https:\/\/comerciallin.com\/index.php\/producto\/bateria-comp-hp-vi04\/","url_meta":{"origin":19064,"position":2},"title":"BATERIA COMP HP VI04","date":"7 de noviembre de 2022","format":false,"excerpt":"Bater\u00eda port\u00e1til HP VI04 V104 756743-001 -\u00a0 756745-001 756744-001 756478-851 756478-422 756478-421 756480-421 ProBook 450 G2 40 Cuaderno 40 G2 V104XL de alto rendimiento, 4 celdas 2600 mAh, 41 Wh 14.8 V","rel":"","context":"Entrada similar","img":{"alt_text":"","src":"","width":0,"height":0},"classes":[]},{"id":19096,"url":"https:\/\/comerciallin.com\/index.php\/producto\/bateria-comp-hp-4320s-4320t-4321s-4325s\/","url_meta":{"origin":19064,"position":3},"title":"BATERIA COMP HP 4320S\/ 4320T\/ 4321S\/ 4325S\/ &#8211;","date":"7 de noviembre de 2022","format":false,"excerpt":"Voltaje 11.1 Voltios Compatible Devices Laptop Reutilizaci\u00f3n Rechargeable Tipo de celda de bater\u00eda","rel":"","context":"Entrada similar","img":{"alt_text":"","src":"","width":0,"height":0},"classes":[]},{"id":19098,"url":"https:\/\/comerciallin.com\/index.php\/producto\/bateria-comp-hp-6535b-6730b-6530b-6735b-6930c\/","url_meta":{"origin":19064,"position":4},"title":"BATERIA COMP HP 6535B\/6730B\/6530B\/6735B\/6930C","date":"7 de noviembre de 2022","format":false,"excerpt":"Tipo de bater\u00eda: Li-ionCeldas: 6 celdasCapacidad: 5200 MAHVoltaje: 11,1 V","rel":"","context":"Entrada similar","img":{"alt_text":"","src":"","width":0,"height":0},"classes":[]},{"id":19625,"url":"https:\/\/comerciallin.com\/index.php\/producto\/teclado-p-lapto-comp-hp-probook-440-g3\/","url_meta":{"origin":19064,"position":5},"title":"TECLADO P. LAPTO COMP HP PROBOOK 440 G3","date":"7 de noviembre de 2022","format":false,"excerpt":"HP ProBook 440 G3 445 G3","rel":"","context":"Entrada similar","img":{"alt_text":"","src":"","width":0,"height":0},"classes":[]}],"jetpack_sharing_enabled":true,"jetpack_likes_enabled":true,"_links":{"self":[{"href":"https:\/\/comerciallin.com\/index.php\/wp-json\/wp\/v2\/product\/19064"}],"collection":[{"href":"https:\/\/comerciallin.com\/index.php\/wp-json\/wp\/v2\/product"}],"about":[{"href":"https:\/\/comerciallin.com\/index.php\/wp-json\/wp\/v2\/types\/product"}],"replies":[{"embeddable":true,"href":"https:\/\/comerciallin.com\/index.php\/wp-json\/wp\/v2\/comments?post=19064"}],"wp:featuredmedia":[{"embeddable":true,"href":"https:\/\/comerciallin.com\/index.php\/wp-json\/wp\/v2\/media\/21705"}],"wp:attachment":[{"href":"https:\/\/comerciallin.com\/index.php\/wp-json\/wp\/v2\/media?parent=19064"}],"wp:term":[{"taxonomy":"product_cat","embeddable":true,"href":"https:\/\/comerciallin.com\/index.php\/wp-json\/wp\/v2\/product_cat?post=19064"},{"taxonomy":"product_tag","embeddable":true,"href":"https:\/\/comerciallin.com\/index.php\/wp-json\/wp\/v2\/product_tag?post=19064"}],"curies":[{"name":"wp","href":"https:\/\/api.w.org\/{rel}","templated":true}]}}