{"id":18892,"date":"2022-11-07T13:26:10","date_gmt":"2022-11-07T18:26:10","guid":{"rendered":"https:\/\/comerciallin.com\/index.php\/producto\/enclousure-2-5-usb-3-0-4tb-suport-trans\/"},"modified":"2025-01-14T13:55:56","modified_gmt":"2025-01-14T18:55:56","slug":"enclousure-2-5-usb-3-0-4tb-suport-trans","status":"publish","type":"product","link":"https:\/\/comerciallin.com\/index.php\/producto\/enclousure-2-5-usb-3-0-4tb-suport-trans\/","title":{"rendered":"ENCLOUSURE 2.5&#8243; USB 3.0 4TB SUPORT TRANS"},"content":{"rendered":"<p>SATA SSD Enclosure USB 3.0, ampliamente compatible con SSD \/ HDD SATA 2.5inch 7-9.5mm, SATA III compatible con SATA II \/ I<br \/>Adopte SATA III a USB 3.0, transmisi&oacute;n de alta velocidad de hasta 5 Gbps (te&oacute;rico); Soporta UASP, asegurar una velocidad de transmisi&oacute;n m&aacute;s r&aacute;pida y uso m&aacute;s bajo de CPU.<br \/>Plug y play, soporte hot-swap, sin necesidad de controlador.<br \/>Dise&ntilde;o azul transparente con material ign&iacute;fugo ABS de alta calidad; instala sin herramientas, equipo con bolsa impermeable de protecci&oacute;n de cuero PU.<\/p>\n","protected":false},"excerpt":{"rendered":"<p>Enclouser 2,5 pulgadas carcasa de disco azul transparente, puede transferir 2.5 SATA SSD \/ HDD a la interfaz USB 3.0, una buena opci&oacute;n para la transferencia de datos y la copia de seguridad.<\/p>\n","protected":false},"featured_media":21878,"comment_status":"open","ping_status":"closed","template":"","meta":{"spay_email":""},"product_cat":[816],"product_tag":[],"supplier_id":null,"supplier_sku":"","barcode":null,"atum_controlled":true,"out_stock_date":null,"out_stock_threshold":null,"inheritable":false,"inbound_stock":null,"stock_on_hold":0,"sold_today":0,"sales_last_days":0,"reserved_stock":null,"customer_returns":null,"warehouse_damage":null,"lost_in_post":null,"other_logs":null,"out_stock_days":0,"lost_sales":0,"has_location":null,"update_date":"2026-04-09T23:44:35","atum_locations":[],"atum_stock_status":"instock","restock_status":false,"low_stock_amount":"","sales_update_date":"2026-04-09T23:44:35","calc_backorders":null,"acf":[],"yoast_head":"<!-- This site is optimized with the Yoast SEO Premium plugin v17.4 (Yoast SEO v17.4) - https:\/\/yoast.com\/wordpress\/plugins\/seo\/ -->\n<title>ENCLOUSURE 2.5&quot; USB 3.0 4TB SUPORT TRANS - tienda de electr\u00f3nica y computaci\u00f3n<\/title>\n<meta name=\"robots\" content=\"index, follow, max-snippet:-1, max-image-preview:large, max-video-preview:-1\" \/>\n<link rel=\"canonical\" href=\"https:\/\/comerciallin.com\/index.php\/producto\/enclousure-2-5-usb-3-0-4tb-suport-trans\/\" \/>\n<meta property=\"og:locale\" content=\"es_ES\" \/>\n<meta property=\"og:type\" content=\"article\" \/>\n<meta property=\"og:title\" content=\"ENCLOUSURE 2.5&quot; USB 3.0 4TB SUPORT TRANS\" \/>\n<meta property=\"og:description\" content=\"Enclouser 2,5 pulgadas carcasa de disco azul transparente, puede transferir 2.5 SATA SSD \/ HDD a la interfaz USB 3.0, una buena opci&oacute;n para la transferencia de datos y la copia de seguridad.\" \/>\n<meta property=\"og:url\" content=\"https:\/\/comerciallin.com\/index.php\/producto\/enclousure-2-5-usb-3-0-4tb-suport-trans\/\" \/>\n<meta property=\"og:site_name\" content=\"tienda de electr\u00f3nica y computaci\u00f3n\" \/>\n<meta property=\"article:modified_time\" content=\"2025-01-14T18:55:56+00:00\" \/>\n<meta name=\"twitter:card\" content=\"summary_large_image\" \/>\n<meta name=\"twitter:image\" content=\"https:\/\/i0.wp.com\/comerciallin.com\/wp-content\/uploads\/2023\/02\/443030100802.jpg?fit=%2C&amp;ssl=1\" \/>\n<meta name=\"twitter:label1\" content=\"Precio\" \/>\n\t<meta name=\"twitter:data1\" content=\"&#36;17,25\" \/>\n\t<meta name=\"twitter:label2\" content=\"Availability\" \/>\n\t<meta name=\"twitter:data2\" content=\"In stock\" \/>\n<script type=\"application\/ld+json\" class=\"yoast-schema-graph\">{\"@context\":\"https:\/\/schema.org\",\"@graph\":[{\"@type\":\"WebSite\",\"@id\":\"https:\/\/comerciallin.com\/#website\",\"url\":\"https:\/\/comerciallin.com\/\",\"name\":\"tienda de electr\\u00f3nica y computaci\\u00f3n\",\"description\":\"Importadora de Electr\\u00f3nica y Computaci\\u00f3n\",\"potentialAction\":[{\"@type\":\"SearchAction\",\"target\":{\"@type\":\"EntryPoint\",\"urlTemplate\":\"https:\/\/comerciallin.com\/?s={search_term_string}\"},\"query-input\":\"required name=search_term_string\"}],\"inLanguage\":\"es\"},{\"@type\":\"ImageObject\",\"@id\":\"https:\/\/comerciallin.com\/index.php\/producto\/enclousure-2-5-usb-3-0-4tb-suport-trans\/#primaryimage\",\"inLanguage\":\"es\",\"url\":\"https:\/\/i0.wp.com\/comerciallin.com\/wp-content\/uploads\/2023\/02\/443030100802.jpg?fit=%2C&ssl=1\",\"contentUrl\":\"https:\/\/i0.wp.com\/comerciallin.com\/wp-content\/uploads\/2023\/02\/443030100802.jpg?fit=%2C&ssl=1\",\"caption\":\"ENCLOUSURE 2.5\\\" USB 3.0 4TB SUPORT TRANS\"},{\"@type\":\"WebPage\",\"@id\":\"https:\/\/comerciallin.com\/index.php\/producto\/enclousure-2-5-usb-3-0-4tb-suport-trans\/#webpage\",\"url\":\"https:\/\/comerciallin.com\/index.php\/producto\/enclousure-2-5-usb-3-0-4tb-suport-trans\/\",\"name\":\"ENCLOUSURE 2.5\\\" USB 3.0 4TB SUPORT TRANS - tienda de electr\\u00f3nica y computaci\\u00f3n\",\"isPartOf\":{\"@id\":\"https:\/\/comerciallin.com\/#website\"},\"primaryImageOfPage\":{\"@id\":\"https:\/\/comerciallin.com\/index.php\/producto\/enclousure-2-5-usb-3-0-4tb-suport-trans\/#primaryimage\"},\"datePublished\":\"2022-11-07T18:26:10+00:00\",\"dateModified\":\"2025-01-14T18:55:56+00:00\",\"breadcrumb\":{\"@id\":\"https:\/\/comerciallin.com\/index.php\/producto\/enclousure-2-5-usb-3-0-4tb-suport-trans\/#breadcrumb\"},\"inLanguage\":\"es\",\"potentialAction\":[{\"@type\":\"ReadAction\",\"target\":[\"https:\/\/comerciallin.com\/index.php\/producto\/enclousure-2-5-usb-3-0-4tb-suport-trans\/\"]}]},{\"@type\":\"BreadcrumbList\",\"@id\":\"https:\/\/comerciallin.com\/index.php\/producto\/enclousure-2-5-usb-3-0-4tb-suport-trans\/#breadcrumb\",\"itemListElement\":[{\"@type\":\"ListItem\",\"position\":1,\"name\":\"Inicio\",\"item\":\"https:\/\/comerciallin.com\/\"},{\"@type\":\"ListItem\",\"position\":2,\"name\":\"Shop\",\"item\":\"https:\/\/comerciallin.com\/?page_id=3853\"},{\"@type\":\"ListItem\",\"position\":3,\"name\":\"ENCLOUSURE 2.5&#8243; USB 3.0 4TB SUPORT TRANS\"}]}]}<\/script>\n<meta property=\"product:price:amount\" content=\"17.25\" \/>\n<meta property=\"product:price:currency\" content=\"USD\" \/>\n<meta property=\"og:availability\" content=\"instock\" \/>\n<meta property=\"product:availability\" content=\"instock\" \/>\n<meta property=\"product:retailer_item_id\" content=\"443030100802\" \/>\n<meta property=\"product:condition\" content=\"new\" \/>\n<!-- \/ Yoast SEO Premium plugin. -->","yoast_head_json":{"title":"ENCLOUSURE 2.5\" USB 3.0 4TB SUPORT TRANS - tienda de electr\u00f3nica y computaci\u00f3n","robots":{"index":"index","follow":"follow","max-snippet":"max-snippet:-1","max-image-preview":"max-image-preview:large","max-video-preview":"max-video-preview:-1"},"canonical":"https:\/\/comerciallin.com\/index.php\/producto\/enclousure-2-5-usb-3-0-4tb-suport-trans\/","og_locale":"es_ES","og_type":"article","og_title":"ENCLOUSURE 2.5\" USB 3.0 4TB SUPORT TRANS","og_description":"Enclouser 2,5 pulgadas carcasa de disco azul transparente, puede transferir 2.5 SATA SSD \/ HDD a la interfaz USB 3.0, una buena opci&oacute;n para la transferencia de datos y la copia de seguridad.","og_url":"https:\/\/comerciallin.com\/index.php\/producto\/enclousure-2-5-usb-3-0-4tb-suport-trans\/","og_site_name":"tienda de electr\u00f3nica y computaci\u00f3n","article_modified_time":"2025-01-14T18:55:56+00:00","twitter_card":"summary_large_image","twitter_image":"https:\/\/i0.wp.com\/comerciallin.com\/wp-content\/uploads\/2023\/02\/443030100802.jpg?fit=%2C&ssl=1","twitter_misc":{"Precio":"&#36;17,25","Availability":"In stock"},"schema":{"@context":"https:\/\/schema.org","@graph":[{"@type":"WebSite","@id":"https:\/\/comerciallin.com\/#website","url":"https:\/\/comerciallin.com\/","name":"tienda de electr\u00f3nica y computaci\u00f3n","description":"Importadora de Electr\u00f3nica y Computaci\u00f3n","potentialAction":[{"@type":"SearchAction","target":{"@type":"EntryPoint","urlTemplate":"https:\/\/comerciallin.com\/?s={search_term_string}"},"query-input":"required name=search_term_string"}],"inLanguage":"es"},{"@type":"ImageObject","@id":"https:\/\/comerciallin.com\/index.php\/producto\/enclousure-2-5-usb-3-0-4tb-suport-trans\/#primaryimage","inLanguage":"es","url":"https:\/\/i0.wp.com\/comerciallin.com\/wp-content\/uploads\/2023\/02\/443030100802.jpg?fit=%2C&ssl=1","contentUrl":"https:\/\/i0.wp.com\/comerciallin.com\/wp-content\/uploads\/2023\/02\/443030100802.jpg?fit=%2C&ssl=1","caption":"ENCLOUSURE 2.5\" USB 3.0 4TB SUPORT TRANS"},{"@type":"WebPage","@id":"https:\/\/comerciallin.com\/index.php\/producto\/enclousure-2-5-usb-3-0-4tb-suport-trans\/#webpage","url":"https:\/\/comerciallin.com\/index.php\/producto\/enclousure-2-5-usb-3-0-4tb-suport-trans\/","name":"ENCLOUSURE 2.5\" USB 3.0 4TB SUPORT TRANS - tienda de electr\u00f3nica y computaci\u00f3n","isPartOf":{"@id":"https:\/\/comerciallin.com\/#website"},"primaryImageOfPage":{"@id":"https:\/\/comerciallin.com\/index.php\/producto\/enclousure-2-5-usb-3-0-4tb-suport-trans\/#primaryimage"},"datePublished":"2022-11-07T18:26:10+00:00","dateModified":"2025-01-14T18:55:56+00:00","breadcrumb":{"@id":"https:\/\/comerciallin.com\/index.php\/producto\/enclousure-2-5-usb-3-0-4tb-suport-trans\/#breadcrumb"},"inLanguage":"es","potentialAction":[{"@type":"ReadAction","target":["https:\/\/comerciallin.com\/index.php\/producto\/enclousure-2-5-usb-3-0-4tb-suport-trans\/"]}]},{"@type":"BreadcrumbList","@id":"https:\/\/comerciallin.com\/index.php\/producto\/enclousure-2-5-usb-3-0-4tb-suport-trans\/#breadcrumb","itemListElement":[{"@type":"ListItem","position":1,"name":"Inicio","item":"https:\/\/comerciallin.com\/"},{"@type":"ListItem","position":2,"name":"Shop","item":"https:\/\/comerciallin.com\/?page_id=3853"},{"@type":"ListItem","position":3,"name":"ENCLOUSURE 2.5&#8243; USB 3.0 4TB SUPORT TRANS"}]}]},"product_price_amount":"17.25","product_price_currency":"USD","og_availability":"instock","product_availability":"instock","product_retailer_item_id":"443030100802","product_condition":"new"},"jetpack-related-posts":[{"id":18781,"url":"https:\/\/comerciallin.com\/index.php\/producto\/adaptador-usb-3-0-a-sata\/","url_meta":{"origin":18892,"position":0},"title":"ADAPTADOR USB 3.0 A SATA","date":"7 de noviembre de 2022","format":false,"excerpt":"Material pl\u00e1stico Color Negro Disco duro SATA de 2.5\u00a0 Interfaz interna SATA Interfaz externa USB 3.0 y USB 2.0 Conecta y reproduce Capacidad de 2TB Compatible con: Windows Me \/ XP \/ Vista \/ 7 \/ 8 \/ 10 \/Mac9.1 anterior \/ 10.2 anterior; Linux","rel":"","context":"Entrada similar","img":{"alt_text":"ADAPTADOR USB 3.0 A SATA","src":"https:\/\/i0.wp.com\/comerciallin.com\/wp-content\/uploads\/2023\/02\/214030120605.jpg?fit=992%2C744&ssl=1&resize=350%2C200","width":350,"height":200},"classes":[]},{"id":22495,"url":"https:\/\/comerciallin.com\/index.php\/producto\/enclosure-2-5-usb-3-0\/","url_meta":{"origin":18892,"position":1},"title":"ENCLOSURE 2.5&#8243; USB 3.0","date":"19 de abril de 2023","format":false,"excerpt":"Modelo: carcasa HDD externa Interfaz de salida: TYPE-A USB 3,0 Interfaz interior: 2,5 SATA Colores: plata, negro Garant\u00eda: Garant\u00eda de 1 a\u00f1o Apoyo:Disco duro SATA HDD 2,5","rel":"","context":"Entrada similar","img":{"alt_text":"","src":"","width":0,"height":0},"classes":[]},{"id":22493,"url":"https:\/\/comerciallin.com\/index.php\/producto\/enclosure-3-5-usb-3-0\/","url_meta":{"origin":18892,"position":2},"title":"ENCLOSURE DISCO 3.5&#8243; USB 3.0","date":"19 de abril de 2023","format":false,"excerpt":"Interfaz de hardware USB, USB 2.0 Dispositivos compatibles Computadora personal Factor de forma de disco duro de 3,5 pulgadas","rel":"","context":"Entrada similar","img":{"alt_text":"","src":"","width":0,"height":0},"classes":[]},{"id":19697,"url":"https:\/\/comerciallin.com\/index.php\/producto\/expansor-pci-pata-tarjeta-de-video\/","url_meta":{"origin":18892,"position":3},"title":"EXPANSOR PCI PATA TARJETA DE VIDEO","date":"7 de noviembre de 2022","format":false,"excerpt":"Tarjeta adaptadora con alimentaci\u00f3n vertical PCIe 1X a 16X, elevadores de GPU PCI-E 8 condensadores para miner\u00eda de monedas Bitcoin Litecoin ETH con extensi\u00f3n de gr\u00e1ficos LED+cable 60cmUSB 3.0 y cable de alimentaci\u00f3n SATA de 6 pines","rel":"","context":"Entrada similar","img":{"alt_text":"","src":"","width":0,"height":0},"classes":[]},{"id":22479,"url":"https:\/\/comerciallin.com\/index.php\/producto\/hdd-all-in-one-double-dock\/","url_meta":{"origin":18892,"position":4},"title":"HDD ALL IN ONE DOUBLE DOCK","date":"19 de abril de 2023","format":false,"excerpt":"Sin herramientas, plug and play USB3.0, transferencia de datos m\u00e1s r\u00e1pida, velocidad de transmisi\u00f3n de 6 Gbps Admite 2,5\/3,5 pulgadas SATA\/IDE HDD\/SSD, la expansi\u00f3n del almacenamiento es m\u00e1s conveniente y conveniente Tarjeta TF\/SD Con una fuente de alimentaci\u00f3n de 12V \/ 2A","rel":"","context":"Entrada similar","img":{"alt_text":"","src":"","width":0,"height":0},"classes":[]},{"id":19213,"url":"https:\/\/comerciallin.com\/index.php\/producto\/disco-duro-480gb-solido-gigabyte-2-5-sata\/","url_meta":{"origin":18892,"position":5},"title":"DISCO DURO 480GB SOLIDO GIGABYTE 2.5&#8243; SATA","date":"7 de noviembre de 2022","format":false,"excerpt":"Factor de forma: SSD interno de 2,5 pulgadas Interfaz: SATA 6.0Gb\/s Capacidad total: 480 GB* Garant\u00eda: Limitada de 1 a\u00f1os Velocidad de lectura secuencial: hasta 550 MB\/s** Velocidad de escritura secuencial: hasta 480 MB\/s** Compatibilidad con TRIM y S.M.A.R.T.","rel":"","context":"Entrada similar","img":{"alt_text":"","src":"","width":0,"height":0},"classes":[]}],"jetpack_sharing_enabled":true,"jetpack_likes_enabled":true,"_links":{"self":[{"href":"https:\/\/comerciallin.com\/index.php\/wp-json\/wp\/v2\/product\/18892"}],"collection":[{"href":"https:\/\/comerciallin.com\/index.php\/wp-json\/wp\/v2\/product"}],"about":[{"href":"https:\/\/comerciallin.com\/index.php\/wp-json\/wp\/v2\/types\/product"}],"replies":[{"embeddable":true,"href":"https:\/\/comerciallin.com\/index.php\/wp-json\/wp\/v2\/comments?post=18892"}],"wp:featuredmedia":[{"embeddable":true,"href":"https:\/\/comerciallin.com\/index.php\/wp-json\/wp\/v2\/media\/21878"}],"wp:attachment":[{"href":"https:\/\/comerciallin.com\/index.php\/wp-json\/wp\/v2\/media?parent=18892"}],"wp:term":[{"taxonomy":"product_cat","embeddable":true,"href":"https:\/\/comerciallin.com\/index.php\/wp-json\/wp\/v2\/product_cat?post=18892"},{"taxonomy":"product_tag","embeddable":true,"href":"https:\/\/comerciallin.com\/index.php\/wp-json\/wp\/v2\/product_tag?post=18892"}],"curies":[{"name":"wp","href":"https:\/\/api.w.org\/{rel}","templated":true}]}}